CRAN Package Check Results for Package pROC

Last updated on 2017-06-27 04:48:28.

Flavor Version Tinstall Tcheck Ttotal Status Flags
r-devel-linux-x86_64-debian-clang 1.10.0 13.99 54.06 68.05 NOTE
r-devel-linux-x86_64-debian-gcc 1.10.0 14.31 53.40 67.71 NOTE
r-devel-linux-x86_64-fedora-clang 1.10.0 130.94 NOTE
r-devel-linux-x86_64-fedora-gcc 1.10.0 124.52 NOTE
r-devel-windows-ix86+x86_64 1.10.0 58.00 130.00 188.00 OK
r-patched-linux-x86_64 1.10.0 14.07 53.74 67.82 NOTE
r-patched-solaris-sparc 1.10.0 686.80 NOTE
r-patched-solaris-x86 1.10.0 140.70 NOTE
r-release-linux-x86_64 1.10.0 14.34 53.54 67.87 NOTE
r-release-windows-ix86+x86_64 1.10.0 41.00 180.00 221.00 OK
r-release-osx-x86_64 1.10.0 OK
r-oldrel-windows-ix86+x86_64 1.10.0 57.00 139.00 196.00 OK
r-oldrel-osx-x86_64 1.10.0 OK

Check Details

Version: 1.10.0
Check: S3 generic/method consistency
Result: NOTE
    Found the following apparent S3 methods exported but not registered:
     ci.auc ci.coords ci.se ci.sp ci.thresholds roc.test
    See section ‘Registering S3 methods’ in the ‘Writing R Extensions’
    manual.
Flavors: r-devel-linux-x86_64-debian-clang, r-devel-linux-x86_64-debian-gcc, r-devel-linux-x86_64-fedora-clang, r-devel-linux-x86_64-fedora-gcc, r-patched-linux-x86_64, r-patched-solaris-sparc, r-patched-solaris-x86, r-release-linux-x86_64

Version: 1.10.0
Check: package dependencies
Result: NOTE
    Package suggested but not available for checking: ‘microbenchmark’
Flavors: r-patched-solaris-sparc, r-patched-solaris-x86