CRAN Package Check Results for Package pROC

Last updated on 2014-11-23 09:50:19.

Flavor Version Tinstall Tcheck Ttotal Status Flags
r-devel-linux-x86_64-debian-clang 1.7.3 10.48 35.92 46.40 OK
r-devel-linux-x86_64-debian-gcc 1.7.3 11.40 35.74 47.14 OK
r-devel-linux-x86_64-fedora-clang 1.7.3 97.72 OK
r-devel-linux-x86_64-fedora-gcc 1.7.3 87.54 OK
r-devel-osx-x86_64-clang 1.7.3 79.61 OK
r-devel-windows-ix86+x86_64 1.7.3 36.00 75.00 111.00 NOTE
r-patched-linux-x86_64 1.7.3 10.82 36.57 47.39 OK
r-patched-solaris-sparc 1.7.3 499.00 NOTE
r-patched-solaris-x86 1.7.3 110.70 OK
r-release-linux-ix86 1.7.3 12.54 44.93 57.47 OK
r-release-linux-x86_64 1.7.3 10.32 36.57 46.90 OK
r-release-osx-x86_64-mavericks 1.7.3 OK
r-release-osx-x86_64-snowleopard 1.7.3 OK
r-release-windows-ix86+x86_64 1.7.3 39.00 79.00 118.00 NOTE
r-oldrel-windows-ix86+x86_64 1.7.3 35.00 89.00 124.00 NOTE

Check Details

Version: 1.7.3
Check: package dependencies
Result: NOTE
    Package suggested but not available for checking: 'doMC'
Flavors: r-devel-windows-ix86+x86_64, r-release-windows-ix86+x86_64, r-oldrel-windows-ix86+x86_64

Version: 1.7.3
Check: package dependencies
Result: NOTE
    Package suggested but not available for checking: ‘microbenchmark’
Flavor: r-patched-solaris-sparc