CRAN Package Check Results for Package pROC

Last updated on 2017-02-23 07:47:55.

Flavor Version Tinstall Tcheck Ttotal Status Flags
r-devel-linux-x86_64-debian-clang 1.9.1 11.87 42.08 53.95 NOTE
r-devel-linux-x86_64-debian-gcc 1.9.1 11.65 40.82 52.48 NOTE
r-devel-linux-x86_64-fedora-clang 1.9.1 103.77 NOTE --no-stop-on-test-error
r-devel-linux-x86_64-fedora-gcc 1.9.1 94.22 NOTE --no-stop-on-test-error
r-devel-macos-x86_64-clang 1.9.1 77.39 NOTE --no-stop-on-test-error
r-devel-windows-ix86+x86_64 1.9.1 50.00 132.00 182.00 OK
r-patched-linux-x86_64 1.9.1 9.71 36.69 46.41 NOTE
r-patched-solaris-sparc 1.9.1 490.20 NOTE
r-patched-solaris-x86 1.9.1 97.30 NOTE
r-release-linux-x86_64 1.9.1 10.17 36.15 46.33 NOTE
r-release-osx-x86_64-mavericks 1.9.1 OK
r-release-windows-ix86+x86_64 1.9.1 50.00 122.00 172.00 OK
r-oldrel-windows-ix86+x86_64 1.9.1 48.00 119.00 167.00 OK

Check Details

Version: 1.9.1
Check: S3 generic/method consistency
Result: NOTE
    Found the following apparent S3 methods exported but not registered:
     ci.auc ci.coords ci.se ci.sp ci.thresholds roc.test
    See section ‘Registering S3 methods’ in the ‘Writing R Extensions’
    manual.
Flavors: r-devel-linux-x86_64-debian-clang, r-devel-linux-x86_64-debian-gcc, r-patched-linux-x86_64, r-patched-solaris-sparc, r-patched-solaris-x86, r-release-linux-x86_64

Version: 1.9.1
Check: compiled code
Result: NOTE
    File ‘pROC/libs/pROC.so’:
     Found no calls to: ‘R_registerRoutines’, ‘R_useDynamicSymbols’
    
    It is good practice to register native routines and to disable symbol
    search.
    
    See ‘Writing portable packages’ in the ‘Writing R Extensions’ manual.
Flavors: r-devel-linux-x86_64-debian-clang, r-devel-linux-x86_64-debian-gcc

Version: 1.9.1
Flags: --no-stop-on-test-error
Check: S3 generic/method consistency
Result: NOTE
    Found the following apparent S3 methods exported but not registered:
     ci.auc ci.coords ci.se ci.sp ci.thresholds roc.test
    See section ‘Registering S3 methods’ in the ‘Writing R Extensions’
    manual.
Flavors: r-devel-linux-x86_64-fedora-clang, r-devel-linux-x86_64-fedora-gcc, r-devel-macos-x86_64-clang

Version: 1.9.1
Flags: --no-stop-on-test-error
Check: compiled code
Result: NOTE
    File ‘pROC/libs/pROC.so’:
     Found no calls to: ‘R_registerRoutines’, ‘R_useDynamicSymbols’
    
    It is good practice to register native routines and to disable symbol
    search.
    
    See ‘Writing portable packages’ in the ‘Writing R Extensions’ manual.
Flavors: r-devel-linux-x86_64-fedora-clang, r-devel-linux-x86_64-fedora-gcc, r-devel-macos-x86_64-clang

Version: 1.9.1
Check: package dependencies
Result: NOTE
    Package suggested but not available for checking: ‘microbenchmark’
Flavors: r-patched-solaris-sparc, r-patched-solaris-x86