CRAN Package Check Results for Package pROC

Last updated on 2017-10-17 14:46:44.

Flavor Version Tinstall Tcheck Ttotal Status Flags
r-devel-linux-x86_64-debian-clang 1.10.0 13.86 56.11 69.97 NOTE
r-devel-linux-x86_64-debian-gcc 1.10.0 15.21 58.77 73.98 NOTE
r-devel-linux-x86_64-fedora-clang 1.10.0 133.91 NOTE
r-devel-linux-x86_64-fedora-gcc 1.10.0 129.83 NOTE
r-devel-windows-ix86+x86_64 1.10.0 40.00 145.00 185.00 OK
r-patched-linux-x86_64 1.10.0 14.63 52.68 67.30 NOTE
r-patched-solaris-x86 1.10.0 143.30 NOTE
r-release-linux-x86_64 1.10.0 14.25 53.34 67.59 NOTE
r-release-windows-ix86+x86_64 1.10.0 57.00 174.00 231.00 OK
r-release-osx-x86_64 1.10.0 OK
r-oldrel-windows-ix86+x86_64 1.10.0 59.00 169.00 228.00 OK
r-oldrel-osx-x86_64 1.10.0 OK

Check Details

Version: 1.10.0
Check: S3 generic/method consistency
Result: NOTE
    Found the following apparent S3 methods exported but not registered:
     ci.auc ci.coords ci.se ci.sp ci.thresholds roc.test
    See section ‘Registering S3 methods’ in the ‘Writing R Extensions’
    manual.
Flavors: r-devel-linux-x86_64-debian-clang, r-devel-linux-x86_64-debian-gcc, r-devel-linux-x86_64-fedora-clang, r-devel-linux-x86_64-fedora-gcc, r-patched-linux-x86_64, r-patched-solaris-x86, r-release-linux-x86_64

Version: 1.10.0
Check: package dependencies
Result: NOTE
    Package suggested but not available for checking: ‘microbenchmark’
Flavor: r-patched-solaris-x86