CRAN Package Check Results for Package pROC

Last updated on 2015-04-25 15:46:19.

Flavor Version Tinstall Tcheck Ttotal Status Flags
r-devel-linux-x86_64-debian-clang 1.7.3 10.17 34.33 44.50 NOTE
r-devel-linux-x86_64-debian-gcc 1.7.3 10.44 33.31 43.76 NOTE
r-devel-linux-x86_64-fedora-clang 1.7.3 91.29 NOTE
r-devel-linux-x86_64-fedora-gcc 1.7.3 80.41 NOTE
r-devel-osx-x86_64-clang 1.7.3 73.25 NOTE
r-devel-windows-ix86+x86_64 1.7.3 41.00 76.00 117.00 NOTE
r-patched-linux-x86_64 1.7.3 10.55 33.28 43.84 NOTE
r-patched-solaris-sparc 1.7.3 511.50 NOTE
r-patched-solaris-x86 1.7.3 100.40 NOTE
r-release-linux-x86_64 1.7.3 10.49 32.38 42.87 NOTE
r-release-osx-x86_64-mavericks 1.7.3 NOTE
r-release-osx-x86_64-snowleopard 1.7.3 NOTE
r-release-windows-ix86+x86_64 1.7.3 44.00 76.00 120.00 NOTE
r-oldrel-windows-ix86+x86_64 1.7.3 38.00 78.00 116.00 NOTE

Check Details

Version: 1.7.3
Check: package dependencies
Result: NOTE
    Package suggested but not available for checking: 'doMC'
Flavors: r-devel-windows-ix86+x86_64, r-release-windows-ix86+x86_64, r-oldrel-windows-ix86+x86_64

Version: 1.7.3
Check: dependencies in R code
Result: NOTE
    'library' or 'require' calls in package code:
     'MASS' 'logcondens' 'microbenchmark' 'tcltk'
     Please use :: or requireNamespace() instead.
     See section 'Suggested packages' in the 'Writing R Extensions' manual.
Flavors: r-devel-windows-ix86+x86_64, r-release-windows-ix86+x86_64, r-oldrel-windows-ix86+x86_64