CRAN Package Check Results for Package pROC

Last updated on 2015-03-04 00:47:16.

Flavor Version Tinstall Tcheck Ttotal Status Flags
r-devel-linux-x86_64-debian-clang 1.7.3 9.55 33.76 43.31 NOTE
r-devel-linux-x86_64-debian-gcc 1.7.3 10.33 32.31 42.64 NOTE
r-devel-linux-x86_64-fedora-clang 1.7.3 89.48 NOTE
r-devel-linux-x86_64-fedora-gcc 1.7.3 80.60 NOTE
r-devel-osx-x86_64-clang 1.7.3 75.80 NOTE
r-devel-windows-ix86+x86_64 1.7.3 39.00 74.00 113.00 NOTE
r-patched-linux-x86_64 1.7.3 10.54 37.25 47.79 NOTE
r-patched-solaris-sparc 1.7.3 570.50 NOTE
r-patched-solaris-x86 1.7.3 113.50 NOTE
r-release-linux-ix86 1.7.3 12.75 46.24 58.99 OK
r-release-linux-x86_64 1.7.3 11.09 37.95 49.04 OK
r-release-osx-x86_64-mavericks 1.7.3 OK
r-release-osx-x86_64-snowleopard 1.7.3 OK
r-release-windows-ix86+x86_64 1.7.3 57.00 112.00 169.00 NOTE
r-oldrel-windows-ix86+x86_64 1.7.3 41.00 86.00 127.00 NOTE

Check Details

Version: 1.7.3
Check: dependencies in R code
Result: NOTE
    'library' or 'require' calls in package code:
     ‘MASS’ ‘logcondens’ ‘microbenchmark’ ‘tcltk’
     Please use :: or requireNamespace() instead.
     See section 'Suggested packages' in the 'Writing R Extensions' manual.
Flavors: r-devel-linux-x86_64-debian-clang, r-devel-linux-x86_64-debian-gcc, r-devel-linux-x86_64-fedora-clang, r-devel-linux-x86_64-fedora-gcc, r-devel-osx-x86_64-clang, r-devel-windows-ix86+x86_64, r-patched-linux-x86_64, r-patched-solaris-sparc, r-patched-solaris-x86

Version: 1.7.3
Check: S3 generic/method consistency
Result: NOTE
    Found the following apparent S3 methods exported but not registered:
     Math.auc Math.ci Math.ci.auc Math.ci.coords Math.ci.se Math.ci.sp
     Ops.auc Ops.ci Ops.ci.auc Ops.ci.coords Ops.ci.se Ops.ci.sp
     are.paired.auc are.paired.roc are.paired.smooth.roc auc.default
     auc.formula auc.multiclass.roc auc.roc auc.smooth.roc ci.auc
     ci.auc.auc ci.auc.auc ci.auc.default ci.auc.default ci.auc.formula
     ci.auc.formula ci.auc.roc ci.auc.roc ci.auc.smooth.roc
     ci.auc.smooth.roc ci.coords ci.coords.default ci.coords.default
     ci.coords.formula ci.coords.formula ci.coords.roc ci.coords.roc
     ci.coords.smooth.roc ci.coords.smooth.roc ci.default ci.formula
     ci.roc ci.se ci.se.default ci.se.default ci.se.formula ci.se.formula
     ci.se.roc ci.se.roc ci.se.smooth.roc ci.se.smooth.roc ci.smooth.roc
     ci.sp ci.sp.default ci.sp.default ci.sp.formula ci.sp.formula
     ci.sp.roc ci.sp.roc ci.sp.smooth.roc ci.sp.smooth.roc ci.thresholds
     ci.thresholds.default ci.thresholds.default ci.thresholds.formula
     ci.thresholds.formula ci.thresholds.roc ci.thresholds.roc
     ci.thresholds.smooth.roc ci.thresholds.smooth.roc coords.roc
     coords.smooth.roc cov.auc cov.default cov.roc cov.smooth.roc
     has.partial.auc.auc has.partial.auc.roc has.partial.auc.smooth.roc
     lines.roc lines.roc.default lines.roc.default lines.roc.formula
     lines.roc.formula lines.roc.roc lines.roc.roc lines.roc.smooth.roc
     lines.roc.smooth.roc lines.smooth.roc multiclass.roc.default
     multiclass.roc.formula plot.ci.se plot.ci.sp plot.ci.thresholds
     plot.roc plot.roc.default plot.roc.default plot.roc.formula
     plot.roc.formula plot.roc.roc plot.roc.roc plot.roc.smooth.roc
     plot.roc.smooth.roc plot.smooth.roc power.roc.test.list
     power.roc.test.numeric power.roc.test.roc print.auc print.ci.auc
     print.ci.coords print.ci.se print.ci.sp print.ci.thresholds
     print.multiclass.auc print.multiclass.roc print.roc print.smooth.roc
     roc.default roc.formula roc.test roc.test.auc roc.test.auc
     roc.test.default roc.test.default roc.test.formula roc.test.formula
     roc.test.roc roc.test.roc roc.test.smooth.roc roc.test.smooth.roc
     smooth.default smooth.roc smooth.smooth.roc var.auc var.default
     var.roc var.smooth.roc
    See section ‘Registering S3 methods’ in the ‘Writing R Extensions’
    manual.
Flavors: r-devel-linux-x86_64-debian-clang, r-devel-linux-x86_64-debian-gcc, r-devel-linux-x86_64-fedora-clang, r-devel-linux-x86_64-fedora-gcc, r-devel-osx-x86_64-clang

Version: 1.7.3
Check: package dependencies
Result: NOTE
    Package suggested but not available for checking: 'doMC'
Flavors: r-devel-windows-ix86+x86_64, r-release-windows-ix86+x86_64, r-oldrel-windows-ix86+x86_64

Version: 1.7.3
Check: package dependencies
Result: NOTE
    Package suggested but not available for checking: ‘microbenchmark’
Flavor: r-patched-solaris-sparc