CRAN Package Check Results for Package pROC

Last updated on 2014-07-28 03:49:08.

Flavor Version Tinstall Tcheck Ttotal Status Flags
r-devel-linux-x86_64-debian-clang 1.7.3 9.84 36.82 46.66 OK
r-devel-linux-x86_64-debian-gcc 1.7.3 10.41 36.08 46.49 OK
r-devel-linux-x86_64-fedora-clang 1.7.3 102.56 OK
r-devel-linux-x86_64-fedora-gcc 1.7.3 89.68 OK
r-devel-osx-x86_64-clang 1.7.3 84.62 OK
r-devel-windows-ix86+x86_64 1.7.3 40.00 77.00 117.00 NOTE
r-patched-linux-x86_64 1.7.3 10.76 37.24 48.00 OK
r-patched-solaris-sparc 1.7.3 502.10 OK
r-patched-solaris-x86 1.7.3 114.80 OK
r-release-linux-ix86 1.7.3 12.83 47.82 60.65 OK
r-release-linux-x86_64 1.7.3 10.47 37.28 47.75 OK
r-release-osx-x86_64-mavericks 1.7.3 OK
r-release-osx-x86_64-snowleopard 1.7.3 OK
r-release-windows-ix86+x86_64 1.7.3 38.00 81.00 119.00 NOTE
r-oldrel-windows-ix86+x86_64 1.7.3 39.00 89.00 128.00 NOTE

Check Details

Version: 1.7.3
Check: package dependencies
Result: NOTE
    Package suggested but not available for checking: 'doMC'
Flavors: r-devel-windows-ix86+x86_64, r-release-windows-ix86+x86_64, r-oldrel-windows-ix86+x86_64