CRAN Package Check Results for Package pROC

Last updated on 2014-12-20 16:49:06.

Flavor Version Tinstall Tcheck Ttotal Status Flags
r-devel-linux-x86_64-debian-clang 1.7.3 9.39 35.83 45.22 OK
r-devel-linux-x86_64-debian-gcc 1.7.3 10.24 35.01 45.25 OK
r-devel-linux-x86_64-fedora-clang 1.7.3 97.13 OK
r-devel-linux-x86_64-fedora-gcc 1.7.3 82.12 OK
r-devel-osx-x86_64-clang 1.7.3 80.77 OK
r-devel-windows-ix86+x86_64 1.7.3 34.00 71.00 105.00 NOTE
r-patched-linux-x86_64 1.7.3 10.47 36.80 47.27 OK
r-patched-solaris-sparc 1.7.3 499.00 NOTE
r-patched-solaris-x86 1.7.3 112.20 OK
r-release-linux-ix86 1.7.3 12.43 44.84 57.27 OK
r-release-linux-x86_64 1.7.3 10.56 37.32 47.88 OK
r-release-osx-x86_64-mavericks 1.7.3 OK
r-release-osx-x86_64-snowleopard 1.7.3 OK
r-release-windows-ix86+x86_64 1.7.3 42.00 84.00 126.00 NOTE
r-oldrel-windows-ix86+x86_64 1.7.3 39.00 95.00 134.00 NOTE

Check Details

Version: 1.7.3
Check: package dependencies
Result: NOTE
    Package suggested but not available for checking: 'doMC'
Flavors: r-devel-windows-ix86+x86_64, r-release-windows-ix86+x86_64, r-oldrel-windows-ix86+x86_64

Version: 1.7.3
Check: package dependencies
Result: NOTE
    Package suggested but not available for checking: ‘microbenchmark’
Flavor: r-patched-solaris-sparc