CRAN Package Check Results for Package pROC

Last updated on 2015-05-22 19:48:14.

Flavor Version Tinstall Tcheck Ttotal Status Flags
r-devel-linux-x86_64-debian-clang 1.8 10.24 33.97 44.21 NOTE
r-devel-linux-x86_64-debian-gcc 1.8 10.87 33.38 44.25 NOTE
r-devel-linux-x86_64-fedora-clang 1.8 89.09 NOTE
r-devel-linux-x86_64-fedora-gcc 1.8 80.32 NOTE
r-devel-osx-x86_64-clang 1.8 73.19 NOTE
r-devel-windows-ix86+x86_64 1.8 54.00 68.00 122.00 OK
r-patched-linux-x86_64 1.8 10.68 33.30 43.98 NOTE
r-patched-solaris-sparc 1.8 526.80 NOTE
r-patched-solaris-x86 1.8 109.40 NOTE
r-release-linux-x86_64 1.8 10.74 33.58 44.32 NOTE
r-release-osx-x86_64-mavericks 1.8 OK
r-release-osx-x86_64-snowleopard 1.8 OK
r-release-windows-ix86+x86_64 1.8 45.00 66.00 111.00 OK
r-oldrel-windows-ix86+x86_64 1.8 41.00 77.00 118.00 OK

Check Details

Version: 1.8
Check: S3 generic/method consistency
Result: NOTE
    Found the following apparent S3 methods exported but not registered:
     ci.auc ci.coords ci.se ci.sp ci.thresholds roc.test
    See section ‘Registering S3 methods’ in the ‘Writing R Extensions’
    manual.
Flavors: r-devel-linux-x86_64-debian-clang, r-devel-linux-x86_64-debian-gcc, r-devel-linux-x86_64-fedora-clang, r-devel-linux-x86_64-fedora-gcc, r-devel-osx-x86_64-clang, r-patched-linux-x86_64, r-patched-solaris-sparc, r-patched-solaris-x86, r-release-linux-x86_64

Version: 1.8
Check: package dependencies
Result: NOTE
    Package suggested but not available for checking: ‘microbenchmark’
Flavor: r-patched-solaris-sparc