CRAN Package Check Results for Package pROC

Last updated on 2017-03-29 23:53:23.

Flavor Version Tinstall Tcheck Ttotal Status Flags
r-devel-linux-x86_64-debian-clang 1.9.1 12.78 41.83 54.61 NOTE
r-devel-linux-x86_64-debian-gcc 1.9.1 11.47 40.61 52.09 NOTE
r-devel-linux-x86_64-fedora-clang 1.9.1 102.50 NOTE --no-stop-on-test-error
r-devel-linux-x86_64-fedora-gcc 1.9.1 92.94 NOTE --no-stop-on-test-error
r-devel-macos-x86_64-clang 1.9.1 76.72 NOTE --no-stop-on-test-error
r-devel-windows-ix86+x86_64 1.9.1 37.00 142.00 179.00 OK
r-patched-linux-x86_64 1.9.1 9.81 40.86 50.67 NOTE
r-patched-solaris-sparc 1.9.1 557.20 NOTE
r-patched-solaris-x86 1.9.1 109.00 NOTE
r-release-linux-x86_64 1.9.1 9.98 36.47 46.45 NOTE
r-release-osx-x86_64-mavericks 1.9.1 OK
r-release-windows-ix86+x86_64 1.9.1 77.00 89.00 166.00 OK
r-oldrel-windows-ix86+x86_64 1.9.1 71.00 116.00 187.00 OK

Check Details

Version: 1.9.1
Check: S3 generic/method consistency
Result: NOTE
    Found the following apparent S3 methods exported but not registered:
     ci.auc ci.coords ci.se ci.sp ci.thresholds roc.test
    See section ‘Registering S3 methods’ in the ‘Writing R Extensions’
    manual.
Flavors: r-devel-linux-x86_64-debian-clang, r-devel-linux-x86_64-debian-gcc, r-patched-linux-x86_64, r-patched-solaris-sparc, r-patched-solaris-x86, r-release-linux-x86_64

Version: 1.9.1
Check: compiled code
Result: NOTE
    File ‘pROC/libs/pROC.so’:
     Found no calls to: ‘R_registerRoutines’, ‘R_useDynamicSymbols’
    
    It is good practice to register native routines and to disable symbol
    search.
    
    See ‘Writing portable packages’ in the ‘Writing R Extensions’ manual.
Flavors: r-devel-linux-x86_64-debian-clang, r-devel-linux-x86_64-debian-gcc, r-patched-linux-x86_64

Version: 1.9.1
Flags: --no-stop-on-test-error
Check: S3 generic/method consistency
Result: NOTE
    Found the following apparent S3 methods exported but not registered:
     ci.auc ci.coords ci.se ci.sp ci.thresholds roc.test
    See section ‘Registering S3 methods’ in the ‘Writing R Extensions’
    manual.
Flavors: r-devel-linux-x86_64-fedora-clang, r-devel-linux-x86_64-fedora-gcc, r-devel-macos-x86_64-clang

Version: 1.9.1
Flags: --no-stop-on-test-error
Check: compiled code
Result: NOTE
    File ‘pROC/libs/pROC.so’:
     Found no calls to: ‘R_registerRoutines’, ‘R_useDynamicSymbols’
    
    It is good practice to register native routines and to disable symbol
    search.
    
    See ‘Writing portable packages’ in the ‘Writing R Extensions’ manual.
Flavors: r-devel-linux-x86_64-fedora-clang, r-devel-linux-x86_64-fedora-gcc, r-devel-macos-x86_64-clang

Version: 1.9.1
Check: package dependencies
Result: NOTE
    Package suggested but not available for checking: ‘microbenchmark’
Flavors: r-patched-solaris-sparc, r-patched-solaris-x86