CRAN Package Check Results for Package pROC

Last updated on 2015-01-30 14:48:56.

Flavor Version Tinstall Tcheck Ttotal Status Flags
r-devel-linux-x86_64-debian-clang 1.7.3 9.71 33.78 43.48 NOTE
r-devel-linux-x86_64-debian-gcc 1.7.3 10.34 33.65 43.99 NOTE
r-devel-linux-x86_64-fedora-clang 1.7.3 91.58 NOTE
r-devel-linux-x86_64-fedora-gcc 1.7.3 86.94 NOTE
r-devel-osx-x86_64-clang 1.7.3 77.79 NOTE
r-devel-windows-ix86+x86_64 1.7.3 54.00 69.00 123.00 NOTE
r-patched-linux-x86_64 1.7.3 11.22 37.56 48.78 OK
r-patched-solaris-sparc 1.7.3 570.20 NOTE
r-patched-solaris-x86 1.7.3 114.70 OK
r-release-linux-ix86 1.7.3 12.92 44.91 57.83 OK
r-release-linux-x86_64 1.7.3 10.91 36.77 47.68 OK
r-release-osx-x86_64-mavericks 1.7.3 OK
r-release-osx-x86_64-snowleopard 1.7.3 OK
r-release-windows-ix86+x86_64 1.7.3 41.00 82.00 123.00 NOTE
r-oldrel-windows-ix86+x86_64 1.7.3 40.00 91.00 131.00 NOTE

Check Details

Version: 1.7.3
Check: dependencies in R code
Result: NOTE
    'library' or 'require' calls in package code:
     ‘MASS’ ‘logcondens’ ‘microbenchmark’ ‘tcltk’
     Please use :: or requireNamespace() instead.
     See section 'Suggested packages' in the 'Writing R Extensions' manual.
Flavors: r-devel-linux-x86_64-debian-clang, r-devel-linux-x86_64-debian-gcc, r-devel-linux-x86_64-fedora-clang, r-devel-linux-x86_64-fedora-gcc, r-devel-osx-x86_64-clang, r-devel-windows-ix86+x86_64

Version: 1.7.3
Check: S3 generic/method consistency
Result: NOTE
    Found the following apparent S3 methods exported but not registered:
     are.paired.auc are.paired.roc are.paired.smooth.roc auc.default
     auc.formula auc.multiclass.roc auc.roc auc.smooth.roc ci.auc
     ci.auc.auc ci.auc.default ci.auc.formula ci.auc.roc ci.auc.smooth.roc
     ci.coords ci.coords.default ci.coords.formula ci.coords.roc
     ci.coords.smooth.roc ci.default ci.formula ci.roc ci.se ci.se.default
     ci.se.formula ci.se.roc ci.se.smooth.roc ci.smooth.roc ci.sp
     ci.sp.default ci.sp.formula ci.sp.roc ci.sp.smooth.roc ci.thresholds
     ci.thresholds.default ci.thresholds.formula ci.thresholds.roc
     ci.thresholds.smooth.roc ci.auc.auc ci.auc.default ci.auc.formula
     ci.auc.roc ci.auc.smooth.roc ci.coords.default ci.coords.formula
     ci.coords.roc ci.coords.smooth.roc ci.se.default ci.se.formula
     ci.se.roc ci.se.smooth.roc ci.sp.default ci.sp.formula ci.sp.roc
     ci.sp.smooth.roc ci.thresholds.default ci.thresholds.formula
     ci.thresholds.roc ci.thresholds.smooth.roc coords.roc
     coords.smooth.roc cov.auc cov.default cov.roc cov.smooth.roc
     has.partial.auc.auc has.partial.auc.roc has.partial.auc.smooth.roc
     lines.roc.default lines.roc.formula lines.roc.roc
     lines.roc.smooth.roc multiclass.roc.default multiclass.roc.formula
     plot.roc.default plot.roc.formula plot.roc.roc plot.roc.smooth.roc
     power.roc.test.list power.roc.test.numeric power.roc.test.roc
     roc.default roc.formula roc.test roc.test.auc roc.test.default
     roc.test.formula roc.test.roc roc.test.smooth.roc roc.test.auc
     roc.test.default roc.test.formula roc.test.roc roc.test.smooth.roc
     smooth.default smooth.roc smooth.smooth.roc var.auc var.default
     var.roc var.smooth.roc print.auc print.ci.auc print.ci.coords
     print.ci.se print.ci.sp print.ci.thresholds print.multiclass.auc
     print.multiclass.roc print.roc print.smooth.roc lines.roc
     lines.roc.default lines.roc.formula lines.roc.roc
     lines.roc.smooth.roc lines.smooth.roc plot.ci.se plot.ci.sp
     plot.ci.thresholds plot.roc plot.roc.default plot.roc.formula
     plot.roc.roc plot.roc.smooth.roc plot.smooth.roc Ops.auc Ops.ci
     Ops.ci.auc Ops.ci.coords Ops.ci.se Ops.ci.sp Math.auc Math.ci
     Math.ci.auc Math.ci.coords Math.ci.se Math.ci.sp
    See section ‘Registering S3 methods’ in the ‘Writing R Extensions’
    manual.
Flavors: r-devel-linux-x86_64-debian-clang, r-devel-linux-x86_64-debian-gcc, r-devel-linux-x86_64-fedora-clang, r-devel-linux-x86_64-fedora-gcc, r-devel-osx-x86_64-clang

Version: 1.7.3
Check: package dependencies
Result: NOTE
    Package suggested but not available for checking: 'doMC'
Flavors: r-devel-windows-ix86+x86_64, r-release-windows-ix86+x86_64, r-oldrel-windows-ix86+x86_64

Version: 1.7.3
Check: package dependencies
Result: NOTE
    Package suggested but not available for checking: ‘microbenchmark’
Flavor: r-patched-solaris-sparc