CRAN Package Check Results for Package pROC

Last updated on 2017-12-11 08:48:52 CET.

Flavor Version Tinstall Tcheck Ttotal Status Flags
r-devel-linux-x86_64-debian-clang 1.10.0 19.10 73.71 92.81 NOTE
r-devel-linux-x86_64-debian-gcc 1.10.0 15.13 64.55 79.68 NOTE
r-devel-linux-x86_64-fedora-clang 1.10.0 124.11 NOTE
r-devel-linux-x86_64-fedora-gcc 1.10.0 119.07 NOTE
r-devel-windows-ix86+x86_64 1.10.0 56.00 131.00 187.00 OK
r-patched-linux-x86_64 1.10.0 19.87 85.45 105.32 NOTE
r-patched-solaris-x86 1.10.0 141.60 NOTE
r-release-linux-x86_64 1.10.0 19.99 84.07 104.06 NOTE
r-release-windows-ix86+x86_64 1.10.0 41.00 140.00 181.00 OK
r-release-osx-x86_64 1.10.0 OK
r-oldrel-windows-ix86+x86_64 1.10.0 56.00 154.00 210.00 OK
r-oldrel-osx-x86_64 1.10.0 OK

Check Details

Version: 1.10.0
Check: S3 generic/method consistency
Result: NOTE
    Found the following apparent S3 methods exported but not registered:
     ci.auc ci.coords ci.se ci.sp ci.thresholds roc.test
    See section ‘Registering S3 methods’ in the ‘Writing R Extensions’
    manual.
Flavors: r-devel-linux-x86_64-debian-clang, r-devel-linux-x86_64-debian-gcc, r-devel-linux-x86_64-fedora-clang, r-devel-linux-x86_64-fedora-gcc, r-patched-linux-x86_64, r-patched-solaris-x86, r-release-linux-x86_64

Version: 1.10.0
Check: package dependencies
Result: NOTE
    Package suggested but not available for checking: ‘microbenchmark’
Flavor: r-patched-solaris-x86