CRAN Package Check Results for Package pROC

Last updated on 2014-08-28 14:47:36.

Flavor Version Tinstall Tcheck Ttotal Status Flags
r-devel-linux-x86_64-debian-clang 1.7.3 9.61 34.71 44.32 OK
r-devel-linux-x86_64-debian-gcc 1.7.3 10.55 33.96 44.50 OK
r-devel-linux-x86_64-fedora-clang 1.7.3 94.76 OK
r-devel-linux-x86_64-fedora-gcc 1.7.3 88.97 OK
r-devel-osx-x86_64-clang 1.7.3 76.27 OK
r-devel-windows-ix86+x86_64 1.7.3 38.00 74.00 112.00 NOTE
r-patched-linux-x86_64 1.7.3 10.52 38.17 48.69 OK
r-patched-solaris-sparc 1.7.3 499.00 NOTE
r-patched-solaris-x86 1.7.3 119.80 NOTE
r-release-linux-ix86 1.7.3 12.88 47.91 60.79 OK
r-release-linux-x86_64 1.7.3 10.41 36.67 47.08 OK
r-release-osx-x86_64-mavericks 1.7.3 OK
r-release-osx-x86_64-snowleopard 1.7.3 OK
r-release-windows-ix86+x86_64 1.7.3 37.00 77.00 114.00 NOTE
r-oldrel-windows-ix86+x86_64 1.7.3 38.00 84.00 122.00 NOTE

Check Details

Version: 1.7.3
Check: package dependencies
Result: NOTE
    Package suggested but not available for checking: 'doMC'
Flavors: r-devel-windows-ix86+x86_64, r-release-windows-ix86+x86_64, r-oldrel-windows-ix86+x86_64

Version: 1.7.3
Check: package dependencies
Result: NOTE
    Package suggested but not available for checking: ‘microbenchmark’
Flavors: r-patched-solaris-sparc, r-patched-solaris-x86