CRAN Package Check Results for Package pROC

Last updated on 2017-05-24 05:50:18.

Flavor Version Tinstall Tcheck Ttotal Status Flags
r-devel-linux-x86_64-debian-clang 1.9.1 13.71 42.43 56.13 NOTE
r-devel-linux-x86_64-debian-gcc 1.9.1 13.55 41.27 54.82 NOTE
r-devel-linux-x86_64-fedora-clang 1.9.1 103.91 NOTE --no-stop-on-test-error
r-devel-linux-x86_64-fedora-gcc 1.9.1 99.04 NOTE --no-stop-on-test-error
r-devel-windows-ix86+x86_64 1.9.1 43.00 101.00 144.00 OK
r-patched-linux-x86_64 1.9.1 10.06 41.80 51.86 NOTE
r-patched-solaris-sparc 1.9.1 557.20 NOTE
r-patched-solaris-x86 1.9.1 112.80 NOTE --no-stop-on-test-error
r-release-linux-x86_64 1.9.1 11.81 40.56 52.37 NOTE
r-release-windows-ix86+x86_64 1.9.1 42.00 143.00 185.00 OK
r-release-osx-x86_64 1.9.1 OK
r-oldrel-windows-ix86+x86_64 1.9.1 52.00 106.00 158.00 OK
r-oldrel-osx-x86_64 1.9.1 OK

Check Details

Version: 1.9.1
Check: S3 generic/method consistency
Result: NOTE
    Found the following apparent S3 methods exported but not registered:
     ci.auc ci.coords ci.se ci.sp ci.thresholds roc.test
    See section ‘Registering S3 methods’ in the ‘Writing R Extensions’
    manual.
Flavors: r-devel-linux-x86_64-debian-clang, r-devel-linux-x86_64-debian-gcc, r-patched-linux-x86_64, r-patched-solaris-sparc, r-release-linux-x86_64

Version: 1.9.1
Check: compiled code
Result: NOTE
    File ‘pROC/libs/pROC.so’:
     Found no calls to: ‘R_registerRoutines’, ‘R_useDynamicSymbols’
    
    It is good practice to register native routines and to disable symbol
    search.
    
    See ‘Writing portable packages’ in the ‘Writing R Extensions’ manual.
Flavors: r-devel-linux-x86_64-debian-clang, r-devel-linux-x86_64-debian-gcc, r-patched-linux-x86_64, r-release-linux-x86_64

Version: 1.9.1
Flags: --no-stop-on-test-error
Check: S3 generic/method consistency
Result: NOTE
    Found the following apparent S3 methods exported but not registered:
     ci.auc ci.coords ci.se ci.sp ci.thresholds roc.test
    See section ‘Registering S3 methods’ in the ‘Writing R Extensions’
    manual.
Flavors: r-devel-linux-x86_64-fedora-clang, r-devel-linux-x86_64-fedora-gcc, r-patched-solaris-x86

Version: 1.9.1
Flags: --no-stop-on-test-error
Check: compiled code
Result: NOTE
    File ‘pROC/libs/pROC.so’:
     Found no calls to: ‘R_registerRoutines’, ‘R_useDynamicSymbols’
    
    It is good practice to register native routines and to disable symbol
    search.
    
    See ‘Writing portable packages’ in the ‘Writing R Extensions’ manual.
Flavors: r-devel-linux-x86_64-fedora-clang, r-devel-linux-x86_64-fedora-gcc

Version: 1.9.1
Check: package dependencies
Result: NOTE
    Package suggested but not available for checking: ‘microbenchmark’
Flavor: r-patched-solaris-sparc

Version: 1.9.1
Flags: --no-stop-on-test-error
Check: package dependencies
Result: NOTE
    Package suggested but not available for checking: ‘microbenchmark’
Flavor: r-patched-solaris-x86