CRAN Package Check Results for Package pROC

Last updated on 2014-10-21 10:49:37.

Flavor Version Tinstall Tcheck Ttotal Status Flags
r-devel-linux-x86_64-debian-clang 1.7.3 9.52 35.95 45.48 OK
r-devel-linux-x86_64-debian-gcc 1.7.3 10.39 35.16 45.55 OK
r-devel-linux-x86_64-fedora-clang 1.7.3 96.31 OK
r-devel-linux-x86_64-fedora-gcc 1.7.3 87.13 OK
r-devel-osx-x86_64-clang 1.7.3 81.99 OK
r-devel-windows-ix86+x86_64 1.7.3 34.00 72.00 106.00 NOTE
r-patched-linux-x86_64 1.7.3 10.30 36.84 47.14 OK
r-patched-solaris-sparc 1.7.3 499.00 NOTE
r-patched-solaris-x86 1.7.3 111.90 OK
r-release-linux-ix86 1.7.3 13.03 50.54 63.57 OK
r-release-linux-x86_64 1.7.3 10.51 39.02 49.53 OK
r-release-osx-x86_64-mavericks 1.7.3 OK
r-release-osx-x86_64-snowleopard 1.7.3 OK
r-release-windows-ix86+x86_64 1.7.3 37.00 87.00 124.00 NOTE
r-oldrel-windows-ix86+x86_64 1.7.3 39.00 87.00 126.00 NOTE

Check Details

Version: 1.7.3
Check: package dependencies
Result: NOTE
    Package suggested but not available for checking: 'doMC'
Flavors: r-devel-windows-ix86+x86_64, r-release-windows-ix86+x86_64, r-oldrel-windows-ix86+x86_64

Version: 1.7.3
Check: package dependencies
Result: NOTE
    Package suggested but not available for checking: ‘microbenchmark’
Flavor: r-patched-solaris-sparc