CRAN Package Check Results for Package pROC

Last updated on 2017-08-20 05:47:25.

Flavor Version Tinstall Tcheck Ttotal Status Flags
r-devel-linux-x86_64-debian-clang 1.10.0 13.99 53.93 67.92 NOTE
r-devel-linux-x86_64-debian-gcc 1.10.0 14.53 52.53 67.06 NOTE
r-devel-linux-x86_64-fedora-clang 1.10.0 128.35 NOTE
r-devel-linux-x86_64-fedora-gcc 1.10.0 124.21 NOTE
r-devel-windows-ix86+x86_64 1.10.0 44.00 135.00 179.00 OK
r-patched-linux-x86_64 1.10.0 14.30 53.61 67.91 NOTE
r-patched-solaris-x86 1.10.0 144.40 NOTE
r-release-linux-x86_64 1.10.0 14.32 53.54 67.87 NOTE
r-release-windows-ix86+x86_64 1.10.0 58.00 192.00 250.00 OK
r-release-osx-x86_64 1.10.0 OK
r-oldrel-windows-ix86+x86_64 1.10.0 39.00 156.00 195.00 OK
r-oldrel-osx-x86_64 1.10.0 OK

Check Details

Version: 1.10.0
Check: S3 generic/method consistency
Result: NOTE
    Found the following apparent S3 methods exported but not registered:
     ci.auc ci.coords ci.se ci.sp ci.thresholds roc.test
    See section ‘Registering S3 methods’ in the ‘Writing R Extensions’
    manual.
Flavors: r-devel-linux-x86_64-debian-clang, r-devel-linux-x86_64-debian-gcc, r-devel-linux-x86_64-fedora-clang, r-devel-linux-x86_64-fedora-gcc, r-patched-linux-x86_64, r-patched-solaris-x86, r-release-linux-x86_64

Version: 1.10.0
Check: package dependencies
Result: NOTE
    Package suggested but not available for checking: ‘microbenchmark’
Flavor: r-patched-solaris-x86