CRAN Package Check Results for Package pROC

Last updated on 2014-09-01 14:46:36.

Flavor Version Tinstall Tcheck Ttotal Status Flags
r-devel-linux-x86_64-debian-clang 1.7.3 9.17 34.36 43.53 OK
r-devel-linux-x86_64-debian-gcc 1.7.3 10.24 34.26 44.50 OK
r-devel-linux-x86_64-fedora-clang 1.7.3 94.76 OK
r-devel-linux-x86_64-fedora-gcc 1.7.3 85.97 OK
r-devel-osx-x86_64-clang 1.7.3 72.58 OK
r-devel-windows-ix86+x86_64 1.7.3 40.00 72.00 112.00 NOTE
r-patched-linux-x86_64 1.7.3 10.95 36.88 47.83 OK
r-patched-solaris-sparc 1.7.3 499.00 NOTE
r-patched-solaris-x86 1.7.3 119.80 NOTE
r-release-linux-ix86 1.7.3 13.03 47.96 60.99 OK
r-release-linux-x86_64 1.7.3 10.54 38.25 48.79 OK
r-release-osx-x86_64-mavericks 1.7.3 OK
r-release-osx-x86_64-snowleopard 1.7.3 OK
r-release-windows-ix86+x86_64 1.7.3 34.00 76.00 110.00 NOTE
r-oldrel-windows-ix86+x86_64 1.7.3 53.00 82.00 135.00 NOTE

Check Details

Version: 1.7.3
Check: package dependencies
Result: NOTE
    Package suggested but not available for checking: 'doMC'
Flavors: r-devel-windows-ix86+x86_64, r-release-windows-ix86+x86_64, r-oldrel-windows-ix86+x86_64

Version: 1.7.3
Check: package dependencies
Result: NOTE
    Package suggested but not available for checking: ‘microbenchmark’
Flavors: r-patched-solaris-sparc, r-patched-solaris-x86