CRAN Package Check Results for Package pROC

Last updated on 2014-04-25 05:47:22.

Flavor Version Tinstall Tcheck Ttotal Status Flags
r-devel-linux-x86_64-debian-clang 1.7.2 9.44 38.02 47.45 OK
r-devel-linux-x86_64-debian-gcc 1.7.2 10.86 38.05 48.91 OK
r-devel-linux-x86_64-fedora-clang 1.7.2 97.03 OK
r-devel-linux-x86_64-fedora-gcc 1.7.2 92.61 OK
r-devel-osx-x86_64-clang 1.7.2 83.92 OK
r-devel-osx-x86_64-gcc 1.7.2 NOTE
r-devel-windows-ix86+x86_64 1.7.2 34.00 73.00 107.00 NOTE
r-patched-linux-x86_64 1.7.2 10.96 38.74 49.70 OK
r-patched-solaris-sparc 1.7.2 502.20 OK
r-patched-solaris-x86 1.7.2 113.00 OK
r-release-linux-ix86 1.7.2 17.00 64.00 81.00 OK
r-release-linux-x86_64 1.7.2 10.75 38.31 49.06 OK
r-release-osx-x86_64-mavericks 1.7.2 NOTE
r-release-osx-x86_64-snowleopard 1.7.2 OK
r-release-windows-ix86+x86_64 1.7.2 38.00 79.00 117.00 NOTE
r-oldrel-windows-ix86+x86_64 1.7.2 40.00 82.00 122.00 NOTE

Check Details

Version: 1.7.2
Check: package dependencies
Result: NOTE
    Packages suggested but not available for checking:
     ‘microbenchmark’ ‘doMC’ ‘doSNOW’
Flavor: r-devel-osx-x86_64-gcc

Version: 1.7.2
Check: package dependencies
Result: NOTE
    Package suggested but not available for checking: 'doMC'
Flavors: r-devel-windows-ix86+x86_64, r-release-windows-ix86+x86_64, r-oldrel-windows-ix86+x86_64

Version: 1.7.2
Check: package dependencies
Result: NOTE
    Packages suggested but not available for checking: ‘doMC’ ‘doSNOW’
Flavor: r-release-osx-x86_64-mavericks