CRAN Package Check Results for Package pa

Last updated on 2015-05-28 19:47:37.

Flavor Version Tinstall Tcheck Ttotal Status Flags
r-devel-linux-x86_64-debian-clang 1.2-1 1.71 37.61 39.32 NOTE
r-devel-linux-x86_64-debian-gcc 1.2-1 1.66 38.35 40.01 NOTE
r-devel-linux-x86_64-fedora-clang 1.2-1 80.74 NOTE
r-devel-linux-x86_64-fedora-gcc 1.2-1 76.91 NOTE
r-devel-osx-x86_64-clang 1.2-1 77.32 NOTE
r-devel-windows-ix86+x86_64 1.2-1 5.00 59.00 64.00 NOTE
r-patched-linux-x86_64 1.2-1 1.98 37.16 39.14 NOTE
r-patched-solaris-sparc 1.2-1 514.50 NOTE
r-patched-solaris-x86 1.2-1 121.30 NOTE
r-release-linux-x86_64 1.2-1 1.77 37.25 39.02 NOTE
r-release-osx-x86_64-mavericks 1.2-1 NOTE
r-release-osx-x86_64-snowleopard 1.2-1 ERROR
r-release-windows-ix86+x86_64 1.2-1 6.00 56.00 62.00 NOTE
r-oldrel-windows-ix86+x86_64 1.2-1 11.00 84.00 95.00 NOTE

Check Details

Version: 1.2-1
Check: dependencies in R code
Result: NOTE
    Package in Depends field not imported from: ‘grid’
     These packages need to be imported from (in the NAMESPACE file)
     for when this namespace is loaded but not attached.
Flavors: r-devel-linux-x86_64-debian-clang, r-devel-linux-x86_64-debian-gcc, r-devel-linux-x86_64-fedora-clang, r-devel-linux-x86_64-fedora-gcc, r-devel-osx-x86_64-clang, r-devel-windows-ix86+x86_64, r-patched-linux-x86_64, r-patched-solaris-sparc, r-patched-solaris-x86, r-release-linux-x86_64, r-release-osx-x86_64-mavericks, r-release-windows-ix86+x86_64, r-oldrel-windows-ix86+x86_64

Version: 1.2-1
Check: package dependencies
Result: ERROR
    Package required but not available: ‘ggplot2’
    
    See section ‘The DESCRIPTION file’ in the ‘Writing R Extensions’
    manual.
Flavor: r-release-osx-x86_64-snowleopard