CRAN Package Check Results for Package pa

Last updated on 2014-12-19 23:47:02.

Flavor Version Tinstall Tcheck Ttotal Status Flags
r-devel-linux-x86_64-debian-clang 1.2-1 2.38 47.07 49.46 NOTE
r-devel-linux-x86_64-debian-gcc 1.2-1 2.11 45.45 47.56 NOTE
r-devel-linux-x86_64-fedora-clang 1.2-1 107.46 NOTE
r-devel-linux-x86_64-fedora-gcc 1.2-1 94.28 NOTE
r-devel-osx-x86_64-clang 1.2-1 94.06 NOTE
r-devel-windows-ix86+x86_64 1.2-1 9.00 73.00 82.00 NOTE
r-patched-linux-x86_64 1.2-1 2.34 49.07 51.40 NOTE
r-patched-solaris-sparc 1.2-1 618.50 NOTE
r-patched-solaris-x86 1.2-1 136.70 NOTE
r-release-linux-ix86 1.2-1 2.93 56.22 59.15 NOTE
r-release-linux-x86_64 1.2-1 2.19 49.35 51.54 NOTE
r-release-osx-x86_64-mavericks 1.2-1 OK
r-release-osx-x86_64-snowleopard 1.2-1 OK
r-release-windows-ix86+x86_64 1.2-1 9.00 78.00 87.00 NOTE
r-oldrel-windows-ix86+x86_64 1.2-1 9.00 85.00 94.00 OK

Check Details

Version: 1.2-1
Check: dependencies in R code
Result: NOTE
    Package in Depends field not imported from: ‘grid’
     These packages need to be imported from (in the NAMESPACE file)
     for when this namespace is loaded but not attached.
    See the information on DESCRIPTION files in the chapter ‘Creating R
    packages’ of the ‘Writing R Extensions’ manual.
Flavors: r-devel-linux-x86_64-debian-clang, r-devel-linux-x86_64-debian-gcc, r-devel-linux-x86_64-fedora-clang, r-devel-linux-x86_64-fedora-gcc, r-devel-osx-x86_64-clang, r-devel-windows-ix86+x86_64, r-patched-linux-x86_64, r-patched-solaris-sparc, r-patched-solaris-x86, r-release-linux-ix86, r-release-linux-x86_64, r-release-windows-ix86+x86_64