CRAN Package Check Results for Package pa

Last updated on 2014-10-23 09:52:52.

Flavor Version Tinstall Tcheck Ttotal Status Flags
r-devel-linux-x86_64-debian-clang 1.2-1 2.12 47.04 49.16 NOTE
r-devel-linux-x86_64-debian-gcc 1.2-1 2.14 46.80 48.95 NOTE
r-devel-linux-x86_64-fedora-clang 1.2-1 109.06 NOTE
r-devel-linux-x86_64-fedora-gcc 1.2-1 100.61 NOTE
r-devel-osx-x86_64-clang 1.2-1 95.60 NOTE
r-devel-windows-ix86+x86_64 1.2-1 8.00 69.00 77.00 NOTE
r-patched-linux-x86_64 1.2-1 2.21 47.48 49.69 NOTE
r-patched-solaris-sparc 1.2-1 618.50 NOTE
r-patched-solaris-x86 1.2-1 135.80 NOTE
r-release-linux-ix86 1.2-1 3.05 59.24 62.28 OK
r-release-linux-x86_64 1.2-1 2.26 47.85 50.11 OK
r-release-osx-x86_64-mavericks 1.2-1 OK
r-release-osx-x86_64-snowleopard 1.2-1 OK
r-release-windows-ix86+x86_64 1.2-1 8.00 75.00 83.00 OK
r-oldrel-windows-ix86+x86_64 1.2-1 8.00 78.00 86.00 OK

Check Details

Version: 1.2-1
Check: dependencies in R code
Result: NOTE
    Package in Depends field not imported from: ‘grid’
     These packages need to be imported from (in the NAMESPACE file)
     for when this namespace is loaded but not attached.
    See the information on DESCRIPTION files in the chapter ‘Creating R
    packages’ of the ‘Writing R Extensions’ manual.
Flavors: r-devel-linux-x86_64-debian-clang, r-devel-linux-x86_64-debian-gcc, r-devel-linux-x86_64-fedora-clang, r-devel-linux-x86_64-fedora-gcc, r-devel-osx-x86_64-clang, r-devel-windows-ix86+x86_64, r-patched-linux-x86_64, r-patched-solaris-sparc, r-patched-solaris-x86