CRAN Package Check Results for Package pa

Last updated on 2015-04-18 23:50:18.

Flavor Version Tinstall Tcheck Ttotal Status Flags
r-devel-linux-x86_64-debian-clang 1.2-1 2.25 37.74 39.99 NOTE
r-devel-linux-x86_64-debian-gcc 1.2-1 1.49 37.73 39.22 NOTE
r-devel-linux-x86_64-fedora-clang 1.2-1 80.05 NOTE
r-devel-linux-x86_64-fedora-gcc 1.2-1 76.69 NOTE
r-devel-osx-x86_64-clang 1.2-1 75.49 NOTE
r-patched-linux-x86_64 1.2-1 2.22 38.60 40.83 NOTE
r-patched-solaris-sparc 1.2-1 550.40 NOTE
r-patched-solaris-x86 1.2-1 106.40 NOTE
r-release-linux-x86_64 1.2-1 1.50 37.46 38.96 NOTE
r-release-osx-x86_64-mavericks 1.2-1 NOTE
r-release-osx-x86_64-snowleopard 1.2-1 ERROR
r-release-windows-ix86+x86_64 1.2-1 5.00 71.00 76.00 NOTE
r-oldrel-windows-ix86+x86_64 1.2-1 11.00 113.00 124.00 OK

Check Details

Version: 1.2-1
Check: dependencies in R code
Result: NOTE
    Package in Depends field not imported from: ‘grid’
     These packages need to be imported from (in the NAMESPACE file)
     for when this namespace is loaded but not attached.
Flavors: r-devel-linux-x86_64-debian-clang, r-devel-linux-x86_64-debian-gcc, r-devel-linux-x86_64-fedora-clang, r-devel-linux-x86_64-fedora-gcc, r-devel-osx-x86_64-clang, r-patched-linux-x86_64, r-patched-solaris-sparc, r-patched-solaris-x86, r-release-linux-x86_64, r-release-osx-x86_64-mavericks, r-release-windows-ix86+x86_64

Version: 1.2-1
Check: package dependencies
Result: ERROR
    Package required but not available: ‘ggplot2’
    
    See section ‘The DESCRIPTION file’ in the ‘Writing R Extensions’
    manual.
Flavor: r-release-osx-x86_64-snowleopard