CRAN Package Check Results for Package pa

Last updated on 2017-03-25 17:49:43.

Flavor Version Tinstall Tcheck Ttotal Status Flags
r-devel-linux-x86_64-debian-clang 1.2-1 1.85 44.26 46.11 NOTE
r-devel-linux-x86_64-debian-gcc 1.2-1 1.76 41.70 43.45 NOTE
r-devel-linux-x86_64-fedora-clang 1.2-1 86.69 NOTE --no-stop-on-test-error
r-devel-linux-x86_64-fedora-gcc 1.2-1 83.48 NOTE --no-stop-on-test-error
r-devel-macos-x86_64-clang 1.2-1 68.75 NOTE --no-stop-on-test-error
r-patched-linux-x86_64 1.2-1 1.74 42.65 44.39 NOTE
r-patched-solaris-sparc 1.2-1 510.20 NOTE
r-patched-solaris-x86 1.2-1 114.60 NOTE
r-release-linux-x86_64 1.2-1 1.69 35.31 37.00 NOTE
r-release-osx-x86_64-mavericks 1.2-1 NOTE
r-release-windows-ix86+x86_64 1.2-1 9.00 113.00 122.00 NOTE
r-oldrel-windows-ix86+x86_64 1.2-1 6.00 88.00 94.00 NOTE

Check Details

Version: 1.2-1
Check: dependencies in R code
Result: NOTE
    Package in Depends field not imported from: ‘grid’
     These packages need to be imported from (in the NAMESPACE file)
     for when this namespace is loaded but not attached.
Flavors: r-devel-linux-x86_64-debian-clang, r-devel-linux-x86_64-debian-gcc, r-patched-linux-x86_64, r-patched-solaris-sparc, r-patched-solaris-x86, r-release-linux-x86_64, r-release-osx-x86_64-mavericks, r-release-windows-ix86+x86_64, r-oldrel-windows-ix86+x86_64

Version: 1.2-1
Check: R code for possible problems
Result: NOTE
    .formula.make: no visible global function definition for ‘formula’
    regress: no visible global function definition for ‘lm’
    regress: no visible global function definition for ‘model.matrix’
    Undefined global functions or variables:
     formula lm model.matrix
    Consider adding
     importFrom("stats", "formula", "lm", "model.matrix")
    to your NAMESPACE file.
Flavors: r-devel-linux-x86_64-debian-clang, r-devel-linux-x86_64-debian-gcc, r-patched-linux-x86_64, r-patched-solaris-sparc, r-patched-solaris-x86, r-release-linux-x86_64, r-release-osx-x86_64-mavericks, r-release-windows-ix86+x86_64

Version: 1.2-1
Flags: --no-stop-on-test-error
Check: dependencies in R code
Result: NOTE
    Package in Depends field not imported from: ‘grid’
     These packages need to be imported from (in the NAMESPACE file)
     for when this namespace is loaded but not attached.
Flavors: r-devel-linux-x86_64-fedora-clang, r-devel-linux-x86_64-fedora-gcc, r-devel-macos-x86_64-clang

Version: 1.2-1
Flags: --no-stop-on-test-error
Check: R code for possible problems
Result: NOTE
    .formula.make: no visible global function definition for ‘formula’
    regress: no visible global function definition for ‘lm’
    regress: no visible global function definition for ‘model.matrix’
    Undefined global functions or variables:
     formula lm model.matrix
    Consider adding
     importFrom("stats", "formula", "lm", "model.matrix")
    to your NAMESPACE file.
Flavors: r-devel-linux-x86_64-fedora-clang, r-devel-linux-x86_64-fedora-gcc, r-devel-macos-x86_64-clang