CRAN Package Check Results for Package pa

Last updated on 2015-01-31 09:57:26.

Flavor Version Tinstall Tcheck Ttotal Status Flags
r-devel-linux-x86_64-debian-clang 1.2-1 1.60 37.55 39.15 NOTE
r-devel-linux-x86_64-debian-gcc 1.2-1 1.65 36.03 37.68 NOTE
r-devel-linux-x86_64-fedora-clang 1.2-1 92.18 NOTE
r-devel-linux-x86_64-fedora-gcc 1.2-1 98.93 NOTE
r-devel-osx-x86_64-clang 1.2-1 95.61 NOTE
r-devel-windows-ix86+x86_64 1.2-1 6.00 62.00 68.00 NOTE
r-patched-linux-x86_64 1.2-1 2.22 47.80 50.02 NOTE
r-patched-solaris-sparc 1.2-1 615.90 NOTE
r-patched-solaris-x86 1.2-1 141.50 NOTE
r-release-linux-ix86 1.2-1 3.02 56.61 59.63 NOTE
r-release-linux-x86_64 1.2-1 2.23 47.92 50.16 NOTE
r-release-osx-x86_64-mavericks 1.2-1 NOTE
r-release-osx-x86_64-snowleopard 1.2-1 OK
r-release-windows-ix86+x86_64 1.2-1 8.00 80.00 88.00 NOTE
r-oldrel-windows-ix86+x86_64 1.2-1 9.00 85.00 94.00 OK

Check Details

Version: 1.2-1
Check: dependencies in R code
Result: NOTE
    Package in Depends field not imported from: ‘grid’
     These packages need to be imported from (in the NAMESPACE file)
     for when this namespace is loaded but not attached.
Flavors: r-devel-linux-x86_64-debian-clang, r-devel-linux-x86_64-debian-gcc, r-devel-linux-x86_64-fedora-clang, r-devel-linux-x86_64-fedora-gcc, r-devel-osx-x86_64-clang, r-devel-windows-ix86+x86_64

Version: 1.2-1
Check: dependencies in R code
Result: NOTE
    Package in Depends field not imported from: ‘grid’
     These packages need to be imported from (in the NAMESPACE file)
     for when this namespace is loaded but not attached.
    See the information on DESCRIPTION files in the chapter ‘Creating R
    packages’ of the ‘Writing R Extensions’ manual.
Flavors: r-patched-linux-x86_64, r-patched-solaris-sparc, r-patched-solaris-x86, r-release-linux-ix86, r-release-linux-x86_64, r-release-osx-x86_64-mavericks, r-release-windows-ix86+x86_64