CRAN Package Check Results for Package pa

Last updated on 2016-07-27 03:49:55.

Flavor Version Tinstall Tcheck Ttotal Status Flags
r-devel-linux-x86_64-debian-clang 1.2-1 2.41 39.52 41.93 NOTE
r-devel-linux-x86_64-debian-gcc 1.2-1 1.84 40.09 41.94 NOTE
r-devel-linux-x86_64-fedora-clang 1.2-1 65.94 NOTE
r-devel-linux-x86_64-fedora-gcc 1.2-1 62.92 NOTE
r-devel-osx-x86_64-clang 1.2-1 55.81 NOTE
r-devel-windows-ix86+x86_64 1.2-1 6.00 120.00 126.00 NOTE
r-patched-linux-x86_64 1.2-1 2.23 39.91 42.14 NOTE
r-patched-solaris-sparc 1.2-1 410.90 NOTE
r-patched-solaris-x86 1.2-1 89.50 NOTE
r-release-linux-x86_64 1.2-1 2.27 40.35 42.62 NOTE
r-release-osx-x86_64-mavericks 1.2-1 NOTE
r-release-windows-ix86+x86_64 1.2-1 7.00 68.00 75.00 NOTE
r-oldrel-windows-ix86+x86_64 1.2-1 8.00 78.00 86.00 NOTE

Check Details

Version: 1.2-1
Check: dependencies in R code
Result: NOTE
    Package in Depends field not imported from: ‘grid’
     These packages need to be imported from (in the NAMESPACE file)
     for when this namespace is loaded but not attached.
Flavors: r-devel-linux-x86_64-debian-clang, r-devel-linux-x86_64-debian-gcc, r-devel-linux-x86_64-fedora-clang, r-devel-linux-x86_64-fedora-gcc, r-devel-osx-x86_64-clang, r-devel-windows-ix86+x86_64, r-patched-linux-x86_64, r-patched-solaris-sparc, r-patched-solaris-x86, r-release-linux-x86_64, r-release-osx-x86_64-mavericks, r-release-windows-ix86+x86_64, r-oldrel-windows-ix86+x86_64

Version: 1.2-1
Check: R code for possible problems
Result: NOTE
    .formula.make: no visible global function definition for ‘formula’
    regress: no visible global function definition for ‘lm’
    regress: no visible global function definition for ‘model.matrix’
    Undefined global functions or variables:
     formula lm model.matrix
    Consider adding
     importFrom("stats", "formula", "lm", "model.matrix")
    to your NAMESPACE file.
Flavors: r-devel-linux-x86_64-debian-clang, r-devel-linux-x86_64-debian-gcc, r-devel-linux-x86_64-fedora-clang, r-devel-linux-x86_64-fedora-gcc, r-devel-osx-x86_64-clang, r-devel-windows-ix86+x86_64, r-patched-linux-x86_64, r-patched-solaris-sparc, r-patched-solaris-x86, r-release-linux-x86_64, r-release-osx-x86_64-mavericks, r-release-windows-ix86+x86_64