CRAN Package Check Results for Package pa

Last updated on 2017-12-11 19:48:26 CET.

Flavor Version Tinstall Tcheck Ttotal Status Flags
r-devel-linux-x86_64-debian-clang 1.2-1 1.81 55.36 57.17 NOTE
r-devel-linux-x86_64-debian-gcc 1.2-1 1.64 49.95 51.59 NOTE
r-devel-linux-x86_64-fedora-clang 1.2-1 78.43 NOTE
r-devel-linux-x86_64-fedora-gcc 1.2-1 76.47 NOTE
r-devel-windows-ix86+x86_64 1.2-1 7.00 83.00 90.00 NOTE
r-patched-linux-x86_64 1.2-1 2.38 65.55 67.93 NOTE
r-patched-solaris-x86 1.2-1 113.00 NOTE
r-release-linux-x86_64 1.2-1 2.19 66.94 69.13 NOTE
r-release-windows-ix86+x86_64 1.2-1 5.00 91.00 96.00 NOTE
r-release-osx-x86_64 1.2-1 NOTE
r-oldrel-windows-ix86+x86_64 1.2-1 6.00 105.00 111.00 NOTE
r-oldrel-osx-x86_64 1.2-1 NOTE

Check Details

Version: 1.2-1
Check: dependencies in R code
Result: NOTE
    Package in Depends field not imported from: ‘grid’
     These packages need to be imported from (in the NAMESPACE file)
     for when this namespace is loaded but not attached.
Flavors: r-devel-linux-x86_64-debian-clang, r-devel-linux-x86_64-debian-gcc, r-devel-linux-x86_64-fedora-clang, r-devel-linux-x86_64-fedora-gcc, r-devel-windows-ix86+x86_64, r-patched-linux-x86_64, r-patched-solaris-x86, r-release-linux-x86_64, r-release-windows-ix86+x86_64, r-release-osx-x86_64, r-oldrel-windows-ix86+x86_64, r-oldrel-osx-x86_64

Version: 1.2-1
Check: R code for possible problems
Result: NOTE
    .formula.make: no visible global function definition for ‘formula’
    regress: no visible global function definition for ‘lm’
    regress: no visible global function definition for ‘model.matrix’
    Undefined global functions or variables:
     formula lm model.matrix
    Consider adding
     importFrom("stats", "formula", "lm", "model.matrix")
    to your NAMESPACE file.
Flavors: r-devel-linux-x86_64-debian-clang, r-devel-linux-x86_64-debian-gcc, r-devel-linux-x86_64-fedora-clang, r-devel-linux-x86_64-fedora-gcc, r-devel-windows-ix86+x86_64, r-patched-linux-x86_64, r-patched-solaris-x86, r-release-linux-x86_64, r-release-windows-ix86+x86_64, r-release-osx-x86_64, r-oldrel-windows-ix86+x86_64, r-oldrel-osx-x86_64