CRAN Package Check Results for Package pa

Last updated on 2016-12-06 06:47:59.

Flavor Version Tinstall Tcheck Ttotal Status Flags
r-devel-linux-x86_64-debian-clang 1.2-1 1.94 43.42 45.36 NOTE
r-devel-linux-x86_64-debian-gcc 1.2-1 1.72 43.21 44.93 NOTE
r-devel-linux-x86_64-fedora-clang 1.2-1 88.80 NOTE --no-stop-on-test-error
r-devel-linux-x86_64-fedora-gcc 1.2-1 86.47 NOTE --no-stop-on-test-error
r-devel-macos-x86_64-clang 1.2-1 71.15 NOTE
r-devel-windows-ix86+x86_64 1.2-1 5.00 90.00 95.00 NOTE
r-patched-linux-x86_64 1.2-1 1.72 35.85 37.57 NOTE
r-patched-solaris-sparc 1.2-1 439.50 NOTE
r-patched-solaris-x86 1.2-1 92.50 NOTE
r-release-linux-x86_64 1.2-1 1.58 35.43 37.01 NOTE
r-release-osx-x86_64-mavericks 1.2-1 NOTE
r-release-windows-ix86+x86_64 1.2-1 6.00 71.00 77.00 NOTE
r-oldrel-windows-ix86+x86_64 1.2-1 9.00 108.00 117.00 NOTE

Check Details

Version: 1.2-1
Check: dependencies in R code
Result: NOTE
    Package in Depends field not imported from: ‘grid’
     These packages need to be imported from (in the NAMESPACE file)
     for when this namespace is loaded but not attached.
Flavors: r-devel-linux-x86_64-debian-clang, r-devel-linux-x86_64-debian-gcc, r-devel-macos-x86_64-clang, r-devel-windows-ix86+x86_64, r-patched-linux-x86_64, r-patched-solaris-sparc, r-patched-solaris-x86, r-release-linux-x86_64, r-release-osx-x86_64-mavericks, r-release-windows-ix86+x86_64, r-oldrel-windows-ix86+x86_64

Version: 1.2-1
Check: R code for possible problems
Result: NOTE
    .formula.make: no visible global function definition for ‘formula’
    regress: no visible global function definition for ‘lm’
    regress: no visible global function definition for ‘model.matrix’
    Undefined global functions or variables:
     formula lm model.matrix
    Consider adding
     importFrom("stats", "formula", "lm", "model.matrix")
    to your NAMESPACE file.
Flavors: r-devel-linux-x86_64-debian-clang, r-devel-linux-x86_64-debian-gcc, r-devel-macos-x86_64-clang, r-devel-windows-ix86+x86_64, r-patched-linux-x86_64, r-patched-solaris-sparc, r-patched-solaris-x86, r-release-linux-x86_64, r-release-osx-x86_64-mavericks, r-release-windows-ix86+x86_64

Version: 1.2-1
Flags: --no-stop-on-test-error
Check: dependencies in R code
Result: NOTE
    Package in Depends field not imported from: ‘grid’
     These packages need to be imported from (in the NAMESPACE file)
     for when this namespace is loaded but not attached.
Flavors: r-devel-linux-x86_64-fedora-clang, r-devel-linux-x86_64-fedora-gcc

Version: 1.2-1
Flags: --no-stop-on-test-error
Check: R code for possible problems
Result: NOTE
    .formula.make: no visible global function definition for ‘formula’
    regress: no visible global function definition for ‘lm’
    regress: no visible global function definition for ‘model.matrix’
    Undefined global functions or variables:
     formula lm model.matrix
    Consider adding
     importFrom("stats", "formula", "lm", "model.matrix")
    to your NAMESPACE file.
Flavors: r-devel-linux-x86_64-fedora-clang, r-devel-linux-x86_64-fedora-gcc