CRAN Package Check Results for Package pa

Last updated on 2016-02-06 13:48:24.

Flavor Version Tinstall Tcheck Ttotal Status Flags
r-devel-linux-x86_64-debian-gcc 1.2-1 1.49 33.05 34.54 NOTE
r-devel-linux-x86_64-fedora-clang 1.2-1 67.52 NOTE
r-devel-linux-x86_64-fedora-gcc 1.2-1 64.11 NOTE
r-devel-osx-x86_64-clang 1.2-1 74.57 NOTE
r-devel-windows-ix86+x86_64 1.2-1 7.00 61.00 68.00 NOTE
r-patched-linux-x86_64 1.2-1 1.61 37.88 39.49 NOTE
r-patched-solaris-sparc 1.2-1 463.00 NOTE
r-patched-solaris-x86 1.2-1 109.40 NOTE
r-release-linux-x86_64 1.2-1 1.53 37.57 39.10 NOTE
r-release-osx-x86_64-mavericks 1.2-1 NOTE
r-release-windows-ix86+x86_64 1.2-1 7.00 101.00 108.00 NOTE
r-oldrel-windows-ix86+x86_64 1.2-1 11.00 111.00 122.00 NOTE

Check Details

Version: 1.2-1
Check: dependencies in R code
Result: NOTE
    Package in Depends field not imported from: ‘grid’
     These packages need to be imported from (in the NAMESPACE file)
     for when this namespace is loaded but not attached.
Flavors: r-devel-linux-x86_64-debian-gcc, r-devel-linux-x86_64-fedora-clang, r-devel-linux-x86_64-fedora-gcc, r-devel-osx-x86_64-clang, r-devel-windows-ix86+x86_64, r-patched-linux-x86_64, r-patched-solaris-sparc, r-patched-solaris-x86, r-release-linux-x86_64, r-release-osx-x86_64-mavericks, r-release-windows-ix86+x86_64, r-oldrel-windows-ix86+x86_64

Version: 1.2-1
Check: R code for possible problems
Result: NOTE
    .formula.make: no visible global function definition for ‘formula’
    regress: no visible global function definition for ‘lm’
    regress: no visible global function definition for ‘model.matrix’
    Undefined global functions or variables:
     formula lm model.matrix
    Consider adding
     importFrom("stats", "formula", "lm", "model.matrix")
    to your NAMESPACE.
Flavors: r-devel-linux-x86_64-debian-gcc, r-devel-linux-x86_64-fedora-clang, r-devel-linux-x86_64-fedora-gcc, r-devel-windows-ix86+x86_64

Version: 1.2-1
Check: R code for possible problems
Result: NOTE
    .formula.make: no visible global function definition for ‘formula’
    regress: no visible global function definition for ‘lm’
    regress: no visible global function definition for ‘model.matrix’
    Undefined global functions or variables:
     formula lm model.matrix
    Consider adding
     importFrom("stats", "formula", "lm", "model.matrix")
    to your NAMESPACE file.
Flavor: r-devel-osx-x86_64-clang