CRAN Package Check Results for Package pa

Last updated on 2015-07-04 09:48:07.

Flavor Version Tinstall Tcheck Ttotal Status Flags
r-devel-linux-x86_64-debian-clang 1.2-1 1.60 36.67 38.27 NOTE
r-devel-linux-x86_64-debian-gcc 1.2-1 1.69 37.32 39.02 NOTE
r-devel-linux-x86_64-fedora-clang 1.2-1 79.97 NOTE
r-devel-linux-x86_64-fedora-gcc 1.2-1 77.36 NOTE
r-devel-osx-x86_64-clang 1.2-1 71.07 NOTE
r-devel-windows-ix86+x86_64 1.2-1 6.00 60.00 66.00 NOTE
r-patched-linux-x86_64 1.2-1 2.00 37.25 39.26 NOTE
r-patched-solaris-sparc 1.2-1 514.50 NOTE
r-patched-solaris-x86 1.2-1 124.50 NOTE
r-release-linux-x86_64 1.2-1 1.91 37.88 39.79 NOTE
r-release-osx-x86_64-mavericks 1.2-1 NOTE
r-release-windows-ix86+x86_64 1.2-1 9.00 71.00 80.00 NOTE
r-oldrel-windows-ix86+x86_64 1.2-1 8.00 86.00 94.00 NOTE

Check Details

Version: 1.2-1
Check: dependencies in R code
Result: NOTE
    Package in Depends field not imported from: ‘grid’
     These packages need to be imported from (in the NAMESPACE file)
     for when this namespace is loaded but not attached.
Flavors: r-devel-linux-x86_64-debian-clang, r-devel-linux-x86_64-debian-gcc, r-devel-linux-x86_64-fedora-clang, r-devel-linux-x86_64-fedora-gcc, r-devel-osx-x86_64-clang, r-devel-windows-ix86+x86_64, r-patched-linux-x86_64, r-patched-solaris-sparc, r-patched-solaris-x86, r-release-linux-x86_64, r-release-osx-x86_64-mavericks, r-release-windows-ix86+x86_64, r-oldrel-windows-ix86+x86_64

Version: 1.2-1
Check: R code for possible problems
Result: NOTE
    .formula.make: no visible global function definition for ‘formula’
    regress: no visible global function definition for ‘lm’
    regress: no visible global function definition for ‘model.matrix’
    Undefined global functions or variables:
     formula lm model.matrix
Flavors: r-devel-linux-x86_64-debian-clang, r-devel-linux-x86_64-debian-gcc, r-devel-linux-x86_64-fedora-clang, r-devel-linux-x86_64-fedora-gcc, r-devel-windows-ix86+x86_64