CRAN Package Check Results for Package pa

Last updated on 2014-09-01 11:49:00.

Flavor Version Tinstall Tcheck Ttotal Status Flags
r-devel-linux-x86_64-debian-clang 1.2-1 2.16 44.22 46.39 NOTE
r-devel-linux-x86_64-debian-gcc 1.2-1 2.13 44.34 46.47 NOTE
r-devel-linux-x86_64-fedora-clang 1.2-1 111.92 NOTE
r-devel-linux-x86_64-fedora-gcc 1.2-1 102.37 NOTE
r-devel-osx-x86_64-clang 1.2-1 88.99 NOTE
r-devel-windows-ix86+x86_64 1.2-1 6.00 71.00 77.00 NOTE
r-patched-linux-x86_64 1.2-1 2.35 45.57 47.92 NOTE
r-patched-solaris-sparc 1.2-1 618.50 NOTE
r-patched-solaris-x86 1.2-1 146.50 NOTE
r-release-linux-ix86 1.2-1 3.01 58.76 61.77 OK
r-release-linux-x86_64 1.2-1 2.40 46.57 48.97 OK
r-release-osx-x86_64-mavericks 1.2-1 OK
r-release-osx-x86_64-snowleopard 1.2-1 OK
r-release-windows-ix86+x86_64 1.2-1 7.00 76.00 83.00 OK
r-oldrel-windows-ix86+x86_64 1.2-1 8.00 80.00 88.00 OK

Check Details

Version: 1.2-1
Check: dependencies in R code
Result: NOTE
    Package in Depends field not imported from: ‘grid’
     These packages need to be imported from (in the NAMESPACE file)
     for when this namespace is loaded but not attached.
    See the information on DESCRIPTION files in the chapter ‘Creating R
    packages’ of the ‘Writing R Extensions’ manual.
Flavors: r-devel-linux-x86_64-debian-clang, r-devel-linux-x86_64-debian-gcc, r-devel-linux-x86_64-fedora-clang, r-devel-linux-x86_64-fedora-gcc, r-devel-osx-x86_64-clang, r-devel-windows-ix86+x86_64, r-patched-linux-x86_64, r-patched-solaris-sparc, r-patched-solaris-x86