CRAN Package Check Results for Package pa

Last updated on 2015-03-06 09:49:39.

Flavor Version Tinstall Tcheck Ttotal Status Flags
r-devel-linux-x86_64-debian-clang 1.2-1 2.19 39.60 41.79 NOTE
r-devel-linux-x86_64-debian-gcc 1.2-1 2.14 39.14 41.28 NOTE
r-devel-linux-x86_64-fedora-clang 1.2-1 83.55 NOTE
r-devel-linux-x86_64-fedora-gcc 1.2-1 80.59 NOTE
r-devel-osx-x86_64-clang 1.2-1 87.69 NOTE
r-devel-windows-ix86+x86_64 1.2-1 7.00 63.00 70.00 NOTE
r-patched-linux-x86_64 1.2-1 2.56 52.20 54.76 NOTE
r-patched-solaris-sparc 1.2-1 606.00 NOTE
r-patched-solaris-x86 1.2-1 138.20 NOTE
r-release-linux-ix86 1.2-1 3.04 59.82 62.86 NOTE
r-release-linux-x86_64 1.2-1 2.46 53.09 55.56 NOTE
r-release-osx-x86_64-mavericks 1.2-1 NOTE
r-release-osx-x86_64-snowleopard 1.2-1 OK
r-release-windows-ix86+x86_64 1.2-1 9.00 84.00 93.00 NOTE
r-oldrel-windows-ix86+x86_64 1.2-1 10.00 88.00 98.00 OK

Check Details

Version: 1.2-1
Check: dependencies in R code
Result: NOTE
    Package in Depends field not imported from: ‘grid’
     These packages need to be imported from (in the NAMESPACE file)
     for when this namespace is loaded but not attached.
Flavors: r-devel-linux-x86_64-debian-clang, r-devel-linux-x86_64-debian-gcc, r-devel-linux-x86_64-fedora-clang, r-devel-linux-x86_64-fedora-gcc, r-devel-osx-x86_64-clang, r-devel-windows-ix86+x86_64, r-patched-linux-x86_64, r-patched-solaris-sparc, r-patched-solaris-x86

Version: 1.2-1
Check: dependencies in R code
Result: NOTE
    Package in Depends field not imported from: ‘grid’
     These packages need to be imported from (in the NAMESPACE file)
     for when this namespace is loaded but not attached.
    See the information on DESCRIPTION files in the chapter ‘Creating R
    packages’ of the ‘Writing R Extensions’ manual.
Flavors: r-release-linux-ix86, r-release-linux-x86_64, r-release-osx-x86_64-mavericks, r-release-windows-ix86+x86_64