CRAN Package Check Results for Package pa

Last updated on 2014-11-26 13:47:10.

Flavor Version Tinstall Tcheck Ttotal Status Flags
r-devel-linux-x86_64-debian-clang 1.2-1 2.41 48.22 50.64 NOTE
r-devel-linux-x86_64-debian-gcc 1.2-1 2.11 46.43 48.54 NOTE
r-devel-linux-x86_64-fedora-clang 1.2-1 108.04 NOTE
r-devel-linux-x86_64-fedora-gcc 1.2-1 101.97 NOTE
r-devel-osx-x86_64-clang 1.2-1 92.51 NOTE
r-devel-windows-ix86+x86_64 1.2-1 8.00 71.00 79.00 NOTE
r-patched-linux-x86_64 1.2-1 2.30 48.84 51.14 NOTE
r-patched-solaris-sparc 1.2-1 618.50 NOTE
r-patched-solaris-x86 1.2-1 136.90 NOTE
r-release-linux-ix86 1.2-1 2.97 56.20 59.17 NOTE
r-release-linux-x86_64 1.2-1 2.22 49.61 51.84 NOTE
r-release-osx-x86_64-mavericks 1.2-1 OK
r-release-osx-x86_64-snowleopard 1.2-1 OK
r-release-windows-ix86+x86_64 1.2-1 8.00 73.00 81.00 NOTE
r-oldrel-windows-ix86+x86_64 1.2-1 8.00 80.00 88.00 OK

Check Details

Version: 1.2-1
Check: dependencies in R code
Result: NOTE
    Package in Depends field not imported from: ‘grid’
     These packages need to be imported from (in the NAMESPACE file)
     for when this namespace is loaded but not attached.
    See the information on DESCRIPTION files in the chapter ‘Creating R
    packages’ of the ‘Writing R Extensions’ manual.
Flavors: r-devel-linux-x86_64-debian-clang, r-devel-linux-x86_64-debian-gcc, r-devel-linux-x86_64-fedora-clang, r-devel-linux-x86_64-fedora-gcc, r-devel-osx-x86_64-clang, r-devel-windows-ix86+x86_64, r-patched-linux-x86_64, r-patched-solaris-sparc, r-patched-solaris-x86, r-release-linux-ix86, r-release-linux-x86_64, r-release-windows-ix86+x86_64