CRAN Package Check Results for Package pa

Last updated on 2017-06-24 13:47:00.

Flavor Version Tinstall Tcheck Ttotal Status Flags
r-devel-linux-x86_64-debian-clang 1.2-1 1.87 43.91 45.78 NOTE
r-devel-linux-x86_64-debian-gcc 1.2-1 1.73 42.74 44.47 NOTE
r-devel-linux-x86_64-fedora-clang 1.2-1 86.58 NOTE
r-devel-linux-x86_64-fedora-gcc 1.2-1 84.39 NOTE
r-devel-windows-ix86+x86_64 1.2-1 12.00 113.00 125.00 NOTE
r-patched-linux-x86_64 1.2-1 1.82 43.31 45.12 NOTE
r-patched-solaris-sparc 1.2-1 510.20 NOTE
r-patched-solaris-x86 1.2-1 114.20 NOTE
r-release-linux-x86_64 1.2-1 1.72 42.83 44.55 NOTE
r-release-windows-ix86+x86_64 1.2-1 9.00 117.00 126.00 NOTE
r-release-osx-x86_64 1.2-1 NOTE
r-oldrel-windows-ix86+x86_64 1.2-1 7.00 101.00 108.00 NOTE
r-oldrel-osx-x86_64 1.2-1 NOTE

Check Details

Version: 1.2-1
Check: dependencies in R code
Result: NOTE
    Package in Depends field not imported from: ‘grid’
     These packages need to be imported from (in the NAMESPACE file)
     for when this namespace is loaded but not attached.
Flavors: r-devel-linux-x86_64-debian-clang, r-devel-linux-x86_64-debian-gcc, r-devel-linux-x86_64-fedora-clang, r-devel-linux-x86_64-fedora-gcc, r-devel-windows-ix86+x86_64, r-patched-linux-x86_64, r-patched-solaris-sparc, r-patched-solaris-x86, r-release-linux-x86_64, r-release-windows-ix86+x86_64, r-release-osx-x86_64, r-oldrel-windows-ix86+x86_64, r-oldrel-osx-x86_64

Version: 1.2-1
Check: R code for possible problems
Result: NOTE
    .formula.make: no visible global function definition for ‘formula’
    regress: no visible global function definition for ‘lm’
    regress: no visible global function definition for ‘model.matrix’
    Undefined global functions or variables:
     formula lm model.matrix
    Consider adding
     importFrom("stats", "formula", "lm", "model.matrix")
    to your NAMESPACE file.
Flavors: r-devel-linux-x86_64-debian-clang, r-devel-linux-x86_64-debian-gcc, r-devel-linux-x86_64-fedora-clang, r-devel-linux-x86_64-fedora-gcc, r-devel-windows-ix86+x86_64, r-patched-linux-x86_64, r-patched-solaris-sparc, r-patched-solaris-x86, r-release-linux-x86_64, r-release-windows-ix86+x86_64, r-release-osx-x86_64, r-oldrel-windows-ix86+x86_64, r-oldrel-osx-x86_64