CRAN Package Check Results for Package pacbpred

Last updated on 2016-02-09 06:49:54.

Flavor Version Tinstall Tcheck Ttotal Status Flags
r-devel-linux-x86_64-debian-gcc 0.92.2 0.49 11.45 11.94 NOTE
r-devel-linux-x86_64-fedora-clang 0.92.2 21.89 NOTE
r-devel-linux-x86_64-fedora-gcc 0.92.2 20.20 NOTE
r-devel-osx-x86_64-clang 0.92.2 26.33 NOTE
r-devel-windows-ix86+x86_64 0.92.2 3.00 24.00 27.00 NOTE
r-patched-linux-x86_64 0.92.2 0.54 12.10 12.64 NOTE
r-patched-solaris-sparc 0.92.2 141.20 NOTE
r-patched-solaris-x86 0.92.2 32.30 NOTE
r-release-linux-x86_64 0.92.2 0.51 12.46 12.97 NOTE
r-release-osx-x86_64-mavericks 0.92.2 NOTE
r-release-windows-ix86+x86_64 0.92.2 3.00 21.00 24.00 NOTE
r-oldrel-windows-ix86+x86_64 0.92.2 3.00 23.00 26.00 OK

Check Details

Version: 0.92.2
Check: DESCRIPTION meta-information
Result: NOTE
    Malformed Title field: should not end in a period.
Flavors: r-devel-linux-x86_64-debian-gcc, r-devel-linux-x86_64-fedora-clang, r-devel-linux-x86_64-fedora-gcc, r-devel-osx-x86_64-clang, r-devel-windows-ix86+x86_64, r-patched-linux-x86_64, r-patched-solaris-sparc, r-patched-solaris-x86, r-release-linux-x86_64, r-release-osx-x86_64-mavericks, r-release-windows-ix86+x86_64

Version: 0.92.2
Check: R code for possible problems
Result: NOTE
    pacbpred : thetaFunc: no visible global function definition for ‘lsfit’
    pacbpred : thetaFunc: no visible global function definition for ‘rnorm’
    pacbpred: no visible global function definition for ‘var’
    pacbpred: no visible global function definition for ‘runif’
    pacbpred: no visible global function definition for ‘rnorm’
    pacbpred: no visible global function definition for ‘rbinom’
    Undefined global functions or variables:
     lsfit rbinom rnorm runif var
    Consider adding
     importFrom("stats", "lsfit", "rbinom", "rnorm", "runif", "var")
    to your NAMESPACE file.
Flavors: r-devel-linux-x86_64-debian-gcc, r-devel-linux-x86_64-fedora-clang, r-devel-linux-x86_64-fedora-gcc, r-devel-osx-x86_64-clang, r-devel-windows-ix86+x86_64