CRAN Package Check Results for Package pacbpred

Last updated on 2015-04-26 19:47:25.

Flavor Version Tinstall Tcheck Ttotal Status Flags
r-devel-linux-x86_64-debian-clang 0.92.2 0.64 12.58 13.21 NOTE
r-devel-linux-x86_64-debian-gcc 0.92.2 0.58 12.16 12.74 NOTE
r-devel-linux-x86_64-fedora-clang 0.92.2 25.46 NOTE
r-devel-linux-x86_64-fedora-gcc 0.92.2 23.41 NOTE
r-devel-osx-x86_64-clang 0.92.2 28.43 NOTE
r-devel-windows-ix86+x86_64 0.92.2 3.00 21.00 24.00 NOTE
r-patched-linux-x86_64 0.92.2 0.52 12.23 12.76 NOTE
r-patched-solaris-sparc 0.92.2 152.60 NOTE
r-patched-solaris-x86 0.92.2 33.30 NOTE
r-release-linux-x86_64 0.92.2 0.50 12.33 12.84 NOTE
r-release-osx-x86_64-mavericks 0.92.2 NOTE
r-release-osx-x86_64-snowleopard 0.92.2 NOTE
r-release-windows-ix86+x86_64 0.92.2 2.00 24.00 26.00 NOTE
r-oldrel-windows-ix86+x86_64 0.92.2 3.00 23.00 26.00 OK

Check Details

Version: 0.92.2
Check: DESCRIPTION meta-information
Result: NOTE
    Malformed Title field: should not end in a period.
Flavors: r-devel-linux-x86_64-debian-clang, r-devel-linux-x86_64-fedora-clang, r-devel-linux-x86_64-fedora-gcc, r-devel-osx-x86_64-clang, r-devel-windows-ix86+x86_64, r-patched-solaris-sparc, r-patched-solaris-x86, r-release-osx-x86_64-mavericks, r-release-osx-x86_64-snowleopard, r-release-windows-ix86+x86_64