CRAN Package Check Results for Package pacbpred

Last updated on 2017-10-17 23:48:39.

Flavor Version Tinstall Tcheck Ttotal Status Flags
r-devel-linux-x86_64-debian-clang 0.92.2 0.54 15.60 16.13 NOTE
r-devel-linux-x86_64-debian-gcc 0.92.2 0.65 15.66 16.32 NOTE
r-devel-linux-x86_64-fedora-clang 0.92.2 27.50 NOTE
r-devel-linux-x86_64-fedora-gcc 0.92.2 26.42 NOTE
r-devel-windows-ix86+x86_64 0.92.2 3.00 33.00 36.00 NOTE
r-patched-linux-x86_64 0.92.2 0.53 14.98 15.51 NOTE
r-patched-solaris-x86 0.92.2 34.00 NOTE
r-release-linux-x86_64 0.92.2 0.67 15.50 16.17 NOTE
r-release-windows-ix86+x86_64 0.92.2 2.00 31.00 33.00 NOTE
r-release-osx-x86_64 0.92.2 NOTE
r-oldrel-windows-ix86+x86_64 0.92.2 2.00 29.00 31.00 NOTE
r-oldrel-osx-x86_64 0.92.2 NOTE

Check Details

Version: 0.92.2
Check: DESCRIPTION meta-information
Result: NOTE
    Malformed Title field: should not end in a period.
Flavors: r-devel-linux-x86_64-debian-clang, r-devel-linux-x86_64-debian-gcc, r-devel-linux-x86_64-fedora-clang, r-devel-linux-x86_64-fedora-gcc, r-devel-windows-ix86+x86_64, r-patched-linux-x86_64, r-patched-solaris-x86, r-release-linux-x86_64, r-release-windows-ix86+x86_64, r-release-osx-x86_64, r-oldrel-windows-ix86+x86_64, r-oldrel-osx-x86_64

Version: 0.92.2
Check: R code for possible problems
Result: NOTE
    pacbpred : thetaFunc: no visible global function definition for ‘lsfit’
    pacbpred : thetaFunc: no visible global function definition for ‘rnorm’
    pacbpred: no visible global function definition for ‘var’
    pacbpred: no visible global function definition for ‘runif’
    pacbpred: no visible global function definition for ‘rnorm’
    pacbpred: no visible global function definition for ‘rbinom’
    Undefined global functions or variables:
     lsfit rbinom rnorm runif var
    Consider adding
     importFrom("stats", "lsfit", "rbinom", "rnorm", "runif", "var")
    to your NAMESPACE file.
Flavors: r-devel-linux-x86_64-debian-clang, r-devel-linux-x86_64-debian-gcc, r-devel-linux-x86_64-fedora-clang, r-devel-linux-x86_64-fedora-gcc, r-devel-windows-ix86+x86_64, r-patched-linux-x86_64, r-patched-solaris-x86, r-release-linux-x86_64, r-release-windows-ix86+x86_64, r-release-osx-x86_64, r-oldrel-windows-ix86+x86_64, r-oldrel-osx-x86_64