CRAN Package Check Results for Package pacbpred

Last updated on 2015-03-31 17:50:03.

Flavor Version Tinstall Tcheck Ttotal Status Flags
r-devel-linux-x86_64-debian-clang 0.92.2 0.50 12.26 12.76 NOTE
r-devel-linux-x86_64-debian-gcc 0.92.2 0.50 12.39 12.89 NOTE
r-devel-linux-x86_64-fedora-clang 0.92.2 24.82 NOTE
r-devel-linux-x86_64-fedora-gcc 0.92.2 25.04 NOTE
r-devel-osx-x86_64-clang 0.92.2 31.75 NOTE
r-prerel-windows-ix86+x86_64 0.92.2 3.00 19.00 22.00 NOTE
r-prerel-linux-x86_64 0.92.2 0.54 12.70 13.24 NOTE
r-prerel-solaris-sparc 0.92.2 152.60 NOTE
r-prerel-solaris-x86 0.92.2 33.00 NOTE
r-release-linux-x86_64 0.92.2 0.55 13.33 13.88 OK
r-release-osx-x86_64-mavericks 0.92.2 OK
r-release-windows-ix86+x86_64 0.92.2 3.00 23.00 26.00 OK
r-oldrel-windows-ix86+x86_64 0.92.2 2.00 26.00 28.00 OK

Check Details

Version: 0.92.2
Check: DESCRIPTION meta-information
Result: NOTE
    Malformed Title field: should not end in a period.
Flavors: r-devel-linux-x86_64-debian-clang, r-devel-linux-x86_64-debian-gcc, r-devel-linux-x86_64-fedora-clang, r-devel-linux-x86_64-fedora-gcc, r-devel-osx-x86_64-clang, r-prerel-windows-ix86+x86_64, r-prerel-linux-x86_64, r-prerel-solaris-sparc, r-prerel-solaris-x86