CRAN Package Check Results for Package pacbpred

Last updated on 2016-09-30 23:48:04.

Flavor Version Tinstall Tcheck Ttotal Status Flags
r-devel-linux-x86_64-debian-clang 0.92.2 0.58 13.70 14.28 NOTE
r-devel-linux-x86_64-debian-gcc 0.92.2 0.59 13.37 13.96 NOTE
r-devel-linux-x86_64-fedora-clang 0.92.2 23.71 NOTE
r-devel-linux-x86_64-fedora-gcc 0.92.2 20.96 NOTE
r-devel-macos-x86_64-clang 0.92.2 20.05 NOTE
r-devel-windows-ix86+x86_64 0.92.2 4.00 38.00 42.00 NOTE
r-patched-linux-x86_64 0.92.2 0.47 12.37 12.84 NOTE
r-patched-solaris-sparc 0.92.2 130.20 NOTE
r-patched-solaris-x86 0.92.2 26.80 NOTE
r-release-linux-x86_64 0.92.2 0.56 12.69 13.26 NOTE
r-release-osx-x86_64-mavericks 0.92.2 NOTE
r-release-windows-ix86+x86_64 0.92.2 2.00 33.00 35.00 NOTE
r-oldrel-windows-ix86+x86_64 0.92.2 3.00 21.00 24.00 NOTE

Check Details

Version: 0.92.2
Check: DESCRIPTION meta-information
Result: NOTE
    Malformed Title field: should not end in a period.
Flavors: r-devel-linux-x86_64-debian-clang, r-devel-linux-x86_64-debian-gcc, r-devel-linux-x86_64-fedora-clang, r-devel-linux-x86_64-fedora-gcc, r-devel-macos-x86_64-clang, r-devel-windows-ix86+x86_64, r-patched-linux-x86_64, r-patched-solaris-sparc, r-patched-solaris-x86, r-release-linux-x86_64, r-release-osx-x86_64-mavericks, r-release-windows-ix86+x86_64, r-oldrel-windows-ix86+x86_64

Version: 0.92.2
Check: R code for possible problems
Result: NOTE
    pacbpred : thetaFunc: no visible global function definition for ‘lsfit’
    pacbpred : thetaFunc: no visible global function definition for ‘rnorm’
    pacbpred: no visible global function definition for ‘var’
    pacbpred: no visible global function definition for ‘runif’
    pacbpred: no visible global function definition for ‘rnorm’
    pacbpred: no visible global function definition for ‘rbinom’
    Undefined global functions or variables:
     lsfit rbinom rnorm runif var
    Consider adding
     importFrom("stats", "lsfit", "rbinom", "rnorm", "runif", "var")
    to your NAMESPACE file.
Flavors: r-devel-linux-x86_64-debian-clang, r-devel-linux-x86_64-debian-gcc, r-devel-linux-x86_64-fedora-clang, r-devel-linux-x86_64-fedora-gcc, r-devel-macos-x86_64-clang, r-devel-windows-ix86+x86_64, r-patched-linux-x86_64, r-patched-solaris-sparc, r-patched-solaris-x86, r-release-linux-x86_64, r-release-osx-x86_64-mavericks, r-release-windows-ix86+x86_64