CRAN Package Check Results for Package pacbpred

Last updated on 2016-04-29 06:47:32.

Flavor Version Tinstall Tcheck Ttotal Status Flags
r-devel-linux-x86_64-debian-gcc 0.92.2 0.51 12.21 12.72 NOTE
r-devel-linux-x86_64-fedora-clang 0.92.2 22.62 NOTE
r-devel-linux-x86_64-fedora-gcc 0.92.2 21.21 NOTE
r-devel-osx-x86_64-clang 0.92.2 26.34 NOTE
r-devel-windows-ix86+x86_64 0.92.2 2.00 31.00 33.00 NOTE
r-patched-linux-x86_64 0.92.2 0.50 12.12 12.62 NOTE
r-patched-solaris-sparc 0.92.2 129.80 NOTE
r-patched-solaris-x86 0.92.2 27.60 NOTE
r-release-linux-x86_64 0.92.2 0.56 13.09 13.65 NOTE
r-release-osx-x86_64-mavericks 0.92.2 NOTE
r-release-windows-ix86+x86_64 0.92.2 3.00 21.00 24.00 NOTE
r-oldrel-windows-ix86+x86_64 0.92.2 3.00 23.00 26.00 OK

Check Details

Version: 0.92.2
Check: DESCRIPTION meta-information
Result: NOTE
    Malformed Title field: should not end in a period.
Flavors: r-devel-linux-x86_64-debian-gcc, r-devel-linux-x86_64-fedora-clang, r-devel-linux-x86_64-fedora-gcc, r-devel-osx-x86_64-clang, r-devel-windows-ix86+x86_64, r-patched-linux-x86_64, r-patched-solaris-sparc, r-patched-solaris-x86, r-release-linux-x86_64, r-release-osx-x86_64-mavericks, r-release-windows-ix86+x86_64

Version: 0.92.2
Check: R code for possible problems
Result: NOTE
    pacbpred : thetaFunc: no visible global function definition for ‘lsfit’
    pacbpred : thetaFunc: no visible global function definition for ‘rnorm’
    pacbpred: no visible global function definition for ‘var’
    pacbpred: no visible global function definition for ‘runif’
    pacbpred: no visible global function definition for ‘rnorm’
    pacbpred: no visible global function definition for ‘rbinom’
    Undefined global functions or variables:
     lsfit rbinom rnorm runif var
    Consider adding
     importFrom("stats", "lsfit", "rbinom", "rnorm", "runif", "var")
    to your NAMESPACE file.
Flavors: r-devel-linux-x86_64-debian-gcc, r-devel-linux-x86_64-fedora-clang, r-devel-linux-x86_64-fedora-gcc, r-devel-osx-x86_64-clang, r-devel-windows-ix86+x86_64, r-patched-linux-x86_64, r-patched-solaris-sparc, r-patched-solaris-x86