CRAN Package Check Results for Package pacbpred

Last updated on 2016-12-08 23:49:39.

Flavor Version Tinstall Tcheck Ttotal Status Flags
r-devel-linux-x86_64-debian-clang 0.92.2 0.58 14.56 15.15 NOTE
r-devel-linux-x86_64-debian-gcc 0.92.2 0.59 14.13 14.73 NOTE
r-devel-linux-x86_64-fedora-clang 0.92.2 26.93 NOTE --no-stop-on-test-error
r-devel-linux-x86_64-fedora-gcc 0.92.2 24.98 NOTE --no-stop-on-test-error
r-devel-macos-x86_64-clang 0.92.2 23.36 NOTE
r-devel-windows-ix86+x86_64 0.92.2 4.00 30.00 34.00 NOTE
r-patched-linux-x86_64 0.92.2 0.49 12.55 13.04 NOTE
r-patched-solaris-sparc 0.92.2 130.20 NOTE
r-patched-solaris-x86 0.92.2 28.10 NOTE
r-release-linux-x86_64 0.92.2 0.48 12.54 13.01 NOTE
r-release-osx-x86_64-mavericks 0.92.2 NOTE
r-release-windows-ix86+x86_64 0.92.2 2.00 29.00 31.00 NOTE
r-oldrel-windows-ix86+x86_64 0.92.2 3.00 25.00 28.00 NOTE

Check Details

Version: 0.92.2
Check: DESCRIPTION meta-information
Result: NOTE
    Malformed Title field: should not end in a period.
Flavors: r-devel-linux-x86_64-debian-clang, r-devel-linux-x86_64-debian-gcc, r-devel-macos-x86_64-clang, r-devel-windows-ix86+x86_64, r-patched-linux-x86_64, r-patched-solaris-sparc, r-patched-solaris-x86, r-release-linux-x86_64, r-release-osx-x86_64-mavericks, r-release-windows-ix86+x86_64, r-oldrel-windows-ix86+x86_64

Version: 0.92.2
Check: R code for possible problems
Result: NOTE
    pacbpred : thetaFunc: no visible global function definition for ‘lsfit’
    pacbpred : thetaFunc: no visible global function definition for ‘rnorm’
    pacbpred: no visible global function definition for ‘var’
    pacbpred: no visible global function definition for ‘runif’
    pacbpred: no visible global function definition for ‘rnorm’
    pacbpred: no visible global function definition for ‘rbinom’
    Undefined global functions or variables:
     lsfit rbinom rnorm runif var
    Consider adding
     importFrom("stats", "lsfit", "rbinom", "rnorm", "runif", "var")
    to your NAMESPACE file.
Flavors: r-devel-linux-x86_64-debian-clang, r-devel-linux-x86_64-debian-gcc, r-devel-macos-x86_64-clang, r-devel-windows-ix86+x86_64, r-patched-linux-x86_64, r-patched-solaris-sparc, r-patched-solaris-x86, r-release-linux-x86_64, r-release-osx-x86_64-mavericks, r-release-windows-ix86+x86_64

Version: 0.92.2
Flags: --no-stop-on-test-error
Check: DESCRIPTION meta-information
Result: NOTE
    Malformed Title field: should not end in a period.
Flavors: r-devel-linux-x86_64-fedora-clang, r-devel-linux-x86_64-fedora-gcc

Version: 0.92.2
Flags: --no-stop-on-test-error
Check: R code for possible problems
Result: NOTE
    pacbpred : thetaFunc: no visible global function definition for ‘lsfit’
    pacbpred : thetaFunc: no visible global function definition for ‘rnorm’
    pacbpred: no visible global function definition for ‘var’
    pacbpred: no visible global function definition for ‘runif’
    pacbpred: no visible global function definition for ‘rnorm’
    pacbpred: no visible global function definition for ‘rbinom’
    Undefined global functions or variables:
     lsfit rbinom rnorm runif var
    Consider adding
     importFrom("stats", "lsfit", "rbinom", "rnorm", "runif", "var")
    to your NAMESPACE file.
Flavors: r-devel-linux-x86_64-fedora-clang, r-devel-linux-x86_64-fedora-gcc