CRAN Package Check Results for Package pacbpred

Last updated on 2016-05-24 07:47:20.

Flavor Version Tinstall Tcheck Ttotal Status Flags
r-devel-linux-x86_64-debian-gcc 0.92.2 0.52 12.60 13.12 NOTE
r-devel-linux-x86_64-fedora-clang 0.92.2 22.19 NOTE
r-devel-linux-x86_64-fedora-gcc 0.92.2 20.50 NOTE
r-devel-osx-x86_64-clang 0.92.2 26.37 NOTE
r-devel-windows-ix86+x86_64 0.92.2 2.00 37.00 39.00 NOTE
r-patched-linux-x86_64 0.92.2 0.49 12.44 12.93 NOTE
r-patched-solaris-sparc 0.92.2 133.50 NOTE
r-patched-solaris-x86 0.92.2 27.50 NOTE
r-release-linux-x86_64 0.92.2 0.54 12.27 12.81 NOTE
r-release-osx-x86_64-mavericks 0.92.2 NOTE
r-release-windows-ix86+x86_64 0.92.2 2.00 37.00 39.00 NOTE
r-oldrel-windows-ix86+x86_64 0.92.2 3.00 21.00 24.00 NOTE

Check Details

Version: 0.92.2
Check: DESCRIPTION meta-information
Result: NOTE
    Malformed Title field: should not end in a period.
Flavors: r-devel-linux-x86_64-debian-gcc, r-devel-linux-x86_64-fedora-clang, r-devel-linux-x86_64-fedora-gcc, r-devel-osx-x86_64-clang, r-devel-windows-ix86+x86_64, r-patched-linux-x86_64, r-patched-solaris-sparc, r-patched-solaris-x86, r-release-linux-x86_64, r-release-osx-x86_64-mavericks, r-release-windows-ix86+x86_64, r-oldrel-windows-ix86+x86_64

Version: 0.92.2
Check: R code for possible problems
Result: NOTE
    pacbpred : thetaFunc: no visible global function definition for ‘lsfit’
    pacbpred : thetaFunc: no visible global function definition for ‘rnorm’
    pacbpred: no visible global function definition for ‘var’
    pacbpred: no visible global function definition for ‘runif’
    pacbpred: no visible global function definition for ‘rnorm’
    pacbpred: no visible global function definition for ‘rbinom’
    Undefined global functions or variables:
     lsfit rbinom rnorm runif var
    Consider adding
     importFrom("stats", "lsfit", "rbinom", "rnorm", "runif", "var")
    to your NAMESPACE file.
Flavors: r-devel-linux-x86_64-debian-gcc, r-devel-linux-x86_64-fedora-clang, r-devel-linux-x86_64-fedora-gcc, r-devel-osx-x86_64-clang, r-devel-windows-ix86+x86_64, r-patched-linux-x86_64, r-patched-solaris-sparc, r-patched-solaris-x86, r-release-linux-x86_64, r-release-osx-x86_64-mavericks, r-release-windows-ix86+x86_64