CRAN Package Check Results for Package pacbpred

Last updated on 2015-09-01 06:48:13.

Flavor Version Tinstall Tcheck Ttotal Status Flags
r-devel-linux-x86_64-debian-clang 0.92.2 0.46 11.81 12.28 NOTE
r-devel-linux-x86_64-debian-gcc 0.92.2 0.46 11.75 12.20 NOTE
r-devel-linux-x86_64-fedora-clang 0.92.2 23.12 NOTE
r-devel-linux-x86_64-fedora-gcc 0.92.2 22.18 NOTE
r-devel-osx-x86_64-clang 0.92.2 22.99 NOTE
r-devel-windows-ix86+x86_64 0.92.2 2.00 26.00 28.00 NOTE
r-patched-linux-x86_64 0.92.2 0.54 12.81 13.36 NOTE
r-patched-solaris-sparc 0.92.2 161.50 NOTE
r-patched-solaris-x86 0.92.2 35.90 NOTE
r-release-linux-x86_64 0.92.2 0.61 12.27 12.88 NOTE
r-release-osx-x86_64-mavericks 0.92.2 NOTE
r-release-windows-ix86+x86_64 0.92.2 2.00 22.00 24.00 NOTE
r-oldrel-windows-ix86+x86_64 0.92.2 3.00 23.00 26.00 OK

Check Details

Version: 0.92.2
Check: DESCRIPTION meta-information
Result: NOTE
    Malformed Title field: should not end in a period.
Flavors: r-devel-linux-x86_64-debian-clang, r-devel-linux-x86_64-debian-gcc, r-devel-linux-x86_64-fedora-clang, r-devel-linux-x86_64-fedora-gcc, r-devel-osx-x86_64-clang, r-devel-windows-ix86+x86_64, r-patched-linux-x86_64, r-patched-solaris-sparc, r-patched-solaris-x86, r-release-linux-x86_64, r-release-osx-x86_64-mavericks, r-release-windows-ix86+x86_64

Version: 0.92.2
Check: R code for possible problems
Result: NOTE
    pacbpred : thetaFunc: no visible global function definition for ‘lsfit’
    pacbpred : thetaFunc: no visible global function definition for ‘rnorm’
    pacbpred: no visible global function definition for ‘var’
    pacbpred: no visible global function definition for ‘runif’
    pacbpred: no visible global function definition for ‘rnorm’
    pacbpred: no visible global function definition for ‘rbinom’
    Undefined global functions or variables:
     lsfit rbinom rnorm runif var
    Consider adding
     importFrom("stats", "lsfit", "rbinom", "rnorm", "runif", "var")
    to your NAMESPACE.
Flavors: r-devel-linux-x86_64-debian-clang, r-devel-linux-x86_64-debian-gcc, r-devel-linux-x86_64-fedora-clang, r-devel-linux-x86_64-fedora-gcc, r-devel-windows-ix86+x86_64