CRAN Package Check Results for Package packClassic

Last updated on 2019-04-18 14:49:00 CEST.

Flavor Version Tinstall Tcheck Ttotal Status Flags
r-devel-linux-x86_64-debian-clang 0.5.2 1.08 17.77 18.85 NOTE
r-devel-linux-x86_64-debian-gcc 0.5.2 1.15 14.42 15.57 NOTE
r-devel-linux-x86_64-fedora-clang 0.5.2 23.33 NOTE
r-devel-linux-x86_64-fedora-gcc 0.5.2 22.16 NOTE
r-devel-windows-ix86+x86_64 0.5.2 5.00 29.00 34.00 NOTE
r-patched-linux-x86_64 0.5.2 1.35 18.00 19.35 NOTE
r-patched-solaris-x86 0.5.2 37.00 NOTE
r-release-linux-x86_64 0.5.2 0.61 16.52 17.13 NOTE
r-release-windows-ix86+x86_64 0.5.2 2.00 29.00 31.00 NOTE
r-release-osx-x86_64 0.5.2 NOTE
r-oldrel-windows-ix86+x86_64 0.5.2 2.00 41.00 43.00 NOTE
r-oldrel-osx-x86_64 0.5.2 NOTE

Check Details

Version: 0.5.2
Check: DESCRIPTION meta-information
Result: NOTE
    Malformed Description field: should contain one or more complete sentences.
Flavors: r-devel-linux-x86_64-debian-clang, r-devel-linux-x86_64-debian-gcc, r-devel-linux-x86_64-fedora-clang, r-devel-linux-x86_64-fedora-gcc, r-devel-windows-ix86+x86_64, r-patched-linux-x86_64, r-patched-solaris-x86, r-release-linux-x86_64, r-release-windows-ix86+x86_64, r-release-osx-x86_64, r-oldrel-windows-ix86+x86_64, r-oldrel-osx-x86_64

Version: 0.5.2
Check: top-level files
Result: NOTE
    Non-standard files/directories found at top level:
     'DESCRIPTION_EX' 'divers' 'main.R' 'testsDev'
Flavors: r-devel-linux-x86_64-debian-clang, r-devel-linux-x86_64-debian-gcc, r-devel-linux-x86_64-fedora-clang, r-devel-linux-x86_64-fedora-gcc, r-patched-linux-x86_64, r-release-linux-x86_64