CRAN Package Check Results for Package packClassic

Last updated on 2019-06-25 11:50:27 CEST.

Flavor Version Tinstall Tcheck Ttotal Status Flags
r-devel-linux-x86_64-debian-clang 0.5.2 1.37 17.62 18.99 NOTE
r-devel-linux-x86_64-debian-gcc 0.5.2 1.16 14.40 15.56 NOTE
r-devel-linux-x86_64-fedora-clang 0.5.2 23.67 NOTE
r-devel-linux-x86_64-fedora-gcc 0.5.2 22.31 NOTE
r-devel-windows-ix86+x86_64 0.5.2 8.00 31.00 39.00 NOTE
r-patched-linux-x86_64 0.5.2 1.27 17.86 19.13 NOTE
r-patched-solaris-x86 0.5.2 38.00 NOTE
r-release-linux-x86_64 0.5.2 1.27 17.92 19.19 NOTE
r-release-windows-ix86+x86_64 0.5.2 4.00 39.00 43.00 NOTE
r-release-osx-x86_64 0.5.2 NOTE
r-oldrel-windows-ix86+x86_64 0.5.2 2.00 29.00 31.00 NOTE
r-oldrel-osx-x86_64 0.5.2 NOTE

Check Details

Version: 0.5.2
Check: DESCRIPTION meta-information
Result: NOTE
    Malformed Description field: should contain one or more complete sentences.
Flavors: r-devel-linux-x86_64-debian-clang, r-devel-linux-x86_64-debian-gcc, r-devel-linux-x86_64-fedora-clang, r-devel-linux-x86_64-fedora-gcc, r-devel-windows-ix86+x86_64, r-patched-linux-x86_64, r-patched-solaris-x86, r-release-linux-x86_64, r-release-windows-ix86+x86_64, r-release-osx-x86_64, r-oldrel-windows-ix86+x86_64, r-oldrel-osx-x86_64

Version: 0.5.2
Check: top-level files
Result: NOTE
    Non-standard files/directories found at top level:
     'DESCRIPTION_EX' 'divers' 'main.R' 'testsDev'
Flavors: r-devel-linux-x86_64-debian-clang, r-devel-linux-x86_64-debian-gcc, r-devel-linux-x86_64-fedora-clang, r-devel-linux-x86_64-fedora-gcc, r-patched-linux-x86_64, r-release-linux-x86_64