CRAN Package Check Results for Package packHV

Last updated on 2014-04-23 20:47:17.

Flavor Version Tinstall Tcheck Ttotal Status Flags
r-devel-linux-x86_64-debian-clang 1.8 0.78 13.02 13.79 OK
r-devel-linux-x86_64-debian-gcc 1.7 0.78 13.15 13.93 NOTE
r-devel-linux-x86_64-fedora-clang 1.8 25.85 OK
r-devel-linux-x86_64-fedora-gcc 1.8 24.72 OK
r-devel-osx-x86_64-clang 1.8 27.31 OK
r-devel-osx-x86_64-gcc 1.7 NOTE
r-devel-windows-ix86+x86_64 1.8 3.00 22.00 25.00 OK
r-patched-linux-x86_64 1.7 0.78 13.41 14.18 NOTE
r-patched-solaris-sparc 1.8 141.10 OK
r-patched-solaris-x86 1.8 30.90 OK
r-release-linux-ix86 1.7 2.00 27.00 29.00 NOTE
r-release-linux-x86_64 1.7 0.80 13.11 13.91 NOTE
r-release-osx-x86_64-mavericks 1.7 WARN
r-release-osx-x86_64-snowleopard 1.7 OK
r-release-windows-ix86+x86_64 1.7 7.00 29.00 36.00 NOTE
r-oldrel-windows-ix86+x86_64 1.7 3.00 21.00 24.00 NOTE

Check Details

Version: 1.7
Check: dependencies in R code
Result: NOTE
    Packages in Depends field not imported from:
     ‘WriteXLS’ ‘survival’
     These packages need to be imported from (in the NAMESPACE file)
     for when this namespace is loaded but not attached.
    See the information on DESCRIPTION files in the chapter ‘Creating R
    packages’ of the ‘Writing R Extensions’ manual.
Flavors: r-devel-linux-x86_64-debian-gcc, r-devel-osx-x86_64-gcc, r-patched-linux-x86_64, r-release-linux-ix86, r-release-linux-x86_64, r-release-osx-x86_64-mavericks, r-release-windows-ix86+x86_64, r-oldrel-windows-ix86+x86_64

Version: 1.7
Check: PDF version of manual
Result: WARNING
    LaTeX errors when creating PDF version.
    This typically indicates Rd problems.
    LaTeX errors found:
    ! LaTeX Error: File `upquote.sty' not found.
    
    Type X to quit or <RETURN> to proceed,
    or enter new name. (Default extension: sty)
    
    2c311a30/Rd2.tex:8: ==> Fatal error occurred, no output PDF file produced!
Flavor: r-release-osx-x86_64-mavericks