CRAN Package Check Results for Package packHV

Last updated on 2015-08-29 06:47:47.

Flavor Version Tinstall Tcheck Ttotal Status Flags
r-devel-linux-x86_64-debian-clang 1.8 0.59 12.04 12.63 NOTE
r-devel-linux-x86_64-debian-gcc 1.8 0.62 11.99 12.61 NOTE
r-devel-linux-x86_64-fedora-clang 1.8 23.23 NOTE
r-devel-linux-x86_64-fedora-gcc 1.8 22.13 NOTE
r-devel-osx-x86_64-clang 1.8 23.43 OK
r-devel-windows-ix86+x86_64 1.8 5.00 24.00 29.00 NOTE
r-patched-linux-x86_64 1.8 0.63 12.46 13.09 OK
r-patched-solaris-sparc 1.8 163.20 OK
r-patched-solaris-x86 1.8 38.90 OK
r-release-linux-x86_64 1.8 0.66 12.30 12.96 OK
r-release-osx-x86_64-mavericks 1.8 OK
r-release-windows-ix86+x86_64 1.8 3.00 23.00 26.00 OK
r-oldrel-windows-ix86+x86_64 1.8 5.00 23.00 28.00 OK

Check Details

Version: 1.8
Check: R code for possible problems
Result: NOTE
    IC_OR_glm: no visible global function definition for ‘qnorm’
    IC_RR_coxph: no visible global function definition for ‘qnorm’
    cut_quanti: no visible global function definition for ‘quantile’
    desc : fun.quanti: no visible global function definition for ‘quantile’
    desc: no visible global function definition for ‘anova’
    desc: no visible global function definition for ‘lm’
    desc : <anonymous>: no visible global function definition for ‘anova’
    desc : <anonymous>: no visible global function definition for ‘lm’
    desc: no visible global function definition for ‘t.test’
    desc : <anonymous>: no visible global function definition for ‘t.test’
    desc: no visible global function definition for ‘kruskal.test’
    desc : <anonymous>: no visible global function definition for
     ‘kruskal.test’
    desc: no visible global function definition for ‘wilcox.test’
    desc : <anonymous>: no visible global function definition for
     ‘wilcox.test’
    desc: no visible global function definition for ‘fisher.test’
    desc : <anonymous>: no visible global function definition for
     ‘fisher.test’
    desc: no visible global function definition for ‘chisq.test’
    desc : <anonymous>: no visible global function definition for
     ‘chisq.test’
    hist_boxplot: no visible global function definition for ‘hist’
    hist_boxplot: no visible global function definition for ‘par’
    hist_boxplot: no visible global function definition for ‘axis’
    hist_boxplot: no visible global function definition for ‘boxplot’
    hist_boxplot: no visible global function definition for ‘lines’
    plot_km: no visible global function definition for ‘par’
    plot_km: no visible global function definition for ‘plot’
    plot_km: no visible global function definition for ‘axis’
    plot_km: no visible global function definition for ‘mtext’
    plot_km: no visible global function definition for ‘pchisq’
    plot_km: no visible global function definition for ‘text’
    plot_mm: no visible global function definition for ‘plot’
    plot_mm: no visible global function definition for ‘axis’
    plot_mm: no visible global function definition for ‘lines’
    plot_mm: no visible global function definition for ‘aggregate’
    plot_multi.table: no visible global function definition for ‘par’
    plot_multi.table: no visible global function definition for ‘plot.new’
    plot_multi.table: no visible global function definition for
     ‘plot.window’
    plot_multi.table: no visible global function definition for ‘title’
    plot_multi.table: no visible global function definition for ‘text’
    plot_reg: no visible global function definition for ‘lm’
    plot_reg: no visible global function definition for ‘plot’
    plot_reg: no visible global function definition for ‘abline’
    Undefined global functions or variables:
     abline aggregate anova axis boxplot chisq.test fisher.test hist
     kruskal.test lines lm mtext par pchisq plot plot.new plot.window
     qnorm quantile t.test text title wilcox.test
    Consider adding
     importFrom("graphics", "abline", "axis", "boxplot", "hist", "lines",
     "mtext", "par", "plot", "plot.new", "plot.window", "text",
     "title")
     importFrom("stats", "aggregate", "anova", "chisq.test", "fisher.test",
     "kruskal.test", "lm", "pchisq", "qnorm", "quantile",
     "t.test", "wilcox.test")
    to your NAMESPACE.
Flavors: r-devel-linux-x86_64-debian-clang, r-devel-linux-x86_64-debian-gcc, r-devel-linux-x86_64-fedora-clang, r-devel-linux-x86_64-fedora-gcc, r-devel-windows-ix86+x86_64