CRAN Package Check Results for Package packdep

Last updated on 2015-09-02 06:48:07.

Flavor Version Tinstall Tcheck Ttotal Status Flags
r-devel-linux-x86_64-debian-clang 0.3.1 0.59 11.19 11.78 NOTE
r-devel-linux-x86_64-debian-gcc 0.3.1 0.58 10.67 11.25 NOTE
r-devel-linux-x86_64-fedora-clang 0.3.1 21.98 NOTE
r-devel-linux-x86_64-fedora-gcc 0.3.1 21.46 NOTE
r-devel-osx-x86_64-clang 0.3.1 22.02 NOTE
r-devel-windows-ix86+x86_64 0.3.1 5.00 26.00 31.00 NOTE
r-patched-linux-x86_64 0.3.1 0.65 11.55 12.20 NOTE
r-patched-solaris-sparc 0.3.1 158.80 NOTE
r-patched-solaris-x86 0.3.1 42.70 NOTE
r-release-linux-x86_64 0.3.1 0.63 12.10 12.73 NOTE
r-release-osx-x86_64-mavericks 0.3.1 NOTE
r-release-windows-ix86+x86_64 0.3.1 4.00 39.00 43.00 NOTE
r-oldrel-windows-ix86+x86_64 0.3.1 7.00 29.00 36.00 NOTE

Check Details

Version: 0.3.1
Check: dependencies in R code
Result: NOTE
    'library' or 'require' call to ‘Rgraphviz’ in package code.
     Please use :: or requireNamespace() instead.
     See section 'Suggested packages' in the 'Writing R Extensions' manual.
Flavors: r-devel-linux-x86_64-debian-clang, r-devel-linux-x86_64-debian-gcc, r-devel-linux-x86_64-fedora-clang, r-devel-linux-x86_64-fedora-gcc, r-devel-osx-x86_64-clang, r-devel-windows-ix86+x86_64, r-patched-linux-x86_64, r-patched-solaris-sparc, r-patched-solaris-x86, r-release-linux-x86_64, r-release-osx-x86_64-mavericks, r-release-windows-ix86+x86_64, r-oldrel-windows-ix86+x86_64

Version: 0.3.1
Check: R code for possible problems
Result: NOTE
    base.plot.backend: no visible global function definition for ‘hist’
    base.plot.backend: no visible global function definition for ‘plot’
    centrality: no visible global function definition for ‘is’
    centrality: no visible global function definition for ‘V’
    dependencies: no visible global function definition for ‘is’
    dependencies: no visible global function definition for ‘V’
    histogram.backend: no visible global function definition for ‘hist’
    map.depends: no visible global function definition for ‘contrib.url’
    map.depends: no visible global function definition for
     ‘available.packages’
    map.depends: no visible global function definition for
     ‘installed.packages’
    map.depends: no visible global function definition for
     ‘graph.adjacency’
    related.packages: no visible global function definition for ‘is’
    related.packages: no visible global function definition for ‘V’
    related.packages: no visible global function definition for
     ‘neighborhood’
    related.packages: no visible global function definition for ‘subgraph’
    related.packages: no visible global function definition for ‘V<-’
    related.packages: no visible global function definition for ‘plot’
    related.packages: no visible global function definition for
     ‘layout.kamada.kawai’
    related.packages: no visible global function definition for
     ‘igraph.to.graphNEL’
    related.packages: no visible global function definition for
     ‘layoutGraph’
    related.packages: no visible global function definition for
     ‘renderGraph’
    Undefined global functions or variables:
     V V<- available.packages contrib.url graph.adjacency hist
     igraph.to.graphNEL installed.packages is layout.kamada.kawai
     layoutGraph neighborhood plot renderGraph subgraph
    Consider adding
     importFrom("graphics", "hist", "plot")
     importFrom("methods", "is")
     importFrom("utils", "available.packages", "contrib.url",
     "installed.packages")
    to your NAMESPACE (and ensure that your DESCRIPTION Imports field
    contains 'methods').
Flavors: r-devel-linux-x86_64-debian-clang, r-devel-linux-x86_64-debian-gcc, r-devel-linux-x86_64-fedora-clang, r-devel-linux-x86_64-fedora-gcc, r-devel-windows-ix86+x86_64

Version: 0.3.1
Check: R code for possible problems
Result: NOTE
    centrality: no visible global function definition for ‘V’
    dependencies: no visible global function definition for ‘V’
    map.depends: no visible global function definition for
     ‘graph.adjacency’
    related.packages: no visible global function definition for ‘V’
    related.packages: no visible global function definition for
     ‘neighborhood’
    related.packages: no visible global function definition for ‘subgraph’
    related.packages: no visible global function definition for ‘V<-’
    related.packages: no visible global function definition for
     ‘layout.kamada.kawai’
    related.packages: no visible global function definition for
     ‘igraph.to.graphNEL’
    related.packages: no visible global function definition for
     ‘layoutGraph’
    related.packages: no visible global function definition for
     ‘renderGraph’
    Undefined global functions or variables:
     V V<- graph.adjacency igraph.to.graphNEL layout.kamada.kawai
     layoutGraph neighborhood renderGraph subgraph
Flavor: r-devel-osx-x86_64-clang

Version: 0.3.1
Check: R code for possible problems
Result: NOTE
    centrality: no visible global function definition for ‘V’
    dependencies: no visible global function definition for ‘V’
    map.depends: no visible global function definition for
     ‘graph.adjacency’
    related.packages: no visible global function definition for ‘V’
    related.packages: no visible global function definition for
     ‘neighborhood’
    related.packages: no visible global function definition for ‘subgraph’
    related.packages: no visible global function definition for ‘V<-’
    related.packages: no visible global function definition for
     ‘layout.kamada.kawai’
    related.packages: no visible global function definition for
     ‘igraph.to.graphNEL’
    related.packages: no visible global function definition for
     ‘layoutGraph’
    related.packages: no visible global function definition for
     ‘renderGraph’
Flavors: r-patched-linux-x86_64, r-patched-solaris-sparc, r-patched-solaris-x86, r-release-linux-x86_64, r-release-osx-x86_64-mavericks, r-release-windows-ix86+x86_64, r-oldrel-windows-ix86+x86_64