CRAN Package Check Results for Package packdep

Last updated on 2014-11-26 03:48:01.

Flavor Version Tinstall Tcheck Ttotal Status Flags
r-devel-linux-x86_64-debian-clang 0.3.1 0.71 12.76 13.47 NOTE
r-devel-linux-x86_64-debian-gcc 0.3.1 0.70 12.04 12.74 NOTE
r-devel-linux-x86_64-fedora-clang 0.3.1 27.44 NOTE
r-devel-linux-x86_64-fedora-gcc 0.3.1 25.26 NOTE
r-devel-osx-x86_64-clang 0.3.1 28.44 NOTE
r-devel-windows-ix86+x86_64 0.3.1 3.00 20.00 23.00 NOTE
r-patched-linux-x86_64 0.3.1 0.99 12.11 13.10 NOTE
r-patched-solaris-sparc 0.3.1 168.60 NOTE
r-patched-solaris-x86 0.3.1 40.30 NOTE
r-release-linux-ix86 0.3.1 1.02 17.71 18.73 NOTE
r-release-linux-x86_64 0.3.1 0.86 12.51 13.37 NOTE
r-release-osx-x86_64-mavericks 0.3.1 NOTE
r-release-osx-x86_64-snowleopard 0.3.1 NOTE
r-release-windows-ix86+x86_64 0.3.1 3.00 21.00 24.00 NOTE
r-oldrel-windows-ix86+x86_64 0.3.1 3.00 22.00 25.00 OK

Check Details

Version: 0.3.1
Check: R code for possible problems
Result: NOTE
    centrality: no visible global function definition for ‘V’
    dependencies: no visible global function definition for ‘V’
    map.depends: no visible global function definition for
     ‘graph.adjacency’
    related.packages: no visible global function definition for ‘V’
    related.packages: no visible global function definition for
     ‘neighborhood’
    related.packages: no visible global function definition for ‘subgraph’
    related.packages: no visible global function definition for ‘V<-’
    related.packages: no visible global function definition for
     ‘layout.kamada.kawai’
    related.packages: no visible global function definition for
     ‘igraph.to.graphNEL’
    related.packages: no visible global function definition for
     ‘layoutGraph’
    related.packages: no visible global function definition for
     ‘renderGraph’
Flavors: r-devel-linux-x86_64-debian-clang, r-devel-linux-x86_64-debian-gcc, r-devel-linux-x86_64-fedora-clang, r-devel-linux-x86_64-fedora-gcc, r-devel-osx-x86_64-clang, r-devel-windows-ix86+x86_64, r-patched-linux-x86_64, r-patched-solaris-sparc, r-patched-solaris-x86, r-release-linux-ix86, r-release-linux-x86_64, r-release-windows-ix86+x86_64

Version: 0.3.1
Check: package dependencies
Result: NOTE
    Package suggested but not available for checking: ‘Rgraphviz’
Flavors: r-release-osx-x86_64-mavericks, r-release-osx-x86_64-snowleopard

Version: 0.3.1
Check: R code for possible problems
Result: NOTE
    related.packages: no visible global function definition for
     ‘layoutGraph’
    related.packages: no visible global function definition for
     ‘renderGraph’
Flavors: r-release-osx-x86_64-mavericks, r-release-osx-x86_64-snowleopard