CRAN Package Check Results for Package packdep

Last updated on 2014-07-23 19:49:19.

Flavor Version Tinstall Tcheck Ttotal Status Flags
r-devel-linux-x86_64-debian-clang 0.3.1 0.72 12.46 13.18 OK
r-devel-linux-x86_64-debian-gcc 0.3.1 0.71 12.45 13.16 OK
r-devel-linux-x86_64-fedora-clang 0.3.1 28.27 OK
r-devel-linux-x86_64-fedora-gcc 0.3.1 27.07 OK
r-devel-osx-x86_64-clang 0.3.1 28.60 OK
r-devel-windows-ix86+x86_64 0.3.1 2.00 21.00 23.00 OK
r-patched-linux-x86_64 0.3.1 0.72 12.38 13.10 OK
r-patched-solaris-sparc 0.3.1 160.80 OK
r-patched-solaris-x86 0.3.1 42.30 OK
r-release-linux-ix86 0.3.1 1.05 20.34 21.39 OK
r-release-linux-x86_64 0.3.1 0.73 12.62 13.35 OK
r-release-osx-x86_64-mavericks 0.3.1 NOTE
r-release-osx-x86_64-snowleopard 0.3.1 NOTE
r-release-windows-ix86+x86_64 0.3.1 2.00 21.00 23.00 OK
r-oldrel-windows-ix86+x86_64 0.3.1 3.00 24.00 27.00 OK

Check Details

Version: 0.3.1
Check: package dependencies
Result: NOTE
    Package suggested but not available for checking: ‘Rgraphviz’
Flavors: r-release-osx-x86_64-mavericks, r-release-osx-x86_64-snowleopard

Version: 0.3.1
Check: R code for possible problems
Result: NOTE
    related.packages: no visible global function definition for
     ‘layoutGraph’
    related.packages: no visible global function definition for
     ‘renderGraph’
Flavors: r-release-osx-x86_64-mavericks, r-release-osx-x86_64-snowleopard