CRAN Package Check Results for Package packdep

Last updated on 2014-09-22 21:47:11.

Flavor Version Tinstall Tcheck Ttotal Status Flags
r-devel-linux-x86_64-debian-clang 0.3.1 0.72 11.66 12.38 NOTE
r-devel-linux-x86_64-debian-gcc 0.3.1 0.91 11.67 12.58 NOTE
r-devel-linux-x86_64-fedora-clang 0.3.1 25.87 NOTE
r-devel-linux-x86_64-fedora-gcc 0.3.1 23.66 NOTE
r-devel-osx-x86_64-clang 0.3.1 28.26 NOTE
r-devel-windows-ix86+x86_64 0.3.1 3.00 19.00 22.00 NOTE
r-patched-linux-x86_64 0.3.1 0.73 12.46 13.19 OK
r-patched-solaris-sparc 0.3.1 180.50 OK
r-patched-solaris-x86 0.3.1 41.50 OK
r-release-linux-ix86 0.3.1 1.11 19.36 20.47 OK
r-release-linux-x86_64 0.3.1 0.74 12.88 13.62 OK
r-release-osx-x86_64-mavericks 0.3.1 NOTE
r-release-osx-x86_64-snowleopard 0.3.1 NOTE
r-release-windows-ix86+x86_64 0.3.1 2.00 20.00 22.00 OK
r-oldrel-windows-ix86+x86_64 0.3.1 3.00 23.00 26.00 OK

Check Details

Version: 0.3.1
Check: R code for possible problems
Result: NOTE
    centrality: no visible global function definition for ‘V’
    dependencies: no visible global function definition for ‘V’
    map.depends: no visible global function definition for
     ‘graph.adjacency’
    related.packages: no visible global function definition for ‘V’
    related.packages: no visible global function definition for
     ‘neighborhood’
    related.packages: no visible global function definition for ‘subgraph’
    related.packages: no visible global function definition for ‘V<-’
    related.packages: no visible global function definition for
     ‘layout.kamada.kawai’
    related.packages: no visible global function definition for
     ‘igraph.to.graphNEL’
    related.packages: no visible global function definition for
     ‘layoutGraph’
    related.packages: no visible global function definition for
     ‘renderGraph’
Flavors: r-devel-linux-x86_64-debian-clang, r-devel-linux-x86_64-debian-gcc, r-devel-linux-x86_64-fedora-clang, r-devel-linux-x86_64-fedora-gcc, r-devel-osx-x86_64-clang, r-devel-windows-ix86+x86_64

Version: 0.3.1
Check: package dependencies
Result: NOTE
    Package suggested but not available for checking: ‘Rgraphviz’
Flavors: r-release-osx-x86_64-mavericks, r-release-osx-x86_64-snowleopard

Version: 0.3.1
Check: R code for possible problems
Result: NOTE
    related.packages: no visible global function definition for
     ‘layoutGraph’
    related.packages: no visible global function definition for
     ‘renderGraph’
Flavors: r-release-osx-x86_64-mavericks, r-release-osx-x86_64-snowleopard