CRAN Package Check Results for Package packer

Last updated on 2023-02-08 06:56:33 CET.

Flavor Version Tinstall Tcheck Ttotal Status Flags
r-devel-linux-x86_64-debian-clang 0.1.3 5.11 47.25 52.36 NOTE
r-devel-linux-x86_64-debian-gcc 0.1.3 5.03 37.30 42.33 NOTE
r-devel-linux-x86_64-fedora-clang 0.1.3 72.29 NOTE
r-devel-linux-x86_64-fedora-gcc 0.1.3 66.71 NOTE
r-devel-windows-x86_64 0.1.3 11.00 89.00 100.00 NOTE
r-patched-linux-x86_64 0.1.3 5.59 46.56 52.15 OK
r-release-linux-x86_64 0.1.3 6.01 46.87 52.88 OK
r-release-macos-arm64 0.1.3 24.00 OK
r-release-macos-x86_64 0.1.3 31.00 OK
r-release-windows-x86_64 0.1.3 56.00 89.00 145.00 OK
r-oldrel-macos-arm64 0.1.3 22.00 OK
r-oldrel-macos-x86_64 0.1.3 34.00 OK
r-oldrel-windows-ix86+x86_64 0.1.3 20.00 73.00 93.00 OK

Check Details

Version: 0.1.3
Check: package subdirectories
Result: NOTE
    Problems with news in ‘NEWS.md’:
     Cannot extract version info from the following section titles:
     Changes
Flavors: r-devel-linux-x86_64-debian-clang, r-devel-linux-x86_64-debian-gcc, r-devel-linux-x86_64-fedora-clang, r-devel-linux-x86_64-fedora-gcc, r-devel-windows-x86_64