Last updated on 2023-03-21 07:54:17 CET.
Flavor | Version | Tinstall | Tcheck | Ttotal | Status | Flags |
---|---|---|---|---|---|---|
r-devel-linux-x86_64-debian-clang | 0.9.1 | OK | ||||
r-devel-linux-x86_64-debian-gcc | 0.9.1 | 6.78 | 49.94 | 56.72 | OK | |
r-devel-linux-x86_64-fedora-clang | 0.9.1 | 100.04 | OK | |||
r-devel-linux-x86_64-fedora-gcc | 0.9.1 | 105.47 | OK | |||
r-patched-linux-x86_64 | 0.9.1 | 11.48 | 62.04 | 73.52 | OK | |
r-release-linux-x86_64 | 0.9.1 | 8.87 | 62.26 | 71.13 | OK | |
r-release-macos-arm64 | 0.9.1 | 181.00 | OK | |||
r-release-macos-x86_64 | 0.9.1 | 213.00 | OK | |||
r-release-windows-x86_64 | 0.9.1 | 91.00 | 101.00 | 192.00 | OK | |
r-oldrel-macos-arm64 | 0.9.1 | 181.00 | OK | |||
r-oldrel-macos-x86_64 | 0.9.1 | 212.00 | OK | |||
r-oldrel-windows-ix86+x86_64 | 0.9.1 | 16.00 | 101.00 | 117.00 | WARN |
Version: 0.9.1
Check: for unstated dependencies in ‘tests’
Result: WARN
Warning: unable to access index for repository https://bioconductor.org/packages/3.14/bioc/src/contrib:
cannot open URL 'https://bioconductor.org/packages/3.14/bioc/src/contrib/PACKAGES'
Warning: unable to access index for repository https://bioconductor.org/packages/3.14/data/annotation/src/contrib:
cannot open URL 'https://bioconductor.org/packages/3.14/data/annotation/src/contrib/PACKAGES'
Warning: unable to access index for repository https://bioconductor.org/packages/3.14/data/experiment/src/contrib:
cannot open URL 'https://bioconductor.org/packages/3.14/data/experiment/src/contrib/PACKAGES'
Flavor: r-oldrel-windows-ix86+x86_64