CRAN Package Check Results for Package pacman

Last updated on 2018-11-18 21:47:32 CET.

Flavor Version Tinstall Tcheck Ttotal Status Flags
r-devel-linux-x86_64-debian-clang 0.5.0 2.45 47.38 49.83 OK
r-devel-linux-x86_64-debian-gcc 0.5.0 2.23 37.37 39.60 OK
r-devel-linux-x86_64-fedora-clang 0.5.0 59.67 OK
r-devel-linux-x86_64-fedora-gcc 0.5.0 55.97 OK
r-devel-windows-ix86+x86_64 0.5.0 8.00 62.00 70.00 OK
r-patched-linux-x86_64 0.5.0 2.27 45.19 47.46 OK
r-patched-solaris-x86 0.5.0 84.90 OK
r-release-linux-x86_64 0.5.0 3.00 45.90 48.90 OK
r-release-windows-ix86+x86_64 0.5.0 8.00 64.00 72.00 OK
r-release-osx-x86_64 0.5.0 OK
r-oldrel-windows-ix86+x86_64 0.4.6 3.00 71.00 74.00 ERROR
r-oldrel-osx-x86_64 0.5.0 ERROR

Check Details

Version: 0.4.6
Check: tests
Result: ERROR
     Running 'testthat.R' [7s]
    Running the tests in 'tests/testthat.R' failed.
    Complete output:
     > library("testthat")
     > library("pacman")
     > options(repos="http://cran.rstudio.com/")
     >
     >
     > test_check("pacman")
     -- 1. Error: p_install_gh works (@test-p_install_gh.R#5) ----------------------
     HTTP error 404.
     Not Found
    
     Rate limit remaining: 59/60
     Rate limit reset at: 2018-10-22 00:51:57 UTC
    
    
     1: expect_false(p_install_gh("greg/iDontExistAnywhere")) at testthat/test-p_install_gh.R:5
     2: quasi_label(enquo(object), label)
     3: eval_bare(get_expr(quo), get_env(quo))
     4: p_install_gh("greg/iDontExistAnywhere")
     5: lapply(package, function(x) {
     devtools::install_github(x, dependencies = dependencies, ...)
     })
     6: FUN(X[[i]], ...)
     7: devtools::install_github(x, dependencies = dependencies, ...)
     8: install_remotes(remotes, auth_token = auth_token, host = host, dependencies = dependencies,
     upgrade = upgrade, force = force, quiet = quiet, build = build, build_opts = build_opts,
     repos = repos, type = type, ...)
     9: vapply(remotes, install_remote, ..., FUN.VALUE = character(1))
     10: FUN(X[[i]], ...)
     11: remote_package_name(remote)
     12: remote_package_name.github_remote(remote)
     13: github_DESCRIPTION(username = remote$username, repo = remote$repo, subdir = remote$subdir,
     host = remote$host, ref = remote$ref, pat = remote$auth_token %||% github_pat(),
     use_curl = use_curl)
    
     == testthat results ===========================================================
     OK: 54 SKIPPED: 3 FAILED: 1
     1. Error: p_install_gh works (@test-p_install_gh.R#5)
    
     Error: testthat unit tests failed
     Execution halted
Flavor: r-oldrel-windows-ix86+x86_64

Version: 0.5.0
Check: package dependencies
Result: NOTE
    Package suggested but not available for checking: ‘BiocManager’
Flavor: r-oldrel-osx-x86_64

Version: 0.5.0
Check: whether package can be installed
Result: ERROR
    Installation failed.
Flavor: r-oldrel-osx-x86_64