CRAN Package Check Results for Package paco

Last updated on 2020-01-26 17:49:50 CET.

Flavor Version Tinstall Tcheck Ttotal Status Flags
r-devel-linux-x86_64-debian-clang 0.4.1 2.31 25.75 28.06 OK
r-devel-linux-x86_64-debian-gcc 0.4.1 1.86 20.28 22.14 OK
r-devel-linux-x86_64-fedora-clang 0.4.1 34.00 NOTE
r-devel-linux-x86_64-fedora-gcc 0.4.1 33.26 NOTE
r-devel-windows-ix86+x86_64 0.4.1 8.00 58.00 66.00 OK
r-devel-windows-ix86+x86_64-gcc8 0.4.1 9.00 45.00 54.00 OK
r-patched-linux-x86_64 0.4.1 1.89 23.60 25.49 OK
r-patched-solaris-x86 0.4.1 47.30 NOTE
r-release-linux-x86_64 0.4.1 1.76 23.52 25.28 OK
r-release-windows-ix86+x86_64 0.4.1 4.00 38.00 42.00 OK
r-release-osx-x86_64 0.4.1 NOTE
r-oldrel-windows-ix86+x86_64 0.4.1 2.00 36.00 38.00 OK
r-oldrel-osx-x86_64 0.4.1 NOTE

Check Details

Version: 0.4.1
Check: dependencies in R code
Result: NOTE
    Namespace in Imports field not imported from: ‘ape’
     All declared Imports should be used.
Flavors: r-devel-linux-x86_64-fedora-clang, r-devel-linux-x86_64-fedora-gcc, r-patched-solaris-x86, r-release-osx-x86_64, r-oldrel-osx-x86_64