CRAN Package Check Results for Package paco

Last updated on 2020-09-27 21:47:26 CEST.

Flavor Version Tinstall Tcheck Ttotal Status Flags
r-devel-linux-x86_64-debian-clang 0.4.2 2.46 26.96 29.42 OK
r-devel-linux-x86_64-debian-gcc 0.4.2 1.86 21.04 22.90 OK
r-devel-linux-x86_64-fedora-clang 0.4.2 44.12 NOTE
r-devel-linux-x86_64-fedora-gcc 0.4.2 34.88 NOTE
r-devel-windows-ix86+x86_64 0.4.2 5.00 55.00 60.00 OK
r-patched-linux-x86_64 0.4.2 2.14 26.73 28.87 OK
r-patched-solaris-x86 0.4.2 48.10 NOTE
r-release-linux-x86_64 0.4.2 2.36 26.84 29.20 OK
r-release-macos-x86_64 0.4.2 NOTE
r-release-windows-ix86+x86_64 0.4.2 5.00 48.00 53.00 OK
r-oldrel-macos-x86_64 0.4.2 NOTE
r-oldrel-windows-ix86+x86_64 0.4.2 4.00 43.00 47.00 OK

Check Details

Version: 0.4.2
Check: dependencies in R code
Result: NOTE
    Namespace in Imports field not imported from: ‘ape’
     All declared Imports should be used.
Flavors: r-devel-linux-x86_64-fedora-clang, r-devel-linux-x86_64-fedora-gcc, r-patched-solaris-x86, r-release-macos-x86_64, r-oldrel-macos-x86_64