CRAN Package Check Results for Package pact

Last updated on 2019-03-19 04:48:37 CET.

Flavor Version Tinstall Tcheck Ttotal Status Flags
r-devel-linux-x86_64-debian-clang 0.5.0 6.61 242.78 249.39 OK
r-devel-linux-x86_64-debian-gcc 0.5.0 6.81 177.01 183.82 OK
r-devel-linux-x86_64-fedora-clang 0.5.0 291.77 OK
r-devel-linux-x86_64-fedora-gcc 0.5.0 294.57 OK
r-devel-windows-ix86+x86_64 0.5.0 18.00 213.00 231.00 OK
r-patched-linux-x86_64 0.5.0 4.91 231.28 236.19 OK
r-patched-solaris-x86 0.5.0 432.90 OK
r-release-linux-x86_64 0.5.0 5.60 237.39 242.99 OK
r-release-windows-ix86+x86_64 0.5.0 11.00 291.00 302.00 OK
r-release-osx-x86_64 0.5.0 OK
r-oldrel-windows-ix86+x86_64 0.5.0 14.00 180.00 194.00 WARN
r-oldrel-osx-x86_64 0.5.0 OK

Check Details

Version: 0.5.0
Check: re-building of vignette outputs
Result: WARN
    Error in re-building vignettes:
     ...
    Error: processing vignette 'pact_vignette.Rnw' failed with diagnostics:
    could not find function "isFALSE"
    Execution halted
Flavor: r-oldrel-windows-ix86+x86_64