CRAN Package Check Results for Package pafr

Last updated on 2021-04-11 19:52:13 CEST.

Flavor Version Tinstall Tcheck Ttotal Status Flags
r-devel-linux-x86_64-debian-clang 0.0.2 5.27 81.45 86.72 NOTE
r-devel-linux-x86_64-debian-gcc 0.0.2 4.01 59.54 63.55 NOTE
r-devel-linux-x86_64-fedora-clang 0.0.2 110.09 NOTE
r-devel-linux-x86_64-fedora-gcc 0.0.2 98.57 NOTE
r-devel-windows-ix86+x86_64 0.0.2 14.00 89.00 103.00 NOTE
r-devel-windows-x86_64-gcc10-UCRT 0.0.2 NOTE
r-patched-linux-x86_64 0.0.2 6.04 75.35 81.39 OK
r-patched-solaris-x86 0.0.2 148.20 OK
r-release-linux-x86_64 0.0.2 4.78 75.17 79.95 OK
r-release-macos-x86_64 0.0.2 OK
r-release-windows-ix86+x86_64 0.0.2 13.00 100.00 113.00 OK
r-oldrel-macos-x86_64 0.0.2 OK
r-oldrel-windows-ix86+x86_64 0.0.2 9.00 71.00 80.00 OK

Check Details

Version: 0.0.2
Check: LazyData
Result: NOTE
     'LazyData' is specified without a 'data' directory
Flavors: r-devel-linux-x86_64-debian-clang, r-devel-linux-x86_64-debian-gcc, r-devel-linux-x86_64-fedora-clang, r-devel-linux-x86_64-fedora-gcc, r-devel-windows-ix86+x86_64, r-devel-windows-x86_64-gcc10-UCRT