CRAN Package Check Results for Package pageviews

Last updated on 2022-05-20 15:52:14 CEST.

Flavor Version Tinstall Tcheck Ttotal Status Flags
r-devel-linux-x86_64-debian-clang 0.5.0 2.43 44.04 46.47 NOTE
r-devel-linux-x86_64-debian-gcc 0.5.0 1.75 33.60 35.35 NOTE
r-devel-linux-x86_64-fedora-clang 0.5.0 55.80 NOTE
r-devel-linux-x86_64-fedora-gcc 0.5.0 53.72 NOTE
r-devel-windows-x86_64 0.5.0 14.00 69.00 83.00 NOTE
r-patched-linux-x86_64 0.5.0 2.10 41.92 44.02 NOTE
r-release-linux-x86_64 0.5.0 1.95 41.45 43.40 NOTE
r-release-macos-arm64 0.5.0 34.00 NOTE
r-release-macos-x86_64 0.5.0 42.00 NOTE
r-release-windows-x86_64 0.5.0 21.00 65.00 86.00 NOTE
r-oldrel-macos-arm64 0.5.0 37.00 NOTE
r-oldrel-macos-x86_64 0.5.0 48.00 NOTE
r-oldrel-windows-ix86+x86_64 0.5.0 7.00 55.00 62.00 NOTE

Check Details

Version: 0.5.0
Check: LazyData
Result: NOTE
     'LazyData' is specified without a 'data' directory
Flavors: r-devel-linux-x86_64-debian-clang, r-devel-linux-x86_64-debian-gcc, r-devel-linux-x86_64-fedora-clang, r-devel-linux-x86_64-fedora-gcc, r-devel-windows-x86_64, r-patched-linux-x86_64, r-release-linux-x86_64, r-release-macos-arm64, r-release-macos-x86_64, r-release-windows-x86_64, r-oldrel-macos-arm64, r-oldrel-macos-x86_64, r-oldrel-windows-ix86+x86_64