CRAN Package Check Results for Package pagoda2

Last updated on 2021-04-20 02:49:06 CEST.

Flavor Version Tinstall Tcheck Ttotal Status Flags
r-devel-linux-x86_64-debian-clang 1.0.2 174.65 380.92 555.57 NOTE
r-devel-linux-x86_64-debian-gcc 1.0.2 115.70 281.68 397.38 NOTE
r-devel-windows-ix86+x86_64 1.0.2 307.00 366.00 673.00 NOTE
r-devel-windows-x86_64-gcc10-UCRT 1.0.2 NOTE
r-patched-linux-x86_64 1.0.2 145.01 356.80 501.81 WARN
r-release-linux-x86_64 1.0.2 132.35 350.01 482.36 NOTE
r-release-macos-x86_64 1.0.2 NOTE
r-release-windows-ix86+x86_64 1.0.2 399.00 461.00 860.00 NOTE
r-oldrel-macos-x86_64 1.0.2 WARN
r-oldrel-windows-ix86+x86_64 1.0.2 1.00 6.00 7.00 ERROR

Check Details

Version: 1.0.2
Check: package dependencies
Result: NOTE
    Package suggested but not available for checking: 'p2data'
Flavors: r-devel-linux-x86_64-debian-clang, r-devel-linux-x86_64-debian-gcc, r-devel-windows-ix86+x86_64, r-patched-linux-x86_64, r-release-linux-x86_64, r-release-windows-ix86+x86_64

Version: 1.0.2
Check: LazyData
Result: NOTE
     'LazyData' is specified without a 'data' directory
Flavors: r-devel-linux-x86_64-debian-clang, r-devel-linux-x86_64-debian-gcc, r-devel-windows-ix86+x86_64, r-devel-windows-x86_64-gcc10-UCRT

Version: 1.0.2
Check: installed package size
Result: NOTE
     installed size is 6.1Mb
     sub-directories of 1Mb or more:
     doc 1.5Mb
     libs 2.8Mb
Flavors: r-devel-windows-ix86+x86_64, r-release-macos-x86_64, r-release-windows-ix86+x86_64, r-oldrel-macos-x86_64

Version: 1.0.2
Check: package dependencies
Result: NOTE
    Packages suggested but not available for checking:
     'org.Dr.eg.db', 'org.Mm.eg.db', 'p2data', 'rgl', 'scde'
Flavor: r-devel-windows-x86_64-gcc10-UCRT

Version: 1.0.2
Check: whether package can be installed
Result: WARN
    Found the following significant warnings:
     Rd warning: /tmp/RtmpWd3rOa/R.INSTALLb7853b71a89/pagoda2/man/projectKNNs.Rd:80: file link ‘set.seed’ in package ‘base’ does not exist and so has been treated as a topic
Flavor: r-patched-linux-x86_64

Version: 1.0.2
Check: package dependencies
Result: NOTE
    Packages suggested but not available for checking:
     'org.Dr.eg.db', 'p2data', 'scde'
Flavor: r-release-macos-x86_64

Version: 1.0.2
Check: package dependencies
Result: NOTE
    Packages suggested but not available for checking:
     'GO.db', 'org.Dr.eg.db', 'org.Hs.eg.db', 'org.Mm.eg.db', 'p2data',
     'scde'
Flavor: r-oldrel-macos-x86_64

Version: 1.0.2
Check: R code for possible problems
Result: NOTE
    my.heatmap2: no visible global function definition for ‘plot’
    score.cells.puram: no visible global function definition for ‘plot’
    Undefined global functions or variables:
     plot
    Consider adding
     importFrom("graphics", "plot")
    to your NAMESPACE file.
Flavor: r-oldrel-macos-x86_64

Version: 1.0.2
Check: re-building of vignette outputs
Result: WARN
    Error(s) in re-building vignettes:
    --- re-building ‘pagoda2.walkthrough.Rmd’ using rmarkdown
    Warning in engine$weave(file, quiet = quiet, encoding = enc) :
     Pandoc (>= 1.12.3) and/or pandoc-citeproc not available. Falling back to R Markdown v1.
    
    Attaching package: 'igraph'
    
    The following objects are masked from 'package:stats':
    
     decompose, spectrum
    
    The following object is masked from 'package:base':
    
     union
    
    
    Attaching package: 'dplyr'
    
    The following objects are masked from 'package:igraph':
    
     as_data_frame, groups, union
    
    The following objects are masked from 'package:stats':
    
     filter, lag
    
    The following objects are masked from 'package:base':
    
     intersect, setdiff, setequal, union
    
    Installing package into '/Volumes/SSD-Data/Builds/R-dev-web/QA/Simon/packages/el-capitan-x86_64/results/3.6/pagoda2.Rcheck'
    (as 'lib' is unspecified)
    trying URL 'https://kharchenkolab.github.io/drat/src/contrib/p2data_1.0.0.tar.gz'
    Content type 'application/gzip' length 6265057 bytes (6.0 MB)
    ==================================================
    downloaded 6.0 MB
    
    * installing *source* package ‘p2data’ ...
    ** using staged installation
    ** R
    ** data
    *** moving datasets to lazyload DB
    ** byte-compile and prepare package for lazy loading
    ** help
    *** installing help indices
    ** building package indices
    ** testing if installed package can be loaded from temporary location
    ** testing if installed package can be loaded from final location
    ** testing if installed package keeps a record of temporary installation path
    * DONE (p2data)
    
    The downloaded source packages are in
     '/private/tmp/RtmpjsluB1/downloaded_packages'
    3000 cells, 12546 genes; normalizing ...
    Using plain model
    Winsorizing ...
    log scale ...
    done.
    
    calculating variance fit ...
     using gam
    173 overdispersed genes ... 173
    persisting ...
    done.
    running PCA using 2000 OD genes .
    .
    .
    .
     done
    
    running tSNE using 2 cores:
    
    0% 10 20 30 40 50 60 70 80 90 100%
    [----|----|----|----|----|----|----|----|----|----|
    **************************************************|
    Quitting from lines 264-272 (pagoda2.walkthrough.Rmd)
    Error: processing vignette 'pagoda2.walkthrough.Rmd' failed with diagnostics:
    there is no package called 'org.Hs.eg.db'
    --- failed re-building ‘pagoda2.walkthrough.Rmd’
    
    SUMMARY: processing the following file failed:
     ‘pagoda2.walkthrough.Rmd’
    
    Error: Vignette re-building failed.
    Execution halted
Flavor: r-oldrel-macos-x86_64

Version: 1.0.2
Check: package dependencies
Result: ERROR
    Package required but not available: 'N2R'
    
    Package suggested but not available for checking: 'p2data'
    
    See section 'The DESCRIPTION file' in the 'Writing R Extensions'
    manual.
Flavor: r-oldrel-windows-ix86+x86_64