CRAN Package Check Results for Package pairwise

Last updated on 2017-08-16 16:46:44.

Flavor Version Tinstall Tcheck Ttotal Status Flags
r-devel-linux-x86_64-debian-clang 0.4.1 2.14 47.15 49.28 OK
r-devel-linux-x86_64-debian-gcc 0.4.1 2.23 44.76 46.99 OK
r-devel-linux-x86_64-fedora-clang 0.4.1 94.68 OK
r-devel-linux-x86_64-fedora-gcc 0.4.1 91.91 OK
r-devel-windows-ix86+x86_64 0.4.1 6.00 74.00 80.00 OK
r-patched-linux-x86_64 0.4.1 2.13 44.84 46.97 OK
r-patched-solaris-x86 0.4.1 122.60 OK
r-release-linux-x86_64 0.4.1 2.19 45.01 47.20 OK
r-release-windows-ix86+x86_64 0.4.1 6.00 104.00 110.00 OK
r-release-osx-x86_64 0.4.1 NOTE
r-oldrel-windows-ix86+x86_64 0.4.1 8.00 81.00 89.00 OK
r-oldrel-osx-x86_64 0.4.1 OK

Check Details

Version: 0.4.1
Check: re-building of vignette outputs
Result: NOTE
    Error in re-building vignettes:
     ...
    Error in texi2dvi(file = file, pdf = TRUE, clean = clean, quiet = quiet, :
     Running 'texi2dvi' on 'DEU_PISA2012_description.tex' failed.
    LaTeX errors:
    ! LaTeX Error: File `apacite.sty' not found.
    
    Type X to quit or <RETURN> to proceed,
    or enter new name. (Default extension: sty)
    
    ! Emergency stop.
    <read *>
    
    l.9 \usepackage
     {tabularx}^^M
    ! ==> Fatal error occurred, no output PDF file produced!
    Calls: buildVignettes -> texi2pdf -> texi2dvi
    Execution halted
Flavor: r-release-osx-x86_64