CRAN Package Check Results for Package pairwise

Last updated on 2014-09-17 03:47:42.

Flavor Version Tinstall Tcheck Ttotal Status Flags
r-devel-linux-x86_64-debian-clang 0.2.5 0.88 36.08 36.97 OK
r-devel-linux-x86_64-debian-gcc 0.2.5 0.88 34.87 35.76 OK
r-devel-linux-x86_64-fedora-clang 0.2.5 78.24 OK
r-devel-linux-x86_64-fedora-gcc 0.2.5 75.07 OK
r-devel-osx-x86_64-clang 0.2.5 70.22 OK
r-devel-windows-ix86+x86_64 0.2.5 3.00 51.00 54.00 OK
r-patched-linux-x86_64 0.2.5 0.91 36.38 37.30 OK
r-patched-solaris-sparc 0.2.5 532.40 OK
r-patched-solaris-x86 0.2.5 106.30 OK
r-release-linux-ix86 0.2.5 1.38 52.51 53.88 OK
r-release-linux-x86_64 0.2.5 0.93 36.06 36.99 OK
r-release-osx-x86_64-mavericks 0.2.5 NOTE
r-release-osx-x86_64-snowleopard 0.2.5 OK
r-release-windows-ix86+x86_64 0.2.5 3.00 55.00 58.00 OK
r-oldrel-windows-ix86+x86_64 0.2.5 3.00 54.00 57.00 OK

Check Details

Version: 0.2.5
Check: re-building of vignette outputs
Result: NOTE
    Error in re-building vignettes:
     ...
    Error in texi2dvi(file = file, pdf = TRUE, clean = clean, quiet = quiet, :
     Running 'texi2dvi' on 'DEU_PISA2012_description.tex' failed.
    LaTeX errors:
    ! LaTeX Error: File `apacite.sty' not found.
    
    Type X to quit or <RETURN> to proceed,
    or enter new name. (Default extension: sty)
    
    n_test/pairwise/vignettes/DEU_PISA2012_description.tex:9: ==> Fatal error occu
    rred, no output PDF file produced!
    Calls: buildVignettes -> texi2pdf -> texi2dvi
    Execution halted
Flavor: r-release-osx-x86_64-mavericks