CRAN Package Check Results for Package pairwise

Last updated on 2015-07-31 23:47:54.

Flavor Version Tinstall Tcheck Ttotal Status Flags
r-devel-linux-x86_64-debian-clang 0.2.5 0.89 33.35 34.24 NOTE
r-devel-linux-x86_64-debian-gcc 0.2.5 1.20 34.76 35.96 NOTE
r-devel-linux-x86_64-fedora-clang 0.2.5 68.41 NOTE
r-devel-linux-x86_64-fedora-gcc 0.2.5 64.62 NOTE
r-devel-osx-x86_64-clang 0.2.5 62.04 OK
r-devel-windows-ix86+x86_64 0.2.5 4.00 51.00 55.00 NOTE
r-patched-linux-x86_64 0.2.5 0.96 34.23 35.19 OK
r-patched-solaris-sparc 0.2.5 489.00 OK
r-patched-solaris-x86 0.2.5 97.40 OK
r-release-linux-x86_64 0.2.5 0.85 33.53 34.38 OK
r-release-osx-x86_64-mavericks 0.2.5 OK
r-release-windows-ix86+x86_64 0.2.5 5.00 74.00 79.00 OK
r-oldrel-windows-ix86+x86_64 0.2.5 3.00 85.00 88.00 OK

Check Details

Version: 0.2.5
Check: R code for possible problems
Result: NOTE
    catprob : <anonymous>: no visible global function definition for
     ‘na.omit’
    catprob: no visible global function definition for ‘lines’
    catprob: no visible global function definition for ‘axis’
    catprob: no visible global function definition for ‘abline’
    catprob: no visible global function definition for ‘na.omit’
    catprob: no visible global function definition for ‘text’
    esc: no visible global function definition for ‘na.omit’
    esc: no visible global function definition for ‘complete.cases’
    esc: no visible global function definition for ‘aggregate’
    esc: no visible global function definition for ‘plot’
    esc: no visible global function definition for ‘lines’
    esc: no visible global function definition for ‘symbols’
    expscore : foo1 : <anonymous>: no visible global function definition
     for ‘na.omit’
    expscore : foo2: no visible global function definition for ‘na.omit’
    expscore : foo3: no visible global function definition for ‘na.omit’
    gif: no visible global function definition for ‘complete.cases’
    gif: no visible global function definition for ‘aggregate’
    gif: no visible binding for global variable ‘median’
    gif : <anonymous>: no visible global function definition for ‘na.omit’
    gif: no visible global function definition for ‘plot’
    gif: no visible global function definition for ‘lines’
    gif: no visible global function definition for ‘axis’
    gif: no visible global function definition for ‘text’
    grm: no visible global function definition for ‘median’
    iff: no visible global function definition for ‘na.omit’
    iff: no visible global function definition for ‘matlines’
    logLik.pers : <anonymous>: no visible global function definition for
     ‘na.omit’
    pairSE: no visible binding for global variable ‘sd’
    pairwise.item.fit: no visible global function definition for ‘pchisq’
    pairwise.person.fit: no visible global function definition for ‘pchisq’
    pers : <anonymous>: no visible global function definition for ‘na.omit’
    pers: no visible global function definition for ‘is’
    pers: no visible global function definition for ‘complete.cases’
    pers: no visible global function definition for ‘var’
    plot.grm: no visible global function definition for ‘plot’
    plot.grm : eli: no visible global function definition for ‘lines’
    plot.grm: no visible global function definition for ‘text’
    plot.grm: no visible global function definition for ‘points’
    plot.grm: no visible global function definition for ‘abline’
    plot.pair: no visible global function definition for ‘par’
    plot.pair: no visible global function definition for ‘plot’
    plot.pair: no visible global function definition for ‘matplot’
    plot.pair: no visible global function definition for ‘axis’
    plot.pairSE: no visible global function definition for ‘par’
    plot.pairSE: no visible global function definition for ‘plot’
    plot.pairSE: no visible global function definition for ‘matplot’
    plot.pairSE: no visible global function definition for ‘axis’
    plot.pairSE: no visible global function definition for ‘mtext’
    plot.pairSE: no visible global function definition for ‘segments’
    plot.pers: no visible global function definition for ‘hist’
    plot.pers: no visible global function definition for ‘par’
    plot.pers: no visible global function definition for ‘layout’
    plot.pers: no visible global function definition for ‘plot’
    plot.pers: no visible global function definition for ‘rect’
    plot.pers: no visible global function definition for ‘text’
    plot.pers: no visible global function definition for ‘lines’
    plot.pers: no visible global function definition for ‘na.omit’
    plot.pers: no visible global function definition for ‘title’
    plot.rfa: no visible global function definition for ‘plot’
    plot.rfa: no visible global function definition for ‘text’
    ptb: no visible global function definition for ‘var’
    pvx.super : <anonymous>: no visible global function definition for
     ‘na.omit’
    rfa: no visible global function definition for ‘cov’
    summary.pers: no visible global function definition for ‘aggregate’
    tff: no visible global function definition for ‘na.omit’
    tff: no visible global function definition for ‘matlines’
    Undefined global functions or variables:
     abline aggregate axis complete.cases cov hist is layout lines
     matlines matplot median mtext na.omit par pchisq plot points rect sd
     segments symbols text title var
    Consider adding
     importFrom("graphics", "abline", "axis", "hist", "layout", "lines",
     "matlines", "matplot", "mtext", "par", "plot", "points",
     "rect", "segments", "symbols", "text", "title")
     importFrom("methods", "is")
     importFrom("stats", "aggregate", "complete.cases", "cov", "median",
     "na.omit", "pchisq", "sd", "var")
    to your NAMESPACE.
Flavors: r-devel-linux-x86_64-debian-clang, r-devel-linux-x86_64-debian-gcc, r-devel-linux-x86_64-fedora-clang, r-devel-linux-x86_64-fedora-gcc, r-devel-windows-ix86+x86_64