CRAN Package Check Results for Package pairwise

Last updated on 2014-04-23 20:47:17.

Flavor Version Tinstall Tcheck Ttotal Status Flags
r-devel-linux-x86_64-debian-clang 0.2.4 0.92 32.32 33.24 OK
r-devel-linux-x86_64-debian-gcc 0.2.4 0.87 32.91 33.78 OK
r-devel-linux-x86_64-fedora-clang 0.2.4 71.32 OK
r-devel-linux-x86_64-fedora-gcc 0.2.4 69.26 OK
r-devel-osx-x86_64-clang 0.2.4 66.05 OK
r-devel-osx-x86_64-gcc 0.2.4 OK
r-devel-windows-ix86+x86_64 0.2.4 3.00 44.00 47.00 OK
r-patched-linux-x86_64 0.2.4 0.92 33.01 33.93 OK
r-patched-solaris-sparc 0.2.4 444.30 OK
r-patched-solaris-x86 0.2.4 97.60 OK
r-release-linux-ix86 0.2.4 1.00 59.00 60.00 OK
r-release-linux-x86_64 0.2.4 0.95 33.12 34.07 OK
r-release-osx-x86_64-mavericks 0.2.4 NOTE
r-release-osx-x86_64-snowleopard 0.2.4 OK
r-release-windows-ix86+x86_64 0.2.4 3.00 48.00 51.00 OK
r-oldrel-windows-ix86+x86_64 0.2.4 3.00 50.00 53.00 OK

Check Details

Version: 0.2.4
Check: re-building of vignette outputs
Result: NOTE
    Error in re-building vignettes:
     ...
    Error in texi2dvi(file = file, pdf = TRUE, clean = clean, quiet = quiet, :
     Running 'texi2dvi' on 'DEU_PISA2012_description.tex' failed.
    LaTeX errors:
    ! LaTeX Error: File `apacite.sty' not found.
    
    Type X to quit or <RETURN> to proceed,
    or enter new name. (Default extension: sty)
    
    n_test/pairwise/vignettes/DEU_PISA2012_description.tex:9: ==> Fatal error occu
    rred, no output PDF file produced!
    Calls: buildVignettes -> texi2pdf -> texi2dvi
    Execution halted
Flavor: r-release-osx-x86_64-mavericks