CRAN Package Check Results for Package pairwise

Last updated on 2019-03-25 19:47:31 CET.

Flavor Version Tinstall Tcheck Ttotal Status Flags
r-devel-linux-x86_64-debian-clang 0.4.4-5.1 5.86 70.11 75.97 WARN
r-devel-linux-x86_64-debian-gcc 0.4.4-5.1 5.43 55.09 60.52 OK
r-devel-linux-x86_64-fedora-clang 0.4.4-5.1 92.48 OK
r-devel-linux-x86_64-fedora-gcc 0.4.4-5.1 88.50 OK
r-devel-windows-ix86+x86_64 0.4.4-5.1 15.00 105.00 120.00 OK
r-patched-linux-x86_64 0.4.4-5.1 5.73 60.56 66.29 OK
r-patched-solaris-x86 0.4.4-5.1 117.40 OK
r-release-linux-x86_64 0.4.4-5.1 4.78 61.54 66.32 OK
r-release-windows-ix86+x86_64 0.4.4-5.1 12.00 105.00 117.00 OK
r-release-osx-x86_64 0.4.4-5.1 OK
r-oldrel-windows-ix86+x86_64 0.4.4-5.1 7.00 99.00 106.00 OK
r-oldrel-osx-x86_64 0.4.4-5.1 OK

Check Details

Version: 0.4.4-5.1
Check: whether package can be installed
Result: WARN
    Found the following significant warnings:
     Warning: unable to re-encode 'andersentest.pers.R' line 27
     Warning: unable to re-encode 'deltapar.R' line 8
     Warning: unable to re-encode 'pair.R' line 27
     Warning: unable to re-encode 'pairwise-package.r' lines 53, 59, 62, 64
     Warning: unable to re-encode 'pairwise.S.R' lines 33, 34, 36
     Warning: unable to re-encode 'pairwise.item.fit.R' line 10
     Warning: unable to re-encode 'pairwise.person.fit.R' line 10
     Warning: unable to re-encode 'pers.R' lines 15, 17
     Warning: unable to re-encode 'q3.R' line 12
     Warning: unable to re-encode 'rfa.R' lines 14, 15
     Warning: unable to re-encode 'summary.pairwise.item.fit.R' lines 8, 11
     Warning: unable to re-encode 'summary.pairwise.person.fit.R' lines 8, 11
Flavor: r-devel-linux-x86_64-debian-clang