CRAN Package Check Results for Package pairwise

Last updated on 2014-11-24 16:47:17.

Flavor Version Tinstall Tcheck Ttotal Status Flags
r-devel-linux-x86_64-debian-clang 0.2.5 1.02 37.18 38.20 OK
r-devel-linux-x86_64-debian-gcc 0.2.5 0.94 39.27 40.21 OK
r-devel-linux-x86_64-fedora-clang 0.2.5 83.41 OK
r-devel-linux-x86_64-fedora-gcc 0.2.5 75.51 OK
r-devel-osx-x86_64-clang 0.2.5 74.56 OK
r-devel-windows-ix86+x86_64 0.2.5 3.00 54.00 57.00 OK
r-patched-linux-x86_64 0.2.5 1.06 37.12 38.18 OK
r-patched-solaris-sparc 0.2.5 532.40 OK
r-patched-solaris-x86 0.2.5 106.10 OK
r-release-linux-ix86 0.2.5 1.41 48.56 49.97 OK
r-release-linux-x86_64 0.2.5 1.06 36.00 37.06 OK
r-release-osx-x86_64-mavericks 0.2.5 NOTE
r-release-osx-x86_64-snowleopard 0.2.5 OK
r-release-windows-ix86+x86_64 0.2.5 3.00 55.00 58.00 OK
r-oldrel-windows-ix86+x86_64 0.2.5 3.00 54.00 57.00 OK

Check Details

Version: 0.2.5
Check: re-building of vignette outputs
Result: NOTE
    Error in re-building vignettes:
     ...
    Error in texi2dvi(file = file, pdf = TRUE, clean = clean, quiet = quiet, :
     Running 'texi2dvi' on 'DEU_PISA2012_description.tex' failed.
    LaTeX errors:
    ! LaTeX Error: File `apacite.sty' not found.
    
    Type X to quit or <RETURN> to proceed,
    or enter new name. (Default extension: sty)
    
    n_test/pairwise/vignettes/DEU_PISA2012_description.tex:9: ==> Fatal error occu
    rred, no output PDF file produced!
    Calls: buildVignettes -> texi2pdf -> texi2dvi
    Execution halted
Flavor: r-release-osx-x86_64-mavericks