CRAN Package Check Results for Package pairwise

Last updated on 2014-12-20 17:51:12.

Flavor Version Tinstall Tcheck Ttotal Status Flags
r-devel-linux-x86_64-debian-clang 0.2.5 1.12 36.92 38.04 OK
r-devel-linux-x86_64-debian-gcc 0.2.5 1.16 35.12 36.27 OK
r-devel-linux-x86_64-fedora-clang 0.2.5 82.21 OK
r-devel-linux-x86_64-fedora-gcc 0.2.5 77.37 OK
r-devel-osx-x86_64-clang 0.2.5 75.73 OK
r-devel-windows-ix86+x86_64 0.2.5 4.00 55.00 59.00 OK
r-patched-linux-x86_64 0.2.5 0.98 37.47 38.44 OK
r-patched-solaris-sparc 0.2.5 532.40 OK
r-patched-solaris-x86 0.2.5 110.90 OK
r-release-linux-ix86 0.2.5 1.42 48.69 50.11 OK
r-release-linux-x86_64 0.2.5 0.96 39.95 40.91 OK
r-release-osx-x86_64-mavericks 0.2.5 NOTE
r-release-osx-x86_64-snowleopard 0.2.5 OK
r-release-windows-ix86+x86_64 0.2.5 4.00 57.00 61.00 OK
r-oldrel-windows-ix86+x86_64 0.2.5 3.00 51.00 54.00 OK

Check Details

Version: 0.2.5
Check: re-building of vignette outputs
Result: NOTE
    Error in re-building vignettes:
     ...
    Error in texi2dvi(file = file, pdf = TRUE, clean = clean, quiet = quiet, :
     Running 'texi2dvi' on 'DEU_PISA2012_description.tex' failed.
    LaTeX errors:
    ! LaTeX Error: File `apacite.sty' not found.
    
    Type X to quit or <RETURN> to proceed,
    or enter new name. (Default extension: sty)
    
    n_test/pairwise/vignettes/DEU_PISA2012_description.tex:9: ==> Fatal error occu
    rred, no output PDF file produced!
    Calls: buildVignettes -> texi2pdf -> texi2dvi
    Execution halted
Flavor: r-release-osx-x86_64-mavericks