CRAN Package Check Results for Package pairwise

Last updated on 2017-10-21 18:47:23.

Flavor Version Tinstall Tcheck Ttotal Status Flags
r-devel-linux-x86_64-debian-clang 0.4.3-2 1.84 43.80 45.64 OK
r-devel-linux-x86_64-debian-gcc 0.4.3-2 2.20 44.15 46.35 OK
r-devel-linux-x86_64-fedora-clang 0.4.3-2 95.98 OK
r-devel-linux-x86_64-fedora-gcc 0.4.3-2 88.95 OK
r-devel-windows-ix86+x86_64 0.4.3-2 6.00 105.00 111.00 OK
r-patched-linux-x86_64 0.4.3-2 2.38 44.87 47.24 OK
r-patched-solaris-x86 0.4.3-2 114.40 OK
r-release-linux-x86_64 0.4.3-2 2.66 43.32 45.98 OK
r-release-windows-ix86+x86_64 0.4.3-2 9.00 105.00 114.00 OK
r-release-osx-x86_64 0.4.3-2 NOTE
r-oldrel-windows-ix86+x86_64 0.4.3-2 5.00 102.00 107.00 OK
r-oldrel-osx-x86_64 0.4.3-2 OK

Check Details

Version: 0.4.3-2
Check: re-building of vignette outputs
Result: NOTE
    Error in re-building vignettes:
     ...
    Error in texi2dvi(file = file, pdf = TRUE, clean = clean, quiet = quiet, :
     Running 'texi2dvi' on 'DEU_PISA2012_description.tex' failed.
    LaTeX errors:
    ! LaTeX Error: File `apacite.sty' not found.
    
    Type X to quit or <RETURN> to proceed,
    or enter new name. (Default extension: sty)
    
    ! Emergency stop.
    <read *>
    
    l.9 \usepackage
     {tabularx}^^M
    ! ==> Fatal error occurred, no output PDF file produced!
    Calls: buildVignettes -> texi2pdf -> texi2dvi
    Execution halted
Flavor: r-release-osx-x86_64