CRAN Package Check Results for Package pairwiseCI

Last updated on 2014-04-24 07:52:32.

Flavor Version Tinstall Tcheck Ttotal Status Flags
r-devel-linux-x86_64-debian-clang 0.1-22 2.08 39.49 41.56 OK
r-devel-linux-x86_64-debian-gcc 0.1-22 2.03 39.00 41.02 OK
r-devel-linux-x86_64-fedora-clang 0.1-22 84.52 OK
r-devel-linux-x86_64-fedora-gcc 0.1-22 79.97 OK
r-devel-osx-x86_64-clang 0.1-22 77.95 OK
r-devel-osx-x86_64-gcc 0.1-22 ERROR
r-devel-windows-ix86+x86_64 0.1-22 7.00 57.00 64.00 OK
r-patched-linux-x86_64 0.1-22 1.96 39.24 41.20 OK
r-patched-solaris-sparc 0.1-22 438.50 OK
r-patched-solaris-x86 0.1-22 98.60 OK
r-release-linux-ix86 0.1-22 4.00 65.00 69.00 OK
r-release-linux-x86_64 0.1-22 1.96 39.83 41.80 OK
r-release-osx-x86_64-mavericks 0.1-22 OK
r-release-osx-x86_64-snowleopard 0.1-22 OK
r-release-windows-ix86+x86_64 0.1-22 8.00 59.00 67.00 OK
r-oldrel-windows-ix86+x86_64 0.1-22 9.00 65.00 74.00 OK

Check Details

Version: 0.1-22
Check: package dependencies
Result: ERROR
    Package required but not available: ‘MCPAN’
    
    See the information on DESCRIPTION files in the chapter ‘Creating R
    packages’ of the ‘Writing R Extensions’ manual.
Flavor: r-devel-osx-x86_64-gcc