CRAN Package Check Results for Package pairwiseCI

Last updated on 2015-07-02 19:47:24.

Flavor Version Tinstall Tcheck Ttotal Status Flags
r-devel-linux-x86_64-debian-clang 0.1-22 1.42 29.95 31.37 NOTE
r-devel-linux-x86_64-debian-gcc 0.1-22 1.44 29.28 30.72 NOTE
r-devel-linux-x86_64-fedora-clang 0.1-22 60.94 NOTE
r-devel-linux-x86_64-fedora-gcc 0.1-22 56.97 NOTE
r-devel-osx-x86_64-clang 0.1-22 57.68 NOTE
r-devel-windows-ix86+x86_64 0.1-22 5.00 45.00 50.00 NOTE
r-patched-linux-x86_64 0.1-22 1.47 29.22 30.70 NOTE
r-patched-solaris-sparc 0.1-22 376.30 NOTE
r-patched-solaris-x86 0.1-22 80.70 NOTE
r-release-linux-x86_64 0.1-22 1.42 31.20 32.62 NOTE
r-release-osx-x86_64-mavericks 0.1-22 OK
r-release-windows-ix86+x86_64 0.1-22 5.00 55.00 60.00 OK
r-oldrel-windows-ix86+x86_64 0.1-22 10.00 68.00 78.00 OK

Check Details

Version: 0.1-22
Check: S3 generic/method consistency
Result: NOTE
    Found the following apparent S3 methods exported but not registered:
     pairwiseMEP.data.frame
    See section ‘Registering S3 methods’ in the ‘Writing R Extensions’
    manual.
Flavors: r-devel-linux-x86_64-debian-clang, r-devel-linux-x86_64-debian-gcc, r-devel-linux-x86_64-fedora-clang, r-devel-linux-x86_64-fedora-gcc, r-devel-osx-x86_64-clang, r-patched-linux-x86_64, r-patched-solaris-sparc, r-patched-solaris-x86, r-release-linux-x86_64

Version: 0.1-22
Check: R code for possible problems
Result: NOTE
    HL.diff: no visible global function definition for ‘na.omit’
    HL.diff: no visible global function definition for ‘as.formula’
    HL.diff: no visible global function definition for ‘confint’
    HL.ratio: no visible global function definition for ‘na.omit’
    HL.ratio: no visible global function definition for ‘as.formula’
    HL.ratio: no visible global function definition for ‘confint’
    Lognorm.diff: no visible global function definition for ‘var’
    Lognorm.diff: no visible global function definition for ‘rnorm’
    Lognorm.diff: no visible global function definition for ‘rchisq’
    Lognorm.diff: no visible global function definition for ‘quantile’
    Lognorm.ratio: no visible global function definition for ‘var’
    Lognorm.ratio: no visible global function definition for ‘rnorm’
    Lognorm.ratio: no visible global function definition for ‘rchisq’
    Lognorm.ratio: no visible global function definition for ‘quantile’
    Median.diff : Mediandiff: no visible global function definition for
     ‘median’
    Median.diff: no visible global function definition for ‘median’
    Median.ratio : Medianratio: no visible global function definition for
     ‘median’
    Median.ratio: no visible global function definition for ‘median’
    Negbin.ratio: no visible global function definition for ‘confint’
    Negbin.ratio: no visible global function definition for ‘coefficients’
    Poisson.ratio: no visible global function definition for ‘glm’
    Poisson.ratio: Error while checking: invalid ‘envir’ argument
    Prop.diff: no visible global function definition for ‘qnorm’
    Prop.or: no visible global function definition for ‘qnorm’
    Quasipoisson.ratio: no visible global function definition for ‘glm’
    Quasipoisson.ratio: Error while checking: invalid ‘envir’ argument
    RRMNscoreci : limitmn: no visible global function definition for
     ‘uniroot’
    RRMNscoreci: no visible global function definition for ‘qnorm’
    RRcrudenormalci: no visible global function definition for ‘qnorm’
    RRmoverrci: no visible global function definition for ‘qnorm’
    RRscoreci : limitscore: no visible global function definition for
     ‘uniroot’
    RRscoreci: no visible global function definition for ‘qnorm’
    np.re : probit: no visible global function definition for ‘qnorm’
    np.re : BF: no visible global function definition for ‘var’
    np.re: no visible global function definition for ‘qnorm’
    np.re: no visible global function definition for ‘pnorm’
    np.re: no visible global function definition for ‘qt’
    np.re: no visible global function definition for ‘pt’
    pairwiseCICont: no visible global function definition for ‘model.frame’
    pairwiseCIProp: no visible global function definition for ‘model.frame’
    pairwiseMEP.data.frame: no visible global function definition for
     ‘as.formula’
    pairwiseTestCont: no visible global function definition for
     ‘model.frame’
    pairwiseTestProp: no visible global function definition for
     ‘model.frame’
    plot.pairwiseCI: no visible global function definition for ‘par’
    plot.pairwiseCI: no visible global function definition for ‘plot.new’
    plot.pairwiseCI: no visible global function definition for ‘strwidth’
    plot.pairwiseCI: no visible global function definition for ‘plot’
    plot.pairwiseCI: no visible global function definition for ‘axis’
    plot.pairwiseCI: no visible global function definition for ‘box’
    plot.pairwiseCI: no visible global function definition for ‘lines’
    plot.pairwiseCI: no visible global function definition for ‘points’
    profileDG: no visible global function definition for ‘coefficients’
    profileDG: no visible global function definition for ‘model.frame’
    profileDG: no visible global function definition for ‘model.response’
    profileDG: no visible global function definition for ‘model.offset’
    profileDG: no visible global function definition for ‘model.weights’
    profileDG: no visible global function definition for ‘deviance’
    profileDG: no visible global function definition for ‘model.matrix’
    profileDG: no visible global function definition for ‘family’
    profileDG: no visible global function definition for ‘glm.fit’
    profileDG: no visible global function definition for ‘coef’
    Undefined global functions or variables:
     as.formula axis box coef coefficients confint deviance family glm
     glm.fit lines median model.frame model.matrix model.offset
     model.response model.weights na.omit par plot plot.new pnorm points
     pt qnorm qt quantile rchisq rnorm strwidth uniroot var
Flavors: r-devel-linux-x86_64-debian-clang, r-devel-linux-x86_64-fedora-clang, r-devel-linux-x86_64-fedora-gcc

Version: 0.1-22
Check: R code for possible problems
Result: NOTE
    HL.diff: no visible global function definition for ‘na.omit’
    HL.diff: no visible global function definition for ‘as.formula’
    HL.diff: no visible global function definition for ‘confint’
    HL.ratio: no visible global function definition for ‘na.omit’
    HL.ratio: no visible global function definition for ‘as.formula’
    HL.ratio: no visible global function definition for ‘confint’
    Lognorm.diff: no visible global function definition for ‘var’
    Lognorm.diff: no visible global function definition for ‘rnorm’
    Lognorm.diff: no visible global function definition for ‘rchisq’
    Lognorm.diff: no visible global function definition for ‘quantile’
    Lognorm.ratio: no visible global function definition for ‘var’
    Lognorm.ratio: no visible global function definition for ‘rnorm’
    Lognorm.ratio: no visible global function definition for ‘rchisq’
    Lognorm.ratio: no visible global function definition for ‘quantile’
    Median.diff : Mediandiff: no visible global function definition for
     ‘median’
    Median.diff: no visible global function definition for ‘median’
    Median.ratio : Medianratio: no visible global function definition for
     ‘median’
    Median.ratio: no visible global function definition for ‘median’
    Negbin.ratio: no visible global function definition for ‘confint’
    Negbin.ratio: no visible global function definition for ‘coefficients’
    Poisson.ratio: no visible global function definition for ‘glm’
    Poisson.ratio: Error while checking: invalid ‘envir’ argument
    Prop.diff: no visible global function definition for ‘qnorm’
    Prop.or: no visible global function definition for ‘qnorm’
    Quasipoisson.ratio: no visible global function definition for ‘glm’
    Quasipoisson.ratio: Error while checking: invalid ‘envir’ argument
    RRMNscoreci : limitmn: no visible global function definition for
     ‘uniroot’
    RRMNscoreci: no visible global function definition for ‘qnorm’
    RRcrudenormalci: no visible global function definition for ‘qnorm’
    RRmoverrci: no visible global function definition for ‘qnorm’
    RRscoreci : limitscore: no visible global function definition for
     ‘uniroot’
    RRscoreci: no visible global function definition for ‘qnorm’
    np.re : probit: no visible global function definition for ‘qnorm’
    np.re : BF: no visible global function definition for ‘var’
    np.re: no visible global function definition for ‘qnorm’
    np.re: no visible global function definition for ‘pnorm’
    np.re: no visible global function definition for ‘qt’
    np.re: no visible global function definition for ‘pt’
    pairwiseCICont: no visible global function definition for ‘model.frame’
    pairwiseCIProp: no visible global function definition for ‘model.frame’
    pairwiseMEP.data.frame: no visible global function definition for
     ‘as.formula’
    pairwiseTestCont: no visible global function definition for
     ‘model.frame’
    pairwiseTestProp: no visible global function definition for
     ‘model.frame’
    plot.pairwiseCI: no visible global function definition for ‘par’
    plot.pairwiseCI: no visible global function definition for ‘plot.new’
    plot.pairwiseCI: no visible global function definition for ‘strwidth’
    plot.pairwiseCI: no visible global function definition for ‘plot’
    plot.pairwiseCI: no visible global function definition for ‘axis’
    plot.pairwiseCI: no visible global function definition for ‘box’
    plot.pairwiseCI: no visible global function definition for ‘lines’
    plot.pairwiseCI: no visible global function definition for ‘points’
    profileDG: no visible global function definition for ‘coefficients’
    profileDG: no visible global function definition for ‘model.frame’
    profileDG: no visible global function definition for ‘model.response’
    profileDG: no visible global function definition for ‘model.offset’
    profileDG: no visible global function definition for ‘model.weights’
    profileDG: no visible global function definition for ‘deviance’
    profileDG: no visible global function definition for ‘model.matrix’
    profileDG: no visible global function definition for ‘family’
    profileDG: no visible global function definition for ‘glm.fit’
    profileDG: no visible global function definition for ‘coef’
Flavors: r-devel-linux-x86_64-debian-gcc, r-devel-windows-ix86+x86_64