CRAN Package Check Results for Package pairwiseCI

Last updated on 2015-04-28 16:46:47.

Flavor Version Tinstall Tcheck Ttotal Status Flags
r-devel-linux-x86_64-debian-clang 0.1-22 1.57 30.16 31.73 NOTE
r-devel-linux-x86_64-debian-gcc 0.1-22 1.46 30.75 32.22 NOTE
r-devel-linux-x86_64-fedora-clang 0.1-22 65.48 NOTE
r-devel-linux-x86_64-fedora-gcc 0.1-22 58.61 NOTE
r-devel-osx-x86_64-clang 0.1-22 57.00 NOTE
r-devel-windows-ix86+x86_64 0.1-22 6.00 46.00 52.00 OK
r-patched-linux-x86_64 0.1-22 1.46 30.40 31.86 NOTE
r-patched-solaris-sparc 0.1-22 385.80 OK
r-patched-solaris-x86 0.1-22 78.30 NOTE
r-release-linux-x86_64 0.1-22 1.44 30.06 31.50 NOTE
r-release-osx-x86_64-mavericks 0.1-22 OK
r-release-osx-x86_64-snowleopard 0.1-22 ERROR
r-release-windows-ix86+x86_64 0.1-22 6.00 47.00 53.00 OK
r-oldrel-windows-ix86+x86_64 0.1-22 7.00 60.00 67.00 OK

Check Details

Version: 0.1-22
Check: S3 generic/method consistency
Result: NOTE
    Found the following apparent S3 methods exported but not registered:
     pairwiseMEP.data.frame
    See section ‘Registering S3 methods’ in the ‘Writing R Extensions’
    manual.
Flavors: r-devel-linux-x86_64-debian-clang, r-devel-linux-x86_64-debian-gcc, r-devel-linux-x86_64-fedora-clang, r-devel-linux-x86_64-fedora-gcc, r-devel-osx-x86_64-clang, r-patched-linux-x86_64, r-patched-solaris-x86, r-release-linux-x86_64

Version: 0.1-22
Check: package dependencies
Result: ERROR
    Package required but not available: ‘MCPAN’
    
    See section ‘The DESCRIPTION file’ in the ‘Writing R Extensions’
    manual.
Flavor: r-release-osx-x86_64-snowleopard