CRAN Package Check Results for Package pairwiseCI

Last updated on 2015-05-24 03:48:08.

Flavor Version Tinstall Tcheck Ttotal Status Flags
r-devel-linux-x86_64-debian-clang 0.1-22 1.45 30.60 32.04 NOTE
r-devel-linux-x86_64-debian-gcc 0.1-22 1.83 30.63 32.46 NOTE
r-devel-linux-x86_64-fedora-clang 0.1-22 62.40 NOTE
r-devel-linux-x86_64-fedora-gcc 0.1-22 58.81 NOTE
r-devel-osx-x86_64-clang 0.1-22 57.03 NOTE
r-devel-windows-ix86+x86_64 0.1-22 5.00 47.00 52.00 OK
r-patched-linux-x86_64 0.1-22 1.44 29.81 31.25 NOTE
r-patched-solaris-sparc 0.1-22 376.30 NOTE
r-patched-solaris-x86 0.1-22 81.00 NOTE
r-release-linux-x86_64 0.1-22 1.54 29.70 31.24 NOTE
r-release-osx-x86_64-mavericks 0.1-22 OK
r-release-osx-x86_64-snowleopard 0.1-22 ERROR
r-release-windows-ix86+x86_64 0.1-22 7.00 46.00 53.00 OK
r-oldrel-windows-ix86+x86_64 0.1-22 9.00 100.00 109.00 OK

Check Details

Version: 0.1-22
Check: S3 generic/method consistency
Result: NOTE
    Found the following apparent S3 methods exported but not registered:
     pairwiseMEP.data.frame
    See section ‘Registering S3 methods’ in the ‘Writing R Extensions’
    manual.
Flavors: r-devel-linux-x86_64-debian-clang, r-devel-linux-x86_64-debian-gcc, r-devel-linux-x86_64-fedora-clang, r-devel-linux-x86_64-fedora-gcc, r-devel-osx-x86_64-clang, r-patched-linux-x86_64, r-patched-solaris-sparc, r-patched-solaris-x86, r-release-linux-x86_64

Version: 0.1-22
Check: package dependencies
Result: ERROR
    Package required but not available: ‘MCPAN’
    
    See section ‘The DESCRIPTION file’ in the ‘Writing R Extensions’
    manual.
Flavor: r-release-osx-x86_64-snowleopard