CRAN Package Check Results for Package pairwiseCI

Last updated on 2015-01-26 03:52:31.

Flavor Version Tinstall Tcheck Ttotal Status Flags
r-devel-linux-x86_64-debian-clang 0.1-22 1.59 31.36 32.94 OK
r-devel-linux-x86_64-debian-gcc 0.1-22 1.51 30.82 32.33 OK
r-devel-linux-x86_64-fedora-clang 0.1-22 78.32 NOTE
r-devel-linux-x86_64-fedora-gcc 0.1-22 74.13 NOTE
r-devel-osx-x86_64-clang 0.1-22 71.23 NOTE
r-devel-windows-ix86+x86_64 0.1-22 9.00 48.00 57.00 OK
r-patched-linux-x86_64 0.1-22 1.91 37.41 39.32 OK
r-patched-solaris-sparc 0.1-22 470.30 OK
r-patched-solaris-x86 0.1-22 100.60 OK
r-release-linux-ix86 0.1-22 2.56 45.80 48.37 OK
r-release-linux-x86_64 0.1-22 1.91 39.40 41.31 OK
r-release-osx-x86_64-mavericks 0.1-22 OK
r-release-osx-x86_64-snowleopard 0.1-22 OK
r-release-windows-ix86+x86_64 0.1-22 8.00 60.00 68.00 OK
r-oldrel-windows-ix86+x86_64 0.1-22 9.00 65.00 74.00 OK

Check Details

Version: 0.1-22
Check: S3 generic/method consistency
Result: NOTE
    Found the following apparent S3 methods exported but not registered:
     pairwiseMEP.data.frame
    See section ‘Registering S3 methods’ in the ‘Writing R Extensions’
    manual.
Flavors: r-devel-linux-x86_64-fedora-clang, r-devel-linux-x86_64-fedora-gcc, r-devel-osx-x86_64-clang