CRAN Package Check Results for Package pairwiseCI

Last updated on 2018-05-23 08:49:02 CEST.

Flavor Version Tinstall Tcheck Ttotal Status Flags
r-devel-linux-x86_64-debian-clang 0.1-26 10.75 103.21 113.96 OK
r-devel-linux-x86_64-debian-gcc 0.1-26 0.32 1.32 1.64 ERROR
r-devel-linux-x86_64-fedora-clang 0.1-26 141.68 OK
r-devel-linux-x86_64-fedora-gcc 0.1-26 134.75 OK
r-devel-windows-ix86+x86_64 0.1-26 17.00 143.00 160.00 OK
r-patched-linux-x86_64 0.1-26 11.63 90.10 101.73 OK
r-patched-solaris-x86 0.1-26 177.60 OK
r-release-linux-x86_64 0.1-26 9.70 90.04 99.74 OK
r-release-windows-ix86+x86_64 0.1-26 22.00 144.00 166.00 OK
r-release-osx-x86_64 0.1-26 OK
r-oldrel-windows-ix86+x86_64 0.1-26 21.00 107.00 128.00 OK
r-oldrel-osx-x86_64 0.1-25 OK

Check Details

Version: 0.1-26
Check: package dependencies
Result: ERROR
    Package required but not available: ‘mcprofile’
    
    See section ‘The DESCRIPTION file’ in the ‘Writing R Extensions’
    manual.
Flavor: r-devel-linux-x86_64-debian-gcc