CRAN Package Check Results for Package pairwiseCI

Last updated on 2015-03-05 10:50:06.

Flavor Version Tinstall Tcheck Ttotal Status Flags
r-devel-linux-x86_64-debian-clang 0.1-22 1.46 30.92 32.38 NOTE
r-devel-linux-x86_64-debian-gcc 0.1-22 1.44 28.98 30.43 NOTE
r-devel-linux-x86_64-fedora-clang 0.1-22 62.95 NOTE
r-devel-linux-x86_64-fedora-gcc 0.1-22 58.85 NOTE
r-devel-osx-x86_64-clang 0.1-22 60.63 NOTE
r-devel-windows-ix86+x86_64 0.1-22 6.00 47.00 53.00 OK
r-patched-linux-x86_64 0.1-22 2.10 38.58 40.68 OK
r-patched-solaris-sparc 0.1-22 459.30 OK
r-patched-solaris-x86 0.1-22 97.50 OK
r-release-linux-ix86 0.1-22 2.74 47.02 49.76 OK
r-release-linux-x86_64 0.1-22 2.07 38.88 40.96 OK
r-release-osx-x86_64-mavericks 0.1-22 OK
r-release-osx-x86_64-snowleopard 0.1-22 OK
r-release-windows-ix86+x86_64 0.1-22 8.00 61.00 69.00 OK
r-oldrel-windows-ix86+x86_64 0.1-22 9.00 66.00 75.00 OK

Check Details

Version: 0.1-22
Check: S3 generic/method consistency
Result: NOTE
    Found the following apparent S3 methods exported but not registered:
     pairwiseMEP.data.frame
    See section ‘Registering S3 methods’ in the ‘Writing R Extensions’
    manual.
Flavors: r-devel-linux-x86_64-debian-clang, r-devel-linux-x86_64-debian-gcc, r-devel-linux-x86_64-fedora-clang, r-devel-linux-x86_64-fedora-gcc, r-devel-osx-x86_64-clang