CRAN Package Check Results for Package pak

Last updated on 2022-05-29 13:51:22 CEST.

Flavor Version Tinstall Tcheck Ttotal Status Flags
r-devel-linux-x86_64-debian-clang 0.3.0 7.44 48.05 55.49 OK
r-devel-linux-x86_64-debian-gcc 0.3.0 5.27 36.87 42.14 OK
r-devel-linux-x86_64-fedora-clang 0.3.0 66.77 OK
r-devel-linux-x86_64-fedora-gcc 0.3.0 54.25 OK
r-devel-windows-x86_64 0.3.0 376.00 73.00 449.00 NOTE
r-patched-linux-x86_64 0.3.0 6.24 46.72 52.96 OK
r-release-linux-x86_64 0.3.0 5.53 46.34 51.87 OK
r-release-macos-arm64 0.3.0 18.00 OK
r-release-macos-x86_64 0.3.0 30.00 OK
r-release-windows-x86_64 0.3.0 509.00 78.00 587.00 NOTE
r-oldrel-macos-arm64 0.3.0 15.00 OK
r-oldrel-macos-x86_64 0.3.0 29.00 OK
r-oldrel-windows-ix86+x86_64 0.3.0 133.00 54.00 187.00 NOTE

Check Details

Version: 0.3.0
Check: installed package size
Result: NOTE
     installed size is 20.3Mb
     sub-directories of 1Mb or more:
     library 19.8Mb
Flavors: r-devel-windows-x86_64, r-release-windows-x86_64, r-oldrel-windows-ix86+x86_64