CRAN Package Check Results for Package palaeoSig

Last updated on 2015-05-28 17:48:07.

Flavor Version Tinstall Tcheck Ttotal Status Flags
r-devel-linux-x86_64-debian-clang 1.1-3 3.06 51.66 54.72 OK
r-devel-linux-x86_64-debian-gcc 1.1-3 2.93 51.02 53.94 OK
r-devel-linux-x86_64-fedora-clang 1.1-3 112.48 OK
r-devel-linux-x86_64-fedora-gcc 1.1-3 109.21 OK
r-devel-osx-x86_64-clang 1.1-3 96.12 OK
r-devel-windows-ix86+x86_64 1.1-3 8.00 75.00 83.00 OK
r-patched-linux-x86_64 1.1-3 3.08 49.68 52.76 OK
r-patched-solaris-sparc 1.1-3 663.90 OK
r-patched-solaris-x86 1.1-3 154.10 OK
r-release-linux-x86_64 1.1-3 3.11 50.48 53.59 OK
r-release-osx-x86_64-mavericks 1.1-3 OK
r-release-osx-x86_64-snowleopard 1.1-3 ERROR
r-release-windows-ix86+x86_64 1.1-3 9.00 68.00 77.00 OK
r-oldrel-windows-ix86+x86_64 1.1-3 12.00 88.00 100.00 OK

Check Details

Version: 1.1-3
Check: package dependencies
Result: ERROR
    Packages required but not available: ‘vegan’ ‘rioja’
    
    Package suggested but not available for checking: ‘fields’
    
    See section ‘The DESCRIPTION file’ in the ‘Writing R Extensions’
    manual.
Flavor: r-release-osx-x86_64-snowleopard