CRAN Package Check Results for Package palaeoSig

Last updated on 2015-04-27 19:47:22.

Flavor Version Tinstall Tcheck Ttotal Status Flags
r-devel-linux-x86_64-debian-clang 1.1-3 3.83 54.05 57.88 OK
r-devel-linux-x86_64-debian-gcc 1.1-3 2.99 51.82 54.81 OK
r-devel-linux-x86_64-fedora-clang 1.1-3 116.72 OK
r-devel-linux-x86_64-fedora-gcc 1.1-3 107.43 OK
r-devel-osx-x86_64-clang 1.1-3 95.43 OK
r-devel-windows-ix86+x86_64 1.1-3 10.00 83.00 93.00 OK
r-patched-linux-x86_64 1.1-3 2.97 51.06 54.02 OK
r-patched-solaris-sparc 1.1-3 661.70 OK
r-patched-solaris-x86 1.1-3 147.40 OK
r-release-linux-x86_64 1.1-3 3.08 50.47 53.55 OK
r-release-osx-x86_64-mavericks 1.1-3 OK
r-release-osx-x86_64-snowleopard 1.1-3 ERROR
r-release-windows-ix86+x86_64 1.1-3 14.00 106.00 120.00 OK
r-oldrel-windows-ix86+x86_64 1.1-3 12.00 93.00 105.00 OK

Check Details

Version: 1.1-3
Check: package dependencies
Result: ERROR
    Packages required but not available: ‘vegan’ ‘rioja’
    
    Package suggested but not available for checking: ‘fields’
    
    See section ‘The DESCRIPTION file’ in the ‘Writing R Extensions’
    manual.
Flavor: r-release-osx-x86_64-snowleopard