CRAN Package Check Results for Package palaeoSig

Last updated on 2017-06-24 20:48:50.

Flavor Version Tinstall Tcheck Ttotal Status Flags
r-devel-linux-x86_64-debian-clang 1.1-3 3.10 53.02 56.12 NOTE
r-devel-linux-x86_64-debian-gcc 1.1-3 2.89 52.07 54.96 NOTE
r-devel-linux-x86_64-fedora-clang 1.1-3 122.07 NOTE
r-devel-linux-x86_64-fedora-gcc 1.1-3 116.67 NOTE
r-devel-windows-ix86+x86_64 1.1-3 13.00 125.00 138.00 NOTE
r-patched-linux-x86_64 1.1-3 3.04 53.00 56.03 NOTE
r-patched-solaris-sparc 1.1-3 14.70 ERROR
r-patched-solaris-x86 1.1-3 134.40 NOTE
r-release-linux-x86_64 1.1-3 2.95 52.28 55.23 NOTE
r-release-windows-ix86+x86_64 1.1-3 11.00 127.00 138.00 NOTE
r-release-osx-x86_64 1.1-3 NOTE
r-oldrel-windows-ix86+x86_64 1.1-3 9.00 111.00 120.00 NOTE
r-oldrel-osx-x86_64 1.1-3 NOTE

Check Details

Version: 1.1-3
Check: R code for possible problems
Result: NOTE
    Hill.N2.core: no visible global function definition for ‘quantile’
    ModelMaker: no visible global function definition for ‘runif’
    agelme: no visible global function definition for ‘quasi’
    agelme: no visible global function definition for ‘par’
    agelme: no visible global function definition for ‘plot’
    agelme: no visible global function definition for ‘lines’
    agelme: no visible global function definition for ‘loess.smooth’
    agelme: no visible global function definition for ‘abline’
    agelme: no visible global function definition for ‘qqnorm’
    agelme: no visible global function definition for ‘qqline’
    anamorph: no visible global function definition for ‘qnorm’
    anamorph: no visible global function definition for ‘predict’
    anamorph: no visible global function definition for ‘lm’
    anamorph: no visible global function definition for ‘lines’
    anamorph: no visible global function definition for ‘points’
    anamorph: no visible global function definition for ‘approxfun’
    centipede.plot: no visible global function definition for ‘coef’
    centipede.plot: no visible global function definition for ‘plot’
    centipede.plot: no visible global function definition for ‘arrows’
    centipede.plot: no visible global function definition for ‘axis’
    coverage.plot: no visible global function definition for ‘plot’
    coverage.plot: no visible global function definition for ‘abline’
    hermite.coef: no visible global function definition for ‘qnorm’
    hermite.coef: no visible global function definition for ‘dnorm’
    identify.obscor: no visible global function definition for ‘identify’
    make.dist: no visible global function definition for ‘dist’
    make.env: no visible global function definition for ‘pnorm’
    mat.h: no visible global function definition for ‘dist’
    obs.cor: no visible global function definition for ‘predict’
    obs.cor : <anonymous>: no visible global function definition for
     ‘cov.wt’
    obs.cor: no visible global function definition for ‘cor’
    obs.cor: no visible global function definition for ‘runif’
    plot.RNE: no visible global function definition for ‘plot’
    plot.RNE: no visible global function definition for ‘matpoints’
    plot.RNE: no visible global function definition for ‘text’
    plot.fittedAgelme: no visible global function definition for ‘title’
    plot.fittedAgelme: no visible global function definition for ‘matlines’
    plot.js: no visible global function definition for ‘plot’
    plot.js: no visible global function definition for ‘polygon’
    plot.js: no visible global function definition for ‘points’
    plot.js: no visible global function definition for ‘lines’
    plot.js: no visible global function definition for ‘quantile’
    plot.js : <anonymous>: no visible global function definition for
     ‘polygon’
    plot.js: no visible global function definition for ‘arrows’
    plot.js: no visible global function definition for ‘text’
    plot.obscor: no visible global function definition for ‘plot’
    plot.obscor: no visible global function definition for ‘hist’
    plot.obscor: no visible global function definition for ‘abline’
    plot.obscor: no visible global function definition for ‘quantile’
    plot.obscor: no visible global function definition for ‘text’
    plot.obscor: no visible global function definition for ‘par’
    plot.obscor: no visible global function definition for ‘box’
    predict.agelme: no visible global function definition for ‘predict’
    predict.agelme: no visible global function definition for ‘approx’
    randomTF: no visible global function definition for ‘predict’
    randomTF: no visible global function definition for ‘formula’
    randomTF : <anonymous>: no visible global function definition for
     ‘predict’
    randomTF : <anonymous>: no visible global function definition for
     ‘formula’
    randomTF: no visible global function definition for ‘runif’
    randomTFmm: no visible global function definition for ‘formula’
    randomTFmm : <anonymous>: no visible global function definition for
     ‘predict’
    randomTFmm : <anonymous>: no visible global function definition for
     ‘formula’
    rne : <anonymous> : <anonymous>: no visible global function definition
     for ‘predict’
    rne : <anonymous>: no visible global function definition for ‘cor’
    rne : <anonymous>: no visible binding for global variable ‘cor’
    species: no visible global function definition for ‘pnorm’
    Undefined global functions or variables:
     abline approx approxfun arrows axis box coef cor cov.wt dist dnorm
     formula hist identify lines lm loess.smooth matlines matpoints par
     plot pnorm points polygon predict qnorm qqline qqnorm quantile quasi
     runif text title
    Consider adding
     importFrom("graphics", "abline", "arrows", "axis", "box", "hist",
     "identify", "lines", "matlines", "matpoints", "par", "plot",
     "points", "polygon", "text", "title")
     importFrom("stats", "approx", "approxfun", "coef", "cor", "cov.wt",
     "dist", "dnorm", "formula", "lm", "loess.smooth", "pnorm",
     "predict", "qnorm", "qqline", "qqnorm", "quantile", "quasi",
     "runif")
    to your NAMESPACE file.
Flavors: r-devel-linux-x86_64-debian-clang, r-devel-linux-x86_64-debian-gcc, r-devel-linux-x86_64-fedora-clang, r-devel-linux-x86_64-fedora-gcc, r-devel-windows-ix86+x86_64, r-patched-linux-x86_64, r-patched-solaris-x86, r-release-linux-x86_64, r-release-windows-ix86+x86_64, r-release-osx-x86_64, r-oldrel-windows-ix86+x86_64, r-oldrel-osx-x86_64

Version: 1.1-3
Check: package dependencies
Result: ERROR
    Package required but not available: ‘rioja’
    
    See section ‘The DESCRIPTION file’ in the ‘Writing R Extensions’
    manual.
Flavor: r-patched-solaris-sparc