CRAN Package Check Results for Package palasso

Last updated on 2020-05-27 14:49:00 CEST.

Flavor Version Tinstall Tcheck Ttotal Status Flags
r-devel-linux-x86_64-debian-clang 0.0.7 7.57 58.75 66.32 NOTE
r-devel-linux-x86_64-debian-gcc 0.0.7 5.73 44.32 50.05 NOTE
r-devel-linux-x86_64-fedora-clang 0.0.7 76.91 NOTE
r-devel-linux-x86_64-fedora-gcc 0.0.7 81.62 NOTE
r-devel-windows-ix86+x86_64 0.0.7 19.00 62.00 81.00 NOTE
r-patched-linux-x86_64 0.0.7 7.93 57.15 65.08 NOTE
r-patched-solaris-x86 0.0.7 114.80 NOTE
r-release-linux-x86_64 0.0.7 6.75 59.06 65.81 NOTE
r-release-osx-x86_64 0.0.7 NOTE
r-release-windows-ix86+x86_64 0.0.7 13.00 85.00 98.00 NOTE
r-oldrel-osx-x86_64 0.0.7 NOTE
r-oldrel-windows-ix86+x86_64 0.0.7 12.00 64.00 76.00 OK

Check Details

Version: 0.0.7
Check: package dependencies
Result: NOTE
    Package which this enhances but not available for checking: 'CorShrink'
Flavors: r-devel-linux-x86_64-debian-clang, r-devel-linux-x86_64-debian-gcc, r-devel-linux-x86_64-fedora-clang, r-devel-linux-x86_64-fedora-gcc, r-devel-windows-ix86+x86_64, r-patched-linux-x86_64, r-patched-solaris-x86, r-release-linux-x86_64, r-release-osx-x86_64, r-release-windows-ix86+x86_64, r-oldrel-osx-x86_64