CRAN Package Check Results for Package palasso

Last updated on 2019-11-14 11:47:18 CET.

Flavor Version Tinstall Tcheck Ttotal Status Flags
r-devel-linux-x86_64-debian-clang 0.0.5 3.25 41.19 44.44 ERROR
r-devel-linux-x86_64-debian-gcc 0.0.5 3.24 32.20 35.44 ERROR
r-devel-linux-x86_64-fedora-clang 0.0.6 76.38 NOTE
r-devel-linux-x86_64-fedora-gcc 0.0.6 77.53 NOTE
r-devel-windows-ix86+x86_64 0.0.6 15.00 88.00 103.00 OK
r-patched-linux-x86_64 0.0.5 4.05 39.68 43.73 ERROR
r-patched-solaris-x86 0.0.6 102.40 NOTE
r-release-linux-x86_64 0.0.6 5.95 54.27 60.22 NOTE
r-release-windows-ix86+x86_64 0.0.5 7.00 60.00 67.00 ERROR
r-release-osx-x86_64 0.0.6 NOTE
r-oldrel-windows-ix86+x86_64 0.0.5 4.00 75.00 79.00 OK
r-oldrel-osx-x86_64 0.0.5 OK

Check Details

Version: 0.0.5
Check: package dependencies
Result: NOTE
    Package which this enhances but not available for checking: 'CorShrink'
Flavors: r-devel-linux-x86_64-debian-clang, r-devel-linux-x86_64-debian-gcc, r-patched-linux-x86_64

Version: 0.0.5
Check: dependencies in R code
Result: NOTE
    Missing or unexported objects:
     'glmnet::auc' 'glmnet::coef.cv.glmnet' 'glmnet::deviance.glmnet'
     'glmnet::predict.coxnet' 'glmnet::predict.cv.glmnet'
Flavors: r-devel-linux-x86_64-debian-clang, r-devel-linux-x86_64-debian-gcc, r-patched-linux-x86_64, r-release-windows-ix86+x86_64

Version: 0.0.5
Check: tests
Result: ERROR
     Running 'testthat.R' [4s/5s]
    Running the tests in 'tests/testthat.R' failed.
    Complete output:
     > library(testthat)
     > library(palasso)
     >
     > testthat::test_check("palasso")
     -- 1. Error: (unknown) (@test.R#41) -------------------------------------------
     'coef.cv.glmnet' is not an exported object from 'namespace:glmnet'
     Backtrace:
     1. base::lapply(...)
     2. palasso:::FUN(X[[i]], ...)
     4. palasso:::coef.palasso(object = fit, model = x)
     5. glmnet::coef.cv.glmnet
     6. base::getExportedValue(pkg, name)
    
     == testthat results ===========================================================
     [ OK: 0 | SKIPPED: 0 | WARNINGS: 1 | FAILED: 1 ]
     1. Error: (unknown) (@test.R#41)
    
     Error: testthat unit tests failed
     Execution halted
Flavor: r-devel-linux-x86_64-debian-clang

Version: 0.0.5
Check: tests
Result: ERROR
     Running ‘testthat.R’ [3s/6s]
    Running the tests in ‘tests/testthat.R’ failed.
    Complete output:
     > library(testthat)
     > library(palasso)
     >
     > testthat::test_check("palasso")
     ── 1. Error: (unknown) (@test.R#41) ───────────────────────────────────────────
     'coef.cv.glmnet' is not an exported object from 'namespace:glmnet'
     Backtrace:
     1. base::lapply(...)
     2. palasso:::FUN(X[[i]], ...)
     4. palasso:::coef.palasso(object = fit, model = x)
     5. glmnet::coef.cv.glmnet
     6. base::getExportedValue(pkg, name)
    
     ══ testthat results ═══════════════════════════════════════════════════════════
     [ OK: 0 | SKIPPED: 0 | WARNINGS: 1 | FAILED: 1 ]
     1. Error: (unknown) (@test.R#41)
    
     Error: testthat unit tests failed
     Execution halted
Flavor: r-devel-linux-x86_64-debian-gcc

Version: 0.0.6
Check: package dependencies
Result: NOTE
    Package which this enhances but not available for checking: ‘CorShrink’
Flavors: r-devel-linux-x86_64-fedora-clang, r-devel-linux-x86_64-fedora-gcc, r-patched-solaris-x86, r-release-linux-x86_64, r-release-osx-x86_64

Version: 0.0.5
Check: tests
Result: ERROR
     Running ‘testthat.R’ [3s/4s]
    Running the tests in ‘tests/testthat.R’ failed.
    Complete output:
     > library(testthat)
     > library(palasso)
     >
     > testthat::test_check("palasso")
     ── 1. Error: (unknown) (@test.R#41) ───────────────────────────────────────────
     'coef.cv.glmnet' is not an exported object from 'namespace:glmnet'
     Backtrace:
     1. base::lapply(...)
     2. palasso:::FUN(X[[i]], ...)
     4. palasso:::coef.palasso(object = fit, model = x)
     5. glmnet::coef.cv.glmnet
     6. base::getExportedValue(pkg, name)
    
     ══ testthat results ═══════════════════════════════════════════════════════════
     [ OK: 0 | SKIPPED: 0 | WARNINGS: 1 | FAILED: 1 ]
     1. Error: (unknown) (@test.R#41)
    
     Error: testthat unit tests failed
     Execution halted
Flavor: r-patched-linux-x86_64

Version: 0.0.5
Check: tests
Result: ERROR
     Running 'testthat.R' [4s]
    Running the tests in 'tests/testthat.R' failed.
    Complete output:
     > library(testthat)
     > library(palasso)
     >
     > testthat::test_check("palasso")
     -- 1. Error: (unknown) (@test.R#41) -------------------------------------------
     'coef.cv.glmnet' is not an exported object from 'namespace:glmnet'
     Backtrace:
     1. base::lapply(...)
     2. palasso:::FUN(X[[i]], ...)
     4. palasso:::coef.palasso(object = fit, model = x)
     5. glmnet::coef.cv.glmnet
     6. base::getExportedValue(pkg, name)
    
     == testthat results ===========================================================
     [ OK: 0 | SKIPPED: 0 | WARNINGS: 1 | FAILED: 1 ]
     1. Error: (unknown) (@test.R#41)
    
     Error: testthat unit tests failed
     Execution halted
Flavor: r-release-windows-ix86+x86_64