CRAN Package Check Results for Package paleoMAS

Last updated on 2015-05-27 06:46:53.

Flavor Version Tinstall Tcheck Ttotal Status Flags
r-devel-linux-x86_64-debian-clang 2.0-1 3.02 65.64 68.65 NOTE
r-devel-linux-x86_64-debian-gcc 2.0-1 2.96 65.00 67.96 NOTE
r-devel-linux-x86_64-fedora-clang 2.0-1 143.92 NOTE
r-devel-linux-x86_64-fedora-gcc 2.0-1 136.56 NOTE
r-devel-osx-x86_64-clang 2.0-1 120.12 NOTE
r-devel-windows-ix86+x86_64 2.0-1 8.00 104.00 112.00 NOTE
r-patched-linux-x86_64 2.0-1 3.14 64.13 67.27 NOTE
r-patched-solaris-sparc 2.0-1 820.70 NOTE
r-patched-solaris-x86 2.0-1 181.50 NOTE
r-release-linux-x86_64 2.0-1 3.00 65.11 68.11 NOTE
r-release-osx-x86_64-mavericks 2.0-1 NOTE
r-release-osx-x86_64-snowleopard 2.0-1 ERROR
r-release-windows-ix86+x86_64 2.0-1 8.00 100.00 108.00 NOTE
r-oldrel-windows-ix86+x86_64 2.0-1 13.00 162.00 175.00 NOTE

Check Details

Version: 2.0-1
Check: DESCRIPTION meta-information
Result: NOTE
    Malformed Description field: should contain one or more complete sentences.
Flavors: r-devel-linux-x86_64-debian-clang, r-devel-linux-x86_64-debian-gcc, r-devel-linux-x86_64-fedora-clang, r-devel-linux-x86_64-fedora-gcc, r-devel-osx-x86_64-clang, r-devel-windows-ix86+x86_64, r-patched-linux-x86_64, r-patched-solaris-sparc, r-patched-solaris-x86, r-release-linux-x86_64, r-release-osx-x86_64-mavericks, r-release-windows-ix86+x86_64

Version: 2.0-1
Check: dependencies in R code
Result: NOTE
    'library' or 'require' calls to packages already attached by Depends:
     ‘MASS’ ‘lattice’ ‘vegan’
     Please remove these calls from your code.
Flavors: r-devel-linux-x86_64-debian-clang, r-devel-linux-x86_64-debian-gcc, r-devel-linux-x86_64-fedora-clang, r-devel-linux-x86_64-fedora-gcc, r-devel-osx-x86_64-clang, r-devel-windows-ix86+x86_64, r-patched-linux-x86_64, r-patched-solaris-sparc, r-patched-solaris-x86, r-release-linux-x86_64, r-release-osx-x86_64-mavericks, r-release-windows-ix86+x86_64, r-oldrel-windows-ix86+x86_64

Version: 2.0-1
Check: Rd line widths
Result: NOTE
    Rd file 'syas.Rd':
     \examples lines wider than 100 characters:
     bcrossv.sa(modernq[,1],perq2,a.d,delta=25,method="canberra",quant=0.05,trials=c(5, 0.05),detrend=FALSE)
    
    Rd file 'vcrossv.all.Rd':
     \examples lines wider than 100 characters:
     #build a dummy factor assuming that the first 10 species belong to group1 and the send ten belong to group 2
    
    These lines will be truncated in the PDF manual.
Flavors: r-devel-linux-x86_64-debian-clang, r-devel-linux-x86_64-debian-gcc, r-devel-linux-x86_64-fedora-clang, r-devel-linux-x86_64-fedora-gcc, r-patched-linux-x86_64, r-release-linux-x86_64

Version: 2.0-1
Check: data for non-ASCII characters
Result: NOTE
     Note: found 1 marked UTF-8 string
Flavors: r-devel-linux-x86_64-debian-clang, r-devel-linux-x86_64-debian-gcc, r-devel-linux-x86_64-fedora-clang, r-devel-linux-x86_64-fedora-gcc, r-devel-osx-x86_64-clang, r-devel-windows-ix86+x86_64, r-patched-linux-x86_64, r-patched-solaris-sparc, r-patched-solaris-x86, r-release-linux-x86_64, r-release-osx-x86_64-mavericks, r-release-windows-ix86+x86_64, r-oldrel-windows-ix86+x86_64

Version: 2.0-1
Check: package dependencies
Result: ERROR
    Package required but not available: ‘vegan’
    
    See section ‘The DESCRIPTION file’ in the ‘Writing R Extensions’
    manual.
Flavor: r-release-osx-x86_64-snowleopard