CRAN Package Check Results for Package paleoMAS

Last updated on 2015-04-26 03:47:35.

Flavor Version Tinstall Tcheck Ttotal Status Flags
r-devel-linux-x86_64-debian-clang 2.0-1 2.97 68.29 71.26 NOTE
r-devel-linux-x86_64-debian-gcc 2.0-1 3.27 66.40 69.67 NOTE
r-devel-linux-x86_64-fedora-clang 2.0-1 150.17 NOTE
r-devel-linux-x86_64-fedora-gcc 2.0-1 137.32 NOTE
r-devel-osx-x86_64-clang 2.0-1 119.81 NOTE
r-devel-windows-ix86+x86_64 2.0-1 8.00 103.00 111.00 NOTE
r-patched-linux-x86_64 2.0-1 3.02 66.97 69.98 NOTE
r-patched-solaris-sparc 2.0-1 826.60 NOTE
r-patched-solaris-x86 2.0-1 175.80 NOTE
r-release-linux-x86_64 2.0-1 2.94 65.53 68.48 NOTE
r-release-osx-x86_64-mavericks 2.0-1 NOTE
r-release-osx-x86_64-snowleopard 2.0-1 ERROR
r-release-windows-ix86+x86_64 2.0-1 8.00 106.00 114.00 NOTE
r-oldrel-windows-ix86+x86_64 2.0-1 11.00 112.00 123.00 NOTE

Check Details

Version: 2.0-1
Check: DESCRIPTION meta-information
Result: NOTE
    Malformed Description field: should contain one or more complete sentences.
Flavors: r-devel-windows-ix86+x86_64, r-release-windows-ix86+x86_64

Version: 2.0-1
Check: dependencies in R code
Result: NOTE
    'library' or 'require' calls to packages already attached by Depends:
     'MASS' 'lattice' 'vegan'
     Please remove these calls from your code.
Flavors: r-devel-windows-ix86+x86_64, r-release-windows-ix86+x86_64, r-oldrel-windows-ix86+x86_64

Version: 2.0-1
Check: data for non-ASCII characters
Result: NOTE
     Note: found 1 marked UTF-8 string
Flavors: r-devel-windows-ix86+x86_64, r-release-windows-ix86+x86_64, r-oldrel-windows-ix86+x86_64