CRAN Package Check Results for Package paleoMAS

Last updated on 2015-03-29 08:49:16.

Flavor Version Tinstall Tcheck Ttotal Status Flags
r-devel-linux-x86_64-debian-clang 2.0-1 3.40 66.85 70.26 NOTE
r-devel-linux-x86_64-debian-gcc 2.0-1 4.08 67.41 71.49 NOTE
r-devel-linux-x86_64-fedora-clang 2.0-1 144.86 NOTE
r-devel-linux-x86_64-fedora-gcc 2.0-1 154.25 NOTE
r-devel-osx-x86_64-clang 2.0-1 130.35 NOTE
r-prerel-windows-ix86+x86_64 2.0-1 11.00 99.00 110.00 NOTE
r-prerel-linux-x86_64 2.0-1 2.87 68.21 71.08 NOTE
r-prerel-solaris-sparc 2.0-1 826.60 NOTE
r-prerel-solaris-x86 2.0-1 171.50 NOTE
r-release-linux-x86_64 2.0-1 4.20 81.20 85.40 NOTE
r-release-osx-x86_64-mavericks 2.0-1 NOTE
r-release-osx-x86_64-snowleopard 2.0-1 NOTE
r-release-windows-ix86+x86_64 2.0-1 11.00 113.00 124.00 NOTE
r-oldrel-windows-ix86+x86_64 2.0-1 12.00 161.00 173.00 NOTE

Check Details

Version: 2.0-1
Check: DESCRIPTION meta-information
Result: NOTE
    Malformed Description field: should contain one or more complete sentences.
Flavors: r-devel-linux-x86_64-debian-clang, r-devel-linux-x86_64-debian-gcc, r-devel-linux-x86_64-fedora-clang, r-devel-linux-x86_64-fedora-gcc, r-devel-osx-x86_64-clang, r-prerel-windows-ix86+x86_64, r-prerel-linux-x86_64, r-prerel-solaris-sparc, r-prerel-solaris-x86

Version: 2.0-1
Check: dependencies in R code
Result: NOTE
    'library' or 'require' calls to packages already attached by Depends:
     ‘MASS’ ‘lattice’ ‘vegan’
     Please remove these calls from your code.
Flavors: r-devel-linux-x86_64-debian-clang, r-devel-linux-x86_64-debian-gcc, r-devel-linux-x86_64-fedora-clang, r-devel-linux-x86_64-fedora-gcc, r-devel-osx-x86_64-clang, r-prerel-windows-ix86+x86_64, r-prerel-linux-x86_64, r-prerel-solaris-sparc, r-prerel-solaris-x86, r-release-linux-x86_64, r-release-windows-ix86+x86_64

Version: 2.0-1
Check: Rd line widths
Result: NOTE
    Rd file 'syas.Rd':
     \examples lines wider than 100 characters:
     bcrossv.sa(modernq[,1],perq2,a.d,delta=25,method="canberra",quant=0.05,trials=c(5, 0.05),detrend=FALSE)
    
    Rd file 'vcrossv.all.Rd':
     \examples lines wider than 100 characters:
     #build a dummy factor assuming that the first 10 species belong to group1 and the send ten belong to group 2
    
    These lines will be truncated in the PDF manual.
Flavors: r-devel-linux-x86_64-debian-clang, r-devel-linux-x86_64-debian-gcc, r-devel-linux-x86_64-fedora-clang, r-devel-linux-x86_64-fedora-gcc, r-prerel-linux-x86_64, r-release-linux-x86_64

Version: 2.0-1
Check: data for non-ASCII characters
Result: NOTE
     Note: found 1 marked UTF-8 string
Flavors: r-devel-linux-x86_64-debian-clang, r-devel-linux-x86_64-debian-gcc, r-devel-linux-x86_64-fedora-clang, r-devel-linux-x86_64-fedora-gcc, r-devel-osx-x86_64-clang, r-prerel-windows-ix86+x86_64, r-prerel-linux-x86_64, r-prerel-solaris-sparc, r-prerel-solaris-x86, r-release-linux-x86_64, r-release-osx-x86_64-mavericks, r-release-osx-x86_64-snowleopard, r-release-windows-ix86+x86_64, r-oldrel-windows-ix86+x86_64

Version: 2.0-1
Check: dependencies in R code
Result: NOTE
    'library' or 'require' calls to packages already attached by Depends:
     ‘MASS’ ‘lattice’ ‘vegan’
     Please remove these calls from your code.
    See the information on DESCRIPTION files in the chapter ‘Creating R
    packages’ of the ‘Writing R Extensions’ manual.
Flavors: r-release-osx-x86_64-mavericks, r-release-osx-x86_64-snowleopard, r-oldrel-windows-ix86+x86_64