CRAN Package Check Results for Package paleoMAS

Last updated on 2014-07-30 09:47:54.

Flavor Version Tinstall Tcheck Ttotal Status Flags
r-devel-linux-x86_64-debian-clang 2.0-1 1.29 52.21 53.50 NOTE
r-devel-linux-x86_64-debian-gcc 2.0-1 1.22 52.67 53.89 NOTE
r-devel-linux-x86_64-fedora-clang 2.0-1 120.64 NOTE
r-devel-linux-x86_64-fedora-gcc 2.0-1 111.21 NOTE
r-devel-osx-x86_64-clang 2.0-1 93.92 NOTE
r-devel-windows-ix86+x86_64 2.0-1 5.00 79.00 84.00 NOTE
r-patched-linux-x86_64 2.0-1 1.20 56.09 57.29 NOTE
r-patched-solaris-sparc 2.0-1 587.30 NOTE
r-patched-solaris-x86 2.0-1 127.20 NOTE
r-release-linux-ix86 2.0-1 1.60 63.06 64.66 NOTE
r-release-linux-x86_64 2.0-1 1.24 52.98 54.22 NOTE
r-release-osx-x86_64-mavericks 2.0-1 NOTE
r-release-osx-x86_64-snowleopard 2.0-1 NOTE
r-release-windows-ix86+x86_64 2.0-1 4.00 77.00 81.00 NOTE
r-oldrel-windows-ix86+x86_64 2.0-1 4.00 72.00 76.00 NOTE

Check Details

Version: 2.0-1
Check: dependencies in R code
Result: NOTE
    'library' or 'require' calls to packages already attached by Depends:
     MASS lattice vegan
     Please remove these calls from your code.
    See the information on DESCRIPTION files in the chapter Creating R
    packages of the Writing R Extensions manual.
Flavors: r-devel-linux-x86_64-debian-clang, r-devel-linux-x86_64-debian-gcc, r-devel-linux-x86_64-fedora-clang, r-devel-linux-x86_64-fedora-gcc, r-devel-osx-x86_64-clang, r-devel-windows-ix86+x86_64, r-patched-linux-x86_64, r-patched-solaris-sparc, r-patched-solaris-x86, r-release-linux-ix86, r-release-linux-x86_64, r-release-osx-x86_64-mavericks, r-release-osx-x86_64-snowleopard, r-release-windows-ix86+x86_64, r-oldrel-windows-ix86+x86_64

Version: 2.0-1
Check: data for non-ASCII characters
Result: NOTE
     Note: found 1 marked UTF-8 string
Flavors: r-devel-linux-x86_64-debian-clang, r-devel-linux-x86_64-debian-gcc, r-devel-linux-x86_64-fedora-clang, r-devel-linux-x86_64-fedora-gcc, r-devel-osx-x86_64-clang, r-devel-windows-ix86+x86_64, r-patched-linux-x86_64, r-patched-solaris-sparc, r-patched-solaris-x86, r-release-linux-ix86, r-release-linux-x86_64, r-release-osx-x86_64-mavericks, r-release-osx-x86_64-snowleopard, r-release-windows-ix86+x86_64, r-oldrel-windows-ix86+x86_64

Version: 2.0-1
Check: Rd line widths
Result: NOTE
    Rd file 'syas.Rd':
     \examples lines wider than 100 characters:
     bcrossv.sa(modernq[,1],perq2,a.d,delta=25,method="canberra",quant=0.05,trials=c(5, 0.05),detrend=FALSE)
    
    Rd file 'vcrossv.all.Rd':
     \examples lines wider than 100 characters:
     #build a dummy factor assuming that the first 10 species belong to group1 and the send ten belong to group 2
    
    These lines will be truncated in the PDF manual.
Flavors: r-devel-linux-x86_64-fedora-clang, r-devel-linux-x86_64-fedora-gcc