CRAN Package Check Results for Package paleomorph

Last updated on 2022-10-02 09:53:35 CEST.

Flavor Version Tinstall Tcheck Ttotal Status Flags
r-devel-linux-x86_64-debian-clang 0.1.4 2.43 42.34 44.77 NOTE
r-devel-linux-x86_64-debian-gcc 0.1.4 1.94 31.47 33.41 NOTE
r-devel-linux-x86_64-fedora-clang 0.1.4 68.05 NOTE
r-devel-linux-x86_64-fedora-gcc 0.1.4 66.97 NOTE
r-devel-windows-x86_64 0.1.4 25.00 70.00 95.00 NOTE
r-patched-linux-x86_64 0.1.4 2.93 40.90 43.83 NOTE
r-release-linux-x86_64 0.1.4 1.80 40.96 42.76 NOTE
r-release-macos-arm64 0.1.4 18.00 NOTE
r-release-macos-x86_64 0.1.4 28.00 NOTE
r-release-windows-x86_64 0.1.4 26.00 320.00 346.00 NOTE
r-oldrel-macos-arm64 0.1.4 25.00 NOTE
r-oldrel-macos-x86_64 0.1.4 33.00 NOTE
r-oldrel-windows-ix86+x86_64 0.1.4 6.00 66.00 72.00 NOTE

Check Details

Version: 0.1.4
Check: LazyData
Result: NOTE
     'LazyData' is specified without a 'data' directory
Flavors: r-devel-linux-x86_64-debian-clang, r-devel-linux-x86_64-debian-gcc, r-devel-linux-x86_64-fedora-clang, r-devel-linux-x86_64-fedora-gcc, r-devel-windows-x86_64, r-patched-linux-x86_64, r-release-linux-x86_64, r-release-macos-arm64, r-release-macos-x86_64, r-release-windows-x86_64, r-oldrel-macos-arm64, r-oldrel-macos-x86_64, r-oldrel-windows-ix86+x86_64