CRAN Package Check Results for Package paleotree

Last updated on 2014-04-24 07:52:32.

Flavor Version Tinstall Tcheck Ttotal Status Flags
r-devel-linux-x86_64-debian-clang 2.0 9.87 86.86 96.72 OK
r-devel-linux-x86_64-debian-gcc 2.0 9.55 84.22 93.77 OK
r-devel-linux-x86_64-fedora-clang 2.0 209.41 OK
r-devel-linux-x86_64-fedora-gcc 2.0 203.47 OK
r-devel-osx-x86_64-clang 2.0 159.25 OK
r-devel-osx-x86_64-gcc 2.0 ERROR
r-devel-windows-ix86+x86_64 2.0 19.00 114.00 133.00 OK
r-patched-linux-x86_64 2.0 10.18 83.84 94.03 OK
r-patched-solaris-sparc 2.0 1100.30 OK
r-patched-solaris-x86 2.0 239.10 OK
r-release-linux-ix86 2.0 13.00 127.00 140.00 OK
r-release-linux-x86_64 2.0 9.60 85.02 94.62 OK
r-release-osx-x86_64-mavericks 2.0 WARN
r-release-osx-x86_64-snowleopard 2.0 OK
r-release-windows-ix86+x86_64 2.0 20.00 111.00 131.00 OK
r-oldrel-windows-ix86+x86_64 2.0 20.00 115.00 135.00 OK

Check Details

Version: 2.0
Check: package dependencies
Result: ERROR
    Package required but not available: ‘phangorn’
    
    See the information on DESCRIPTION files in the chapter ‘Creating R
    packages’ of the ‘Writing R Extensions’ manual.
Flavor: r-devel-osx-x86_64-gcc

Version: 2.0
Check: PDF version of manual
Result: WARNING
    LaTeX errors when creating PDF version.
    This typically indicates Rd problems.
    LaTeX errors found:
    ! LaTeX Error: File `upquote.sty' not found.
    
    Type X to quit or <RETURN> to proceed,
    or enter new name. (Default extension: sty)
    
    7df80f2c/Rd2.tex:8: ==> Fatal error occurred, no output PDF file produced!
Flavor: r-release-osx-x86_64-mavericks