CRAN Package Check Results for Package paleotree

Last updated on 2020-02-17 15:48:18 CET.

Flavor Version Tinstall Tcheck Ttotal Status Flags
r-devel-linux-x86_64-debian-clang 3.3.25 23.42 401.40 424.82 OK
r-devel-linux-x86_64-debian-gcc 3.3.25 21.17 276.33 297.50 OK
r-devel-linux-x86_64-fedora-clang 3.3.25 469.78 NOTE
r-devel-linux-x86_64-fedora-gcc 3.3.25 459.47 NOTE
r-devel-windows-ix86+x86_64 3.3.25 35.00 421.00 456.00 OK
r-devel-windows-ix86+x86_64-gcc8 3.3.25 55.00 490.00 545.00 OK
r-patched-linux-x86_64 3.3.25 24.30 341.65 365.95 OK
r-patched-solaris-x86 3.3.25 513.20 NOTE
r-release-linux-x86_64 3.3.25 19.73 336.68 356.41 OK
r-release-windows-ix86+x86_64 3.3.25 31.00 322.00 353.00 OK
r-release-osx-x86_64 3.3.25 NOTE
r-oldrel-windows-ix86+x86_64 3.3.25 26.00 472.00 498.00 OK
r-oldrel-osx-x86_64 3.3.25 NOTE

Check Details

Version: 3.3.25
Check: data for non-ASCII characters
Result: NOTE
     Note: found 9 marked UTF-8 strings
Flavors: r-devel-linux-x86_64-fedora-clang, r-devel-linux-x86_64-fedora-gcc, r-patched-solaris-x86, r-release-osx-x86_64, r-oldrel-osx-x86_64