CRAN Package Check Results for Package paleotree

Last updated on 2019-08-20 05:47:12 CEST.

Flavor Version Tinstall Tcheck Ttotal Status Flags
r-devel-linux-x86_64-debian-clang 3.3.0 22.80 244.69 267.49 OK
r-devel-linux-x86_64-debian-gcc 3.3.0 19.63 178.82 198.45 OK
r-devel-linux-x86_64-fedora-clang 3.3.0 304.72 NOTE
r-devel-linux-x86_64-fedora-gcc 3.3.0 304.09 NOTE
r-devel-windows-ix86+x86_64 3.3.0 49.00 322.00 371.00 OK
r-patched-linux-x86_64 3.3.0 20.31 240.63 260.94 OK
r-patched-solaris-x86 3.3.0 405.80 NOTE
r-release-linux-x86_64 3.3.0 21.24 237.69 258.93 OK
r-release-windows-ix86+x86_64 3.3.0 31.00 241.00 272.00 OK
r-release-osx-x86_64 3.3.0 NOTE
r-oldrel-windows-ix86+x86_64 3.3.0 37.00 323.00 360.00 OK
r-oldrel-osx-x86_64 3.3.0 NOTE

Check Details

Version: 3.3.0
Check: data for non-ASCII characters
Result: NOTE
     Note: found 9 marked UTF-8 strings
Flavors: r-devel-linux-x86_64-fedora-clang, r-devel-linux-x86_64-fedora-gcc, r-patched-solaris-x86, r-release-osx-x86_64, r-oldrel-osx-x86_64