CRAN Package Check Results for Package paleotree

Last updated on 2020-10-01 03:48:46 CEST.

Flavor Version Tinstall Tcheck Ttotal Status Flags
r-devel-linux-x86_64-debian-clang 3.3.25 25.30 401.25 426.55 OK
r-devel-linux-x86_64-debian-gcc 3.3.25 0.55 3.11 3.66 ERROR
r-devel-linux-x86_64-fedora-clang 3.3.25 481.66 NOTE
r-devel-linux-x86_64-fedora-gcc 3.3.25 480.51 NOTE
r-devel-windows-ix86+x86_64 3.3.25 45.00 323.00 368.00 OK
r-patched-linux-x86_64 3.3.25 22.46 377.86 400.32 OK
r-patched-solaris-x86 3.3.25 568.00 NOTE
r-release-linux-x86_64 3.3.25 24.74 373.43 398.17 OK
r-release-macos-x86_64 3.3.25 NOTE
r-release-windows-ix86+x86_64 3.3.25 46.00 440.00 486.00 OK
r-oldrel-macos-x86_64 3.3.25 NOTE
r-oldrel-windows-ix86+x86_64 3.3.25 41.00 419.00 460.00 OK

Check Details

Version: 3.3.25
Check: whether package can be installed
Result: ERROR
    Installation failed.
Flavor: r-devel-linux-x86_64-debian-gcc

Version: 3.3.25
Check: data for non-ASCII characters
Result: NOTE
     Note: found 9 marked UTF-8 strings
Flavors: r-devel-linux-x86_64-fedora-clang, r-devel-linux-x86_64-fedora-gcc, r-patched-solaris-x86, r-release-macos-x86_64, r-oldrel-macos-x86_64