CRAN Package Check Results for Package paleotree

Last updated on 2015-05-04 17:47:37.

Flavor Version Tinstall Tcheck Ttotal Status Flags
r-devel-linux-x86_64-debian-clang 2.4 8.80 89.07 97.87 OK
r-devel-linux-x86_64-debian-gcc 2.4 8.20 90.02 98.22 OK
r-devel-linux-x86_64-fedora-clang 2.4 99.59 OK
r-devel-linux-x86_64-fedora-gcc 2.4 97.98 OK
r-devel-osx-x86_64-clang 2.4 115.14 OK
r-devel-windows-ix86+x86_64 2.4 18.00 121.00 139.00 OK
r-patched-linux-x86_64 2.3 7.86 70.38 78.24 OK
r-patched-solaris-sparc 2.4 1109.80 OK
r-patched-solaris-x86 2.4 202.00 OK
r-release-linux-x86_64 2.4 8.18 93.94 102.12 OK
r-release-osx-x86_64-mavericks 2.4 OK
r-release-osx-x86_64-snowleopard 2.3 ERROR
r-release-windows-ix86+x86_64 2.4 16.00 111.00 127.00 OK
r-oldrel-windows-ix86+x86_64 2.3 15.00 122.00 137.00 OK

Check Details

Version: 2.3
Check: package dependencies
Result: ERROR
    Package required but not available: ‘phangorn’
    
    See section ‘The DESCRIPTION file’ in the ‘Writing R Extensions’
    manual.
Flavor: r-release-osx-x86_64-snowleopard