CRAN Package Check Results for Package paleotree

Last updated on 2019-06-16 10:46:39 CEST.

Flavor Version Tinstall Tcheck Ttotal Status Flags
r-devel-linux-x86_64-debian-clang 3.3.0 21.31 247.17 268.48 OK
r-devel-linux-x86_64-debian-gcc 3.3.0 17.87 178.62 196.49 OK
r-devel-linux-x86_64-fedora-clang 3.3.0 303.11 NOTE
r-devel-linux-x86_64-fedora-gcc 3.3.0 287.22 NOTE
r-devel-windows-ix86+x86_64 3.3.0 50.00 246.00 296.00 OK
r-patched-linux-x86_64 3.3.0 21.35 240.89 262.24 OK
r-patched-solaris-x86 3.3.0 420.80 NOTE
r-release-linux-x86_64 3.3.0 20.39 240.54 260.93 OK
r-release-windows-ix86+x86_64 3.3.0 37.00 320.00 357.00 OK
r-release-osx-x86_64 3.3.0 NOTE
r-oldrel-windows-ix86+x86_64 3.3.0 25.00 221.00 246.00 OK
r-oldrel-osx-x86_64 3.3.0 NOTE

Check Details

Version: 3.3.0
Check: data for non-ASCII characters
Result: NOTE
     Note: found 9 marked UTF-8 strings
Flavors: r-devel-linux-x86_64-fedora-clang, r-devel-linux-x86_64-fedora-gcc, r-patched-solaris-x86, r-release-osx-x86_64, r-oldrel-osx-x86_64