CRAN Package Check Results for Package pals

Last updated on 2019-05-24 02:53:53 CEST.

Flavor Version Tinstall Tcheck Ttotal Status Flags
r-devel-linux-x86_64-debian-clang 1.5 5.01 80.34 85.35 OK
r-devel-linux-x86_64-debian-gcc 1.5 4.31 64.39 68.70 OK
r-devel-linux-x86_64-fedora-clang 1.5 107.13 OK
r-devel-linux-x86_64-fedora-gcc 1.5 101.28 OK
r-devel-windows-ix86+x86_64 1.5 13.00 97.00 110.00 OK
r-patched-linux-x86_64 1.5 5.38 80.73 86.11 OK
r-patched-solaris-x86 1.5 161.40 OK
r-release-linux-x86_64 1.5 5.05 79.94 84.99 OK
r-release-windows-ix86+x86_64 1.5 25.00 120.00 145.00 OK
r-release-osx-x86_64 1.5 WARN
r-oldrel-windows-ix86+x86_64 1.5 8.00 95.00 103.00 OK
r-oldrel-osx-x86_64 1.5 OK

Check Details

Version: 1.5
Check: whether package can be installed
Result: WARN
    Found the following significant warnings:
     Warning: 'rgl_init' failed, running with rgl.useNULL = TRUE
Flavor: r-release-osx-x86_64