CRAN Package Check Results for Package pals

Last updated on 2019-08-22 00:51:19 CEST.

Flavor Version Tinstall Tcheck Ttotal Status Flags
r-devel-linux-x86_64-debian-clang 1.5 6.49 79.38 85.87 OK
r-devel-linux-x86_64-debian-gcc 1.5 4.65 63.55 68.20 OK
r-devel-linux-x86_64-fedora-clang 1.5 103.89 OK
r-devel-linux-x86_64-fedora-gcc 1.5 104.13 OK
r-devel-windows-ix86+x86_64 1.5 20.00 131.00 151.00 OK
r-patched-linux-x86_64 1.5 5.64 79.80 85.44 OK
r-patched-solaris-x86 1.5 155.40 OK
r-release-linux-x86_64 1.5 5.66 79.91 85.57 OK
r-release-windows-ix86+x86_64 1.5 12.00 162.00 174.00 OK
r-release-osx-x86_64 1.5 WARN
r-oldrel-windows-ix86+x86_64 1.5 15.00 125.00 140.00 OK
r-oldrel-osx-x86_64 1.5 OK

Check Details

Version: 1.5
Check: whether package can be installed
Result: WARN
    Found the following significant warnings:
     Warning: 'rgl_init' failed, running with rgl.useNULL = TRUE
Flavor: r-release-osx-x86_64