CRAN Package Check Results for Package pamctdp

Last updated on 2017-02-23 05:49:15.

Flavor Version Tinstall Tcheck Ttotal Status Flags
r-devel-linux-x86_64-debian-clang 0.3.2 0.82 20.54 21.36 OK
r-devel-linux-x86_64-debian-gcc 0.3.2 0.87 20.21 21.09 OK
r-devel-linux-x86_64-fedora-clang 0.3.2 40.20 NOTE --no-stop-on-test-error
r-devel-linux-x86_64-fedora-gcc 0.3.2 35.53 NOTE --no-stop-on-test-error
r-devel-macos-x86_64-clang 0.3.2 30.71 NOTE --no-stop-on-test-error
r-devel-windows-ix86+x86_64 0.3.2 5.00 51.00 56.00 OK
r-patched-linux-x86_64 0.3.2 0.85 17.48 18.33 OK
r-patched-solaris-sparc 0.3.2 199.50 NOTE
r-patched-solaris-x86 0.3.2 39.70 NOTE
r-release-linux-x86_64 0.3.2 0.80 17.63 18.42 OK
r-release-osx-x86_64-mavericks 0.3.2 NOTE
r-release-windows-ix86+x86_64 0.3.2 5.00 48.00 53.00 OK
r-oldrel-windows-ix86+x86_64 0.3.2 4.00 36.00 40.00 NOTE

Check Details

Version: 0.3.2
Flags: --no-stop-on-test-error
Check: data for non-ASCII characters
Result: NOTE
     Note: found 34 marked UTF-8 strings
Flavors: r-devel-linux-x86_64-fedora-clang, r-devel-linux-x86_64-fedora-gcc, r-devel-macos-x86_64-clang

Version: 0.3.2
Check: data for non-ASCII characters
Result: NOTE
     Note: found 34 marked UTF-8 strings
Flavors: r-patched-solaris-sparc, r-patched-solaris-x86, r-release-osx-x86_64-mavericks, r-oldrel-windows-ix86+x86_64