CRAN Package Check Results for Package pamctdp

Last updated on 2015-07-04 03:48:20.

Flavor Version Tinstall Tcheck Ttotal Status Flags
r-devel-linux-x86_64-debian-clang 0.3.1 0.78 17.10 17.87 NOTE
r-devel-linux-x86_64-debian-gcc 0.3.1 0.77 17.42 18.19 NOTE
r-devel-linux-x86_64-fedora-clang 0.3.1 34.57 NOTE
r-devel-linux-x86_64-fedora-gcc 0.3.1 31.49 NOTE
r-devel-osx-x86_64-clang 0.3.1 33.47 NOTE
r-devel-windows-ix86+x86_64 0.3.1 5.00 25.00 30.00 NOTE
r-patched-linux-x86_64 0.3.1 0.83 17.15 17.98 NOTE
r-patched-solaris-sparc 0.3.1 201.50 NOTE
r-patched-solaris-x86 0.3.1 49.20 NOTE
r-release-linux-x86_64 0.3.1 0.80 17.56 18.36 NOTE
r-release-osx-x86_64-mavericks 0.3.1 NOTE
r-release-windows-ix86+x86_64 0.3.1 6.00 31.00 37.00 NOTE
r-oldrel-windows-ix86+x86_64 0.3.1 5.00 34.00 39.00 NOTE

Check Details

Version: 0.3.1
Check: R code for possible problems
Result: NOTE
    inertia.wwm: no visible global function definition for ‘cov.wt’
    plot.parwwm: no visible global function definition for ‘palette’
    plot.parwwm: no visible global function definition for ‘locator’
    plot.parwwm: no visible global function definition for ‘plot.default’
    plot.parwwm: no visible global function definition for ‘abline’
    plot.parwwm: no visible global function definition for ‘points’
    plot.parwwm: no visible global function definition for ‘text’
    plot.parwwm: no visible global function definition for ‘segments’
    Undefined global functions or variables:
     abline cov.wt locator palette plot.default points segments text
Flavors: r-devel-linux-x86_64-debian-clang, r-devel-linux-x86_64-debian-gcc, r-devel-linux-x86_64-fedora-clang, r-devel-linux-x86_64-fedora-gcc, r-devel-windows-ix86+x86_64

Version: 0.3.1
Check: data for non-ASCII characters
Result: NOTE
     Note: found 34 marked UTF-8 strings
Flavors: r-devel-linux-x86_64-debian-clang, r-devel-linux-x86_64-debian-gcc, r-devel-linux-x86_64-fedora-clang, r-devel-linux-x86_64-fedora-gcc, r-devel-osx-x86_64-clang, r-devel-windows-ix86+x86_64, r-patched-linux-x86_64, r-patched-solaris-sparc, r-patched-solaris-x86, r-release-linux-x86_64, r-release-osx-x86_64-mavericks, r-release-windows-ix86+x86_64, r-oldrel-windows-ix86+x86_64