CRAN Package Check Results for Package pamctdp

Last updated on 2017-10-17 19:48:04.

Flavor Version Tinstall Tcheck Ttotal Status Flags
r-devel-linux-x86_64-debian-clang 0.3.2 0.94 21.80 22.74 OK
r-devel-linux-x86_64-debian-gcc 0.3.2 1.08 23.10 24.18 OK
r-devel-linux-x86_64-fedora-clang 0.3.2 42.49 NOTE
r-devel-linux-x86_64-fedora-gcc 0.3.2 38.82 NOTE
r-devel-windows-ix86+x86_64 0.3.2 4.00 43.00 47.00 OK
r-patched-linux-x86_64 0.3.2 0.90 21.32 22.23 OK
r-patched-solaris-x86 0.3.2 48.70 NOTE
r-release-linux-x86_64 0.3.2 0.94 20.84 21.78 OK
r-release-windows-ix86+x86_64 0.3.2 4.00 54.00 58.00 OK
r-release-osx-x86_64 0.3.2 NOTE
r-oldrel-windows-ix86+x86_64 0.3.2 4.00 60.00 64.00 OK
r-oldrel-osx-x86_64 0.3.2 NOTE

Check Details

Version: 0.3.2
Check: data for non-ASCII characters
Result: NOTE
     Note: found 34 marked UTF-8 strings
Flavors: r-devel-linux-x86_64-fedora-clang, r-devel-linux-x86_64-fedora-gcc, r-patched-solaris-x86, r-release-osx-x86_64, r-oldrel-osx-x86_64