CRAN Package Check Results for Package pamctdp

Last updated on 2016-04-30 23:48:08.

Flavor Version Tinstall Tcheck Ttotal Status Flags
r-devel-linux-x86_64-debian-gcc 0.3.1 0.84 18.02 18.87 NOTE
r-devel-linux-x86_64-fedora-clang 0.3.1 32.61 NOTE
r-devel-linux-x86_64-fedora-gcc 0.3.1 30.80 NOTE
r-devel-osx-x86_64-clang 0.3.1 34.66 NOTE
r-devel-windows-ix86+x86_64 0.3.1 3.00 39.00 42.00 NOTE
r-patched-linux-x86_64 0.3.1 0.92 17.89 18.81 NOTE
r-patched-solaris-sparc 0.3.1 201.50 NOTE
r-patched-solaris-x86 0.3.1 43.10 NOTE
r-release-linux-x86_64 0.3.1 0.85 18.13 18.98 NOTE
r-release-osx-x86_64-mavericks 0.3.1 NOTE
r-release-windows-ix86+x86_64 0.3.1 7.00 42.00 49.00 NOTE
r-oldrel-windows-ix86+x86_64 0.3.1 8.00 51.00 59.00 NOTE

Check Details

Version: 0.3.1
Check: R code for possible problems
Result: NOTE
    inertia.wwm: no visible global function definition for ‘cov.wt’
    plot.parwwm: no visible global function definition for ‘palette’
    plot.parwwm: no visible global function definition for ‘locator’
    plot.parwwm: no visible global function definition for ‘plot.default’
    plot.parwwm: no visible global function definition for ‘abline’
    plot.parwwm: no visible global function definition for ‘points’
    plot.parwwm: no visible global function definition for ‘text’
    plot.parwwm: no visible global function definition for ‘segments’
    Undefined global functions or variables:
     abline cov.wt locator palette plot.default points segments text
    Consider adding
     importFrom("grDevices", "palette")
     importFrom("graphics", "abline", "locator", "plot.default", "points",
     "segments", "text")
     importFrom("stats", "cov.wt")
    to your NAMESPACE file.
Flavors: r-devel-linux-x86_64-debian-gcc, r-devel-linux-x86_64-fedora-clang, r-devel-linux-x86_64-fedora-gcc, r-devel-osx-x86_64-clang, r-devel-windows-ix86+x86_64, r-patched-linux-x86_64, r-patched-solaris-sparc, r-patched-solaris-x86

Version: 0.3.1
Check: data for non-ASCII characters
Result: NOTE
     Note: found 34 marked UTF-8 strings
Flavors: r-devel-linux-x86_64-fedora-clang, r-devel-linux-x86_64-fedora-gcc, r-devel-osx-x86_64-clang, r-patched-solaris-sparc, r-patched-solaris-x86, r-release-linux-x86_64, r-release-osx-x86_64-mavericks, r-release-windows-ix86+x86_64, r-oldrel-windows-ix86+x86_64