CRAN Package Check Results for Package pamctdp

Last updated on 2017-12-17 23:53:16 CET.

Flavor Version Tinstall Tcheck Ttotal Status Flags
r-devel-linux-x86_64-debian-clang 0.3.2 1.19 29.57 30.76 OK
r-devel-linux-x86_64-debian-gcc OK
r-devel-linux-x86_64-fedora-clang 0.3.2 39.55 NOTE
r-devel-linux-x86_64-fedora-gcc 0.3.2 38.52 NOTE
r-devel-windows-ix86+x86_64 0.3.2 3.00 39.00 42.00 OK
r-patched-linux-x86_64 0.3.2 1.25 31.76 33.01 OK
r-patched-solaris-x86 0.3.2 47.30 NOTE
r-release-linux-x86_64 0.3.2 1.20 32.09 33.29 OK
r-release-windows-ix86+x86_64 0.3.2 3.00 37.00 40.00 OK
r-release-osx-x86_64 0.3.2 NOTE
r-oldrel-windows-ix86+x86_64 0.3.2 4.00 50.00 54.00 OK
r-oldrel-osx-x86_64 0.3.2 NOTE

Check Details

Version: 0.3.2
Check: data for non-ASCII characters
Result: NOTE
     Note: found 34 marked UTF-8 strings
Flavors: r-devel-linux-x86_64-fedora-clang, r-devel-linux-x86_64-fedora-gcc, r-patched-solaris-x86, r-release-osx-x86_64, r-oldrel-osx-x86_64