CRAN Package Check Results for Package pamctdp

Last updated on 2017-03-29 20:49:41.

Flavor Version Tinstall Tcheck Ttotal Status Flags
r-devel-linux-x86_64-debian-clang 0.3.2 1.04 20.31 21.34 OK
r-devel-linux-x86_64-debian-gcc 0.3.2 0.84 20.37 21.21 OK
r-devel-linux-x86_64-fedora-clang 0.3.2 37.91 NOTE --no-stop-on-test-error
r-devel-linux-x86_64-fedora-gcc 0.3.2 35.95 NOTE --no-stop-on-test-error
r-devel-macos-x86_64-clang 0.3.2 30.02 NOTE --no-stop-on-test-error
r-devel-windows-ix86+x86_64 0.3.2 3.00 54.00 57.00 OK
r-patched-linux-x86_64 0.3.2 0.91 20.27 21.18 OK
r-patched-solaris-sparc 0.3.2 221.80 NOTE
r-patched-solaris-x86 0.3.2 47.00 NOTE
r-release-linux-x86_64 0.3.2 0.85 17.23 18.08 OK
r-release-osx-x86_64-mavericks 0.3.2 NOTE
r-release-windows-ix86+x86_64 0.3.2 6.00 50.00 56.00 OK
r-oldrel-windows-ix86+x86_64 0.3.2 11.00 51.00 62.00 NOTE

Check Details

Version: 0.3.2
Flags: --no-stop-on-test-error
Check: data for non-ASCII characters
Result: NOTE
     Note: found 34 marked UTF-8 strings
Flavors: r-devel-linux-x86_64-fedora-clang, r-devel-linux-x86_64-fedora-gcc, r-devel-macos-x86_64-clang

Version: 0.3.2
Check: data for non-ASCII characters
Result: NOTE
     Note: found 34 marked UTF-8 strings
Flavors: r-patched-solaris-sparc, r-patched-solaris-x86, r-release-osx-x86_64-mavericks, r-oldrel-windows-ix86+x86_64