CRAN Package Check Results for Package pamctdp

Last updated on 2015-03-07 03:50:15.

Flavor Version Tinstall Tcheck Ttotal Status Flags
r-devel-linux-x86_64-debian-clang 0.3.1 0.84 16.08 16.92 NOTE
r-devel-linux-x86_64-debian-gcc 0.3.1 0.71 16.10 16.81 NOTE
r-devel-linux-x86_64-fedora-clang 0.3.1 32.36 NOTE
r-devel-linux-x86_64-fedora-gcc 0.3.1 30.29 NOTE
r-devel-osx-x86_64-clang 0.3.1 34.19 NOTE
r-devel-windows-ix86+x86_64 0.3.1 5.00 28.00 33.00 NOTE
r-patched-linux-x86_64 0.3.1 0.85 18.78 19.62 NOTE
r-patched-solaris-sparc 0.3.1 221.30 NOTE
r-patched-solaris-x86 0.3.1 48.70 NOTE
r-release-linux-ix86 0.3.1 1.16 27.81 28.97 NOTE
r-release-linux-x86_64 0.3.1 0.84 18.57 19.42 NOTE
r-release-osx-x86_64-mavericks 0.3.1 NOTE
r-release-osx-x86_64-snowleopard 0.3.1 NOTE
r-release-windows-ix86+x86_64 0.3.1 4.00 30.00 34.00 NOTE
r-oldrel-windows-ix86+x86_64 0.3.1 4.00 42.00 46.00 NOTE

Check Details

Version: 0.3.1
Check: data for non-ASCII characters
Result: NOTE
     Note: found 34 marked UTF-8 strings
Flavors: r-devel-linux-x86_64-debian-clang, r-devel-linux-x86_64-debian-gcc, r-devel-linux-x86_64-fedora-clang, r-devel-linux-x86_64-fedora-gcc, r-devel-osx-x86_64-clang, r-devel-windows-ix86+x86_64, r-patched-linux-x86_64, r-patched-solaris-sparc, r-patched-solaris-x86, r-release-linux-ix86, r-release-linux-x86_64, r-release-osx-x86_64-mavericks, r-release-osx-x86_64-snowleopard, r-release-windows-ix86+x86_64, r-oldrel-windows-ix86+x86_64