CRAN Package Check Results for Package pamctdp

Last updated on 2018-05-22 12:49:26 CEST.

Flavor Version Tinstall Tcheck Ttotal Status Flags
r-devel-linux-x86_64-debian-clang 0.3.2 4.38 41.08 45.46 OK
r-devel-linux-x86_64-debian-gcc 0.3.2 3.45 32.19 35.64 OK
r-devel-linux-x86_64-fedora-clang 0.3.2 55.13 NOTE
r-devel-linux-x86_64-fedora-gcc 0.3.2 52.63 NOTE
r-devel-windows-ix86+x86_64 0.3.2 8.00 52.00 60.00 OK
r-patched-linux-x86_64 0.3.2 3.72 38.60 42.32 OK
r-patched-solaris-x86 0.3.2 75.40 NOTE
r-release-linux-x86_64 0.3.2 4.13 38.15 42.28 OK
r-release-windows-ix86+x86_64 0.3.2 9.00 81.00 90.00 OK
r-release-osx-x86_64 0.3.2 NOTE
r-oldrel-windows-ix86+x86_64 0.3.2 10.00 50.00 60.00 OK
r-oldrel-osx-x86_64 0.3.2 NOTE

Check Details

Version: 0.3.2
Check: data for non-ASCII characters
Result: NOTE
     Note: found 34 marked UTF-8 strings
Flavors: r-devel-linux-x86_64-fedora-clang, r-devel-linux-x86_64-fedora-gcc, r-patched-solaris-x86, r-release-osx-x86_64, r-oldrel-osx-x86_64