CRAN Package Check Results for Package pamctdp

Last updated on 2016-07-28 06:47:28.

Flavor Version Tinstall Tcheck Ttotal Status Flags
r-devel-linux-x86_64-debian-clang 0.3.1 1.05 21.80 22.85 NOTE
r-devel-linux-x86_64-debian-gcc 0.3.1 1.00 21.56 22.56 NOTE
r-devel-linux-x86_64-fedora-clang 0.3.1 32.75 NOTE
r-devel-linux-x86_64-fedora-gcc 0.3.1 30.36 NOTE
r-devel-osx-x86_64-clang 0.3.1 27.29 NOTE
r-devel-windows-ix86+x86_64 0.3.1 5.00 47.00 52.00 NOTE
r-patched-linux-x86_64 0.3.1 0.92 22.05 22.97 NOTE
r-patched-solaris-sparc 0.3.1 202.40 NOTE
r-patched-solaris-x86 0.3.1 42.10 NOTE
r-release-linux-x86_64 0.3.1 0.97 21.34 22.31 NOTE
r-release-osx-x86_64-mavericks 0.3.1 NOTE
r-release-windows-ix86+x86_64 0.3.1 5.00 48.00 53.00 NOTE
r-oldrel-windows-ix86+x86_64 0.3.1 5.00 45.00 50.00 NOTE

Check Details

Version: 0.3.1
Check: R code for possible problems
Result: NOTE
    inertia.wwm: no visible global function definition for ‘cov.wt’
    plot.parwwm: no visible global function definition for ‘palette’
    plot.parwwm: no visible global function definition for ‘locator’
    plot.parwwm: no visible global function definition for ‘plot.default’
    plot.parwwm: no visible global function definition for ‘abline’
    plot.parwwm: no visible global function definition for ‘points’
    plot.parwwm: no visible global function definition for ‘text’
    plot.parwwm: no visible global function definition for ‘segments’
    Undefined global functions or variables:
     abline cov.wt locator palette plot.default points segments text
    Consider adding
     importFrom("grDevices", "palette")
     importFrom("graphics", "abline", "locator", "plot.default", "points",
     "segments", "text")
     importFrom("stats", "cov.wt")
    to your NAMESPACE file.
Flavors: r-devel-linux-x86_64-debian-clang, r-devel-linux-x86_64-debian-gcc, r-devel-linux-x86_64-fedora-clang, r-devel-linux-x86_64-fedora-gcc, r-devel-osx-x86_64-clang, r-devel-windows-ix86+x86_64, r-patched-linux-x86_64, r-patched-solaris-sparc, r-patched-solaris-x86, r-release-linux-x86_64, r-release-osx-x86_64-mavericks, r-release-windows-ix86+x86_64

Version: 0.3.1
Check: data for non-ASCII characters
Result: NOTE
     Note: found 34 marked UTF-8 strings
Flavors: r-devel-linux-x86_64-fedora-clang, r-devel-linux-x86_64-fedora-gcc, r-devel-osx-x86_64-clang, r-patched-solaris-sparc, r-patched-solaris-x86, r-release-osx-x86_64-mavericks, r-oldrel-windows-ix86+x86_64