CRAN Package Check Results for Package pamctdp

Last updated on 2017-08-16 20:48:10.

Flavor Version Tinstall Tcheck Ttotal Status Flags
r-devel-linux-x86_64-debian-clang 0.3.2 0.95 21.04 21.98 OK
r-devel-linux-x86_64-debian-gcc 0.3.2 1.05 20.90 21.95 OK
r-devel-linux-x86_64-fedora-clang 0.3.2 37.98 NOTE
r-devel-linux-x86_64-fedora-gcc 0.3.2 37.31 NOTE
r-devel-windows-ix86+x86_64 0.3.2 4.00 37.00 41.00 OK
r-patched-linux-x86_64 0.3.2 0.96 21.00 21.95 OK
r-patched-solaris-x86 0.3.2 48.30 NOTE
r-release-linux-x86_64 0.3.2 0.92 20.62 21.54 OK
r-release-windows-ix86+x86_64 0.3.2 4.00 60.00 64.00 OK
r-release-osx-x86_64 0.3.2 NOTE
r-oldrel-windows-ix86+x86_64 0.3.2 5.00 36.00 41.00 OK
r-oldrel-osx-x86_64 0.3.2 NOTE

Check Details

Version: 0.3.2
Check: data for non-ASCII characters
Result: NOTE
     Note: found 34 marked UTF-8 strings
Flavors: r-devel-linux-x86_64-fedora-clang, r-devel-linux-x86_64-fedora-gcc, r-patched-solaris-x86, r-release-osx-x86_64, r-oldrel-osx-x86_64