CRAN Package Check Results for Package pamctdp

Last updated on 2015-05-30 21:46:47.

Flavor Version Tinstall Tcheck Ttotal Status Flags
r-devel-linux-x86_64-debian-clang 0.3.1 0.81 17.28 18.08 NOTE
r-devel-linux-x86_64-debian-gcc 0.3.1 0.79 16.78 17.57 NOTE
r-devel-linux-x86_64-fedora-clang 0.3.1 35.52 NOTE
r-devel-linux-x86_64-fedora-gcc 0.3.1 32.67 NOTE
r-devel-osx-x86_64-clang 0.3.1 35.03 NOTE
r-devel-windows-ix86+x86_64 0.3.1 3.00 28.00 31.00 NOTE
r-patched-linux-x86_64 0.3.1 0.79 17.26 18.06 NOTE
r-patched-solaris-sparc 0.3.1 201.50 NOTE
r-patched-solaris-x86 0.3.1 47.40 NOTE
r-release-linux-x86_64 0.3.1 0.79 17.88 18.67 NOTE
r-release-osx-x86_64-mavericks 0.3.1 NOTE
r-release-osx-x86_64-snowleopard 0.3.1 NOTE
r-release-windows-ix86+x86_64 0.3.1 4.00 28.00 32.00 NOTE
r-oldrel-windows-ix86+x86_64 0.3.1 5.00 30.00 35.00 NOTE

Check Details

Version: 0.3.1
Check: data for non-ASCII characters
Result: NOTE
     Note: found 34 marked UTF-8 strings
Flavors: r-devel-linux-x86_64-debian-clang, r-devel-linux-x86_64-debian-gcc, r-devel-linux-x86_64-fedora-clang, r-devel-linux-x86_64-fedora-gcc, r-devel-osx-x86_64-clang, r-devel-windows-ix86+x86_64, r-patched-linux-x86_64, r-patched-solaris-sparc, r-patched-solaris-x86, r-release-linux-x86_64, r-release-osx-x86_64-mavericks, r-release-osx-x86_64-snowleopard, r-release-windows-ix86+x86_64, r-oldrel-windows-ix86+x86_64