CRAN Package Check Results for Package pamctdp

Last updated on 2016-12-11 06:57:36.

Flavor Version Tinstall Tcheck Ttotal Status Flags
r-devel-linux-x86_64-debian-clang 0.3.1 0.86 21.11 21.97 NOTE
r-devel-linux-x86_64-debian-gcc 0.3.1 0.95 20.65 21.60 NOTE
r-devel-linux-x86_64-fedora-clang 0.3.1 40.08 NOTE --no-stop-on-test-error
r-devel-linux-x86_64-fedora-gcc 0.3.1 37.35 NOTE --no-stop-on-test-error
r-devel-macos-x86_64-clang 0.3.1 31.83 NOTE --no-stop-on-test-error
r-devel-windows-ix86+x86_64 0.3.1 4.00 53.00 57.00 NOTE
r-patched-linux-x86_64 0.3.1 0.80 17.87 18.67 NOTE
r-patched-solaris-sparc 0.3.1 202.40 NOTE
r-patched-solaris-x86 0.3.1 41.30 NOTE
r-release-linux-x86_64 0.3.1 0.82 18.06 18.88 NOTE
r-release-osx-x86_64-mavericks 0.3.1 NOTE
r-release-windows-ix86+x86_64 0.3.1 6.00 36.00 42.00 NOTE
r-oldrel-windows-ix86+x86_64 0.3.1 6.00 37.00 43.00 NOTE

Check Details

Version: 0.3.1
Check: R code for possible problems
Result: NOTE
    inertia.wwm: no visible global function definition for ‘cov.wt’
    plot.parwwm: no visible global function definition for ‘palette’
    plot.parwwm: no visible global function definition for ‘locator’
    plot.parwwm: no visible global function definition for ‘plot.default’
    plot.parwwm: no visible global function definition for ‘abline’
    plot.parwwm: no visible global function definition for ‘points’
    plot.parwwm: no visible global function definition for ‘text’
    plot.parwwm: no visible global function definition for ‘segments’
    Undefined global functions or variables:
     abline cov.wt locator palette plot.default points segments text
    Consider adding
     importFrom("grDevices", "palette")
     importFrom("graphics", "abline", "locator", "plot.default", "points",
     "segments", "text")
     importFrom("stats", "cov.wt")
    to your NAMESPACE file.
Flavors: r-devel-linux-x86_64-debian-clang, r-devel-linux-x86_64-debian-gcc, r-devel-windows-ix86+x86_64, r-patched-linux-x86_64, r-patched-solaris-sparc, r-patched-solaris-x86, r-release-linux-x86_64, r-release-osx-x86_64-mavericks, r-release-windows-ix86+x86_64

Version: 0.3.1
Flags: --no-stop-on-test-error
Check: R code for possible problems
Result: NOTE
    inertia.wwm: no visible global function definition for ‘cov.wt’
    plot.parwwm: no visible global function definition for ‘palette’
    plot.parwwm: no visible global function definition for ‘locator’
    plot.parwwm: no visible global function definition for ‘plot.default’
    plot.parwwm: no visible global function definition for ‘abline’
    plot.parwwm: no visible global function definition for ‘points’
    plot.parwwm: no visible global function definition for ‘text’
    plot.parwwm: no visible global function definition for ‘segments’
    Undefined global functions or variables:
     abline cov.wt locator palette plot.default points segments text
    Consider adding
     importFrom("grDevices", "palette")
     importFrom("graphics", "abline", "locator", "plot.default", "points",
     "segments", "text")
     importFrom("stats", "cov.wt")
    to your NAMESPACE file.
Flavors: r-devel-linux-x86_64-fedora-clang, r-devel-linux-x86_64-fedora-gcc, r-devel-macos-x86_64-clang

Version: 0.3.1
Flags: --no-stop-on-test-error
Check: data for non-ASCII characters
Result: NOTE
     Note: found 34 marked UTF-8 strings
Flavors: r-devel-linux-x86_64-fedora-clang, r-devel-linux-x86_64-fedora-gcc, r-devel-macos-x86_64-clang

Version: 0.3.1
Check: data for non-ASCII characters
Result: NOTE
     Note: found 34 marked UTF-8 strings
Flavors: r-patched-solaris-sparc, r-patched-solaris-x86, r-release-osx-x86_64-mavericks, r-oldrel-windows-ix86+x86_64