CRAN Package Check Results for Package pamctdp

Last updated on 2017-05-24 22:47:24.

Flavor Version Tinstall Tcheck Ttotal Status Flags
r-devel-linux-x86_64-debian-clang 0.3.2 0.96 20.31 21.27 OK
r-devel-linux-x86_64-debian-gcc 0.3.2 0.96 20.11 21.07 OK
r-devel-linux-x86_64-fedora-clang 0.3.2 37.34 NOTE --no-stop-on-test-error
r-devel-linux-x86_64-fedora-gcc 0.3.2 36.59 NOTE --no-stop-on-test-error
r-devel-windows-ix86+x86_64 0.3.2 3.00 40.00 43.00 OK
r-patched-linux-x86_64 0.3.2 0.95 20.51 21.45 OK
r-patched-solaris-sparc 0.3.2 221.80 NOTE
r-patched-solaris-x86 0.3.2 46.20 NOTE
r-release-linux-x86_64 0.3.2 0.88 19.77 20.65 OK
r-release-windows-ix86+x86_64 0.3.2 3.00 59.00 62.00 OK
r-release-osx-x86_64 0.3.2 NOTE
r-oldrel-windows-ix86+x86_64 0.3.2 4.00 46.00 50.00 OK
r-oldrel-osx-x86_64 0.3.2 NOTE

Check Details

Version: 0.3.2
Flags: --no-stop-on-test-error
Check: data for non-ASCII characters
Result: NOTE
     Note: found 34 marked UTF-8 strings
Flavors: r-devel-linux-x86_64-fedora-clang, r-devel-linux-x86_64-fedora-gcc

Version: 0.3.2
Check: data for non-ASCII characters
Result: NOTE
     Note: found 34 marked UTF-8 strings
Flavors: r-patched-solaris-sparc, r-patched-solaris-x86, r-release-osx-x86_64, r-oldrel-osx-x86_64