CRAN Package Check Results for Package pamctdp

Last updated on 2017-06-22 15:48:36.

Flavor Version Tinstall Tcheck Ttotal Status Flags
r-devel-linux-x86_64-debian-clang 0.3.2 0.96 20.88 21.83 OK
r-devel-linux-x86_64-debian-gcc 0.3.2 1.19 21.00 22.19 OK
r-devel-linux-x86_64-fedora-clang 0.3.2 38.36 NOTE
r-devel-linux-x86_64-fedora-gcc 0.3.2 36.06 NOTE
r-devel-windows-ix86+x86_64 0.3.2 4.00 47.00 51.00 OK
r-patched-linux-x86_64 0.3.2 0.94 21.05 21.98 OK
r-patched-solaris-sparc 0.3.2 221.80 NOTE
r-patched-solaris-x86 0.3.2 46.20 NOTE
r-release-linux-x86_64 0.3.2 0.84 21.06 21.90 OK
r-release-windows-ix86+x86_64 0.3.2 4.00 61.00 65.00 OK
r-release-osx-x86_64 0.3.2 NOTE
r-oldrel-windows-ix86+x86_64 0.3.2 4.00 38.00 42.00 OK
r-oldrel-osx-x86_64 0.3.2 NOTE

Check Details

Version: 0.3.2
Check: data for non-ASCII characters
Result: NOTE
     Note: found 34 marked UTF-8 strings
Flavors: r-devel-linux-x86_64-fedora-clang, r-devel-linux-x86_64-fedora-gcc, r-patched-solaris-sparc, r-patched-solaris-x86, r-release-osx-x86_64, r-oldrel-osx-x86_64