CRAN Package Check Results for Package pamctdp

Last updated on 2015-09-03 03:48:35.

Flavor Version Tinstall Tcheck Ttotal Status Flags
r-devel-linux-x86_64-debian-clang 0.3.1 0.74 16.92 17.66 NOTE
r-devel-linux-x86_64-debian-gcc 0.3.1 0.78 16.66 17.44 NOTE
r-devel-linux-x86_64-fedora-clang 0.3.1 33.92 NOTE
r-devel-linux-x86_64-fedora-gcc 0.3.1 32.63 NOTE
r-devel-osx-x86_64-clang 0.3.1 30.94 NOTE
r-devel-windows-ix86+x86_64 0.3.1 5.00 30.00 35.00 NOTE
r-patched-linux-x86_64 0.3.1 0.92 17.74 18.66 NOTE
r-patched-solaris-sparc 0.3.1 208.20 NOTE
r-patched-solaris-x86 0.3.1 49.30 NOTE
r-release-linux-x86_64 0.3.1 0.82 17.87 18.69 NOTE
r-release-osx-x86_64-mavericks 0.3.1 NOTE
r-release-windows-ix86+x86_64 0.3.1 4.00 27.00 31.00 NOTE
r-oldrel-windows-ix86+x86_64 0.3.1 7.00 48.00 55.00 NOTE

Check Details

Version: 0.3.1
Check: R code for possible problems
Result: NOTE
    inertia.wwm: no visible global function definition for ‘cov.wt’
    plot.parwwm: no visible global function definition for ‘palette’
    plot.parwwm: no visible global function definition for ‘locator’
    plot.parwwm: no visible global function definition for ‘plot.default’
    plot.parwwm: no visible global function definition for ‘abline’
    plot.parwwm: no visible global function definition for ‘points’
    plot.parwwm: no visible global function definition for ‘text’
    plot.parwwm: no visible global function definition for ‘segments’
    Undefined global functions or variables:
     abline cov.wt locator palette plot.default points segments text
    Consider adding
     importFrom("grDevices", "palette")
     importFrom("graphics", "abline", "locator", "plot.default", "points",
     "segments", "text")
     importFrom("stats", "cov.wt")
    to your NAMESPACE.
Flavors: r-devel-linux-x86_64-debian-clang, r-devel-linux-x86_64-debian-gcc, r-devel-linux-x86_64-fedora-clang, r-devel-linux-x86_64-fedora-gcc, r-devel-windows-ix86+x86_64

Version: 0.3.1
Check: data for non-ASCII characters
Result: NOTE
     Note: found 34 marked UTF-8 strings
Flavors: r-devel-linux-x86_64-fedora-clang, r-devel-linux-x86_64-fedora-gcc, r-devel-osx-x86_64-clang, r-patched-linux-x86_64, r-patched-solaris-sparc, r-patched-solaris-x86, r-release-linux-x86_64, r-release-osx-x86_64-mavericks, r-release-windows-ix86+x86_64, r-oldrel-windows-ix86+x86_64