CRAN Package Check Results for Package pamctdp

Last updated on 2015-04-19 11:51:15.

Flavor Version Tinstall Tcheck Ttotal Status Flags
r-devel-linux-x86_64-debian-clang 0.3.1 0.85 17.54 18.40 NOTE
r-devel-linux-x86_64-debian-gcc 0.3.1 0.88 18.42 19.30 NOTE
r-devel-linux-x86_64-fedora-clang 0.3.1 36.38 NOTE
r-devel-linux-x86_64-fedora-gcc 0.3.1 33.59 NOTE
r-devel-osx-x86_64-clang 0.3.1 35.19 NOTE
r-devel-windows-ix86+x86_64 0.3.1 4.00 25.00 29.00 NOTE
r-patched-linux-x86_64 0.3.1 0.80 17.44 18.23 NOTE
r-patched-solaris-sparc 0.3.1 193.10 NOTE
r-patched-solaris-x86 0.3.1 45.70 NOTE
r-release-linux-x86_64 0.3.1 0.84 17.51 18.35 NOTE
r-release-osx-x86_64-mavericks 0.3.1 NOTE
r-release-osx-x86_64-snowleopard 0.3.1 NOTE
r-release-windows-ix86+x86_64 0.3.1 2.00 25.00 27.00 NOTE
r-oldrel-windows-ix86+x86_64 0.3.1 4.00 31.00 35.00 NOTE

Check Details

Version: 0.3.1
Check: data for non-ASCII characters
Result: NOTE
     Note: found 34 marked UTF-8 strings
Flavors: r-devel-linux-x86_64-debian-clang, r-devel-linux-x86_64-debian-gcc, r-devel-linux-x86_64-fedora-clang, r-devel-linux-x86_64-fedora-gcc, r-devel-osx-x86_64-clang, r-devel-windows-ix86+x86_64, r-patched-linux-x86_64, r-patched-solaris-sparc, r-patched-solaris-x86, r-release-linux-x86_64, r-release-osx-x86_64-mavericks, r-release-osx-x86_64-snowleopard, r-release-windows-ix86+x86_64, r-oldrel-windows-ix86+x86_64