CRAN Package Check Results for Package pamctdp

Last updated on 2017-01-20 12:51:08.

Flavor Version Tinstall Tcheck Ttotal Status Flags
r-devel-linux-x86_64-debian-clang 0.3.2 0.88 20.73 21.60 OK
r-devel-linux-x86_64-debian-gcc 0.3.2 0.91 19.85 20.76 OK
r-devel-linux-x86_64-fedora-clang 0.3.2 37.06 NOTE --no-stop-on-test-error
r-devel-linux-x86_64-fedora-gcc 0.3.2 36.10 NOTE --no-stop-on-test-error
r-devel-macos-x86_64-clang 0.3.2 30.43 NOTE --no-stop-on-test-error
r-devel-windows-ix86+x86_64 0.3.2 6.00 50.00 56.00 OK
r-patched-linux-x86_64 0.3.2 0.81 17.35 18.17 OK
r-patched-solaris-sparc 0.3.2 199.50 NOTE
r-patched-solaris-x86 0.3.2 40.40 NOTE
r-release-linux-x86_64 0.3.2 0.86 17.29 18.15 OK
r-release-osx-x86_64-mavericks 0.3.2 NOTE
r-release-windows-ix86+x86_64 0.3.2 3.00 51.00 54.00 OK
r-oldrel-windows-ix86+x86_64 0.3.2 4.00 45.00 49.00 NOTE

Check Details

Version: 0.3.2
Flags: --no-stop-on-test-error
Check: data for non-ASCII characters
Result: NOTE
     Note: found 34 marked UTF-8 strings
Flavors: r-devel-linux-x86_64-fedora-clang, r-devel-linux-x86_64-fedora-gcc, r-devel-macos-x86_64-clang

Version: 0.3.2
Check: data for non-ASCII characters
Result: NOTE
     Note: found 34 marked UTF-8 strings
Flavors: r-patched-solaris-sparc, r-patched-solaris-x86, r-release-osx-x86_64-mavericks, r-oldrel-windows-ix86+x86_64