CRAN Package Check Results for Package pamm

Last updated on 2017-07-25 01:51:47.

Flavor Version Tinstall Tcheck Ttotal Status Flags
r-devel-linux-x86_64-debian-clang 0.9 3.76 50.37 54.13 OK
r-devel-linux-x86_64-debian-gcc 0.9 3.90 49.15 53.04 OK
r-devel-linux-x86_64-fedora-clang 0.9 110.61 OK
r-devel-linux-x86_64-fedora-gcc 0.9 107.35 OK
r-devel-windows-ix86+x86_64 0.9 13.00 81.00 94.00 OK
r-patched-linux-x86_64 0.9 4.12 50.98 55.10 OK
r-patched-solaris-x86 0.9 147.10 OK
r-release-linux-x86_64 0.9 4.18 50.65 54.82 OK
r-release-windows-ix86+x86_64 0.9 13.00 112.00 125.00 OK
r-release-osx-x86_64 0.9 OK
r-oldrel-windows-ix86+x86_64 0.9 12.00 83.00 95.00 OK
r-oldrel-osx-x86_64 0.9 NOTE

Check Details

Version: 0.9
Check: dependencies in R code
Result: NOTE
    Invalid MIT-MAGIC-COOKIE-1 key
Flavor: r-oldrel-osx-x86_64