CRAN Package Check Results for Package pamm

Last updated on 2017-11-25 09:49:49 CET.

Flavor Version Tinstall Tcheck Ttotal Status Flags
r-devel-linux-x86_64-debian-clang 0.9 4.88 93.07 97.95 OK
r-devel-linux-x86_64-debian-gcc 0.9 4.00 91.79 95.79 OK
r-devel-linux-x86_64-fedora-clang 0.9 90.58 OK
r-devel-linux-x86_64-fedora-gcc 0.9 90.59 OK
r-devel-windows-ix86+x86_64 0.9 13.00 80.00 93.00 OK
r-patched-linux-x86_64 0.9 5.39 104.17 109.55 OK
r-patched-solaris-x86 0.9 145.50 OK
r-release-linux-x86_64 0.9 4.90 103.28 108.17 OK
r-release-windows-ix86+x86_64 0.9 13.00 76.00 89.00 OK
r-release-osx-x86_64 0.9 OK
r-oldrel-windows-ix86+x86_64 0.9 11.00 85.00 96.00 OK
r-oldrel-osx-x86_64 0.9 NOTE

Check Details

Version: 0.9
Check: dependencies in R code
Result: NOTE
    Invalid MIT-MAGIC-COOKIE-1 key
Flavor: r-oldrel-osx-x86_64