CRAN Package Check Results for Package pamm

Last updated on 2016-05-26 06:47:17.

Flavor Version Tinstall Tcheck Ttotal Status Flags
r-devel-linux-x86_64-debian-gcc 0.9 3.98 42.36 46.35 OK
r-devel-linux-x86_64-fedora-clang 0.9 90.36 OK
r-devel-linux-x86_64-fedora-gcc 0.9 87.80 OK
r-devel-osx-x86_64-clang 0.9 96.38 OK
r-devel-windows-ix86+x86_64 0.9 10.00 79.00 89.00 OK
r-patched-linux-x86_64 0.9 3.81 41.87 45.67 OK
r-patched-solaris-sparc 0.9 538.00 OK
r-patched-solaris-x86 0.9 120.50 OK
r-release-linux-x86_64 0.9 3.64 41.87 45.51 OK
r-release-osx-x86_64-mavericks 0.9 NOTE
r-release-windows-ix86+x86_64 0.9 15.00 72.00 87.00 OK
r-oldrel-windows-ix86+x86_64 0.9 11.00 80.00 91.00 OK

Check Details

Version: 0.9
Check: dependencies in R code
Result: NOTE
    Invalid MIT-MAGIC-COOKIE-1 key
Flavor: r-release-osx-x86_64-mavericks