CRAN Package Check Results for Package pamm

Last updated on 2018-06-22 03:49:37 CEST.

Flavor Version Tinstall Tcheck Ttotal Status Flags
r-devel-linux-x86_64-debian-clang 0.9 6.08 68.14 74.22 NOTE
r-devel-linux-x86_64-debian-gcc 0.9 5.80 60.45 66.25 NOTE
r-devel-linux-x86_64-fedora-clang 0.9 98.34 NOTE
r-devel-linux-x86_64-fedora-gcc 0.9 92.83 NOTE
r-devel-windows-ix86+x86_64 0.9 11.00 85.00 96.00 NOTE
r-patched-linux-x86_64 0.9 5.63 64.50 70.13 NOTE
r-patched-solaris-x86 0.9 128.60 NOTE
r-release-linux-x86_64 0.9 7.41 63.62 71.03 NOTE
r-release-windows-ix86+x86_64 0.9 12.00 76.00 88.00 NOTE
r-release-osx-x86_64 0.9 NOTE
r-oldrel-windows-ix86+x86_64 0.9 9.00 72.00 81.00 NOTE
r-oldrel-osx-x86_64 0.9 OK

Check Details

Version: 0.9
Check: R code for possible problems
Result: NOTE
    EAMM: no visible global function definition for ‘anova’
    EAMM: no visible global function definition for ‘rand’
    PAMM: no visible global function definition for ‘rand’
    PAMM: no visible global function definition for ‘anova’
    SSF: no visible global function definition for ‘rand’
    SSF: no visible global function definition for ‘anova’
    Undefined global functions or variables:
     anova rand
    Consider adding
     importFrom("stats", "anova")
    to your NAMESPACE file.
Flavors: r-devel-linux-x86_64-debian-clang, r-devel-linux-x86_64-debian-gcc, r-devel-linux-x86_64-fedora-clang, r-devel-linux-x86_64-fedora-gcc, r-devel-windows-ix86+x86_64, r-patched-linux-x86_64, r-patched-solaris-x86, r-release-linux-x86_64, r-release-windows-ix86+x86_64, r-release-osx-x86_64, r-oldrel-windows-ix86+x86_64