CRAN Package Check Results for Package pamm

Last updated on 2014-11-01 05:48:58.

Flavor Version Tinstall Tcheck Ttotal Status Flags
r-devel-linux-x86_64-debian-clang 0.7 4.42 52.61 57.02 NOTE
r-devel-linux-x86_64-debian-gcc 0.7 4.33 51.47 55.80 NOTE
r-devel-linux-x86_64-fedora-clang 0.7 134.77 NOTE
r-devel-linux-x86_64-fedora-gcc 0.7 130.68 NOTE
r-devel-osx-x86_64-clang 0.7 112.07 NOTE
r-devel-windows-ix86+x86_64 0.7 13.00 71.00 84.00 NOTE
r-patched-linux-x86_64 0.7 4.66 54.61 59.26 NOTE
r-patched-solaris-sparc 0.7 729.60 NOTE
r-patched-solaris-x86 0.7 173.70 NOTE
r-release-linux-ix86 0.7 5.64 65.62 71.26 NOTE
r-release-linux-x86_64 0.7 4.77 54.87 59.64 NOTE
r-release-osx-x86_64-mavericks 0.7 NOTE
r-release-osx-x86_64-snowleopard 0.7 ERROR
r-release-windows-ix86+x86_64 0.7 14.00 79.00 93.00 NOTE
r-oldrel-windows-ix86+x86_64 0.7 14.00 68.00 82.00 NOTE

Check Details

Version: 0.7
Check: R code for possible problems
Result: NOTE
    Found an obsolete/platform-specific call in the following functions:
     ‘plot.EAMM’ ‘plot.PAMM’
    Found the platform-specific device:
     ‘x11’
    dev.new() is the preferred way to open a new device, in the unlikely
    event one is needed.
    plot.EAMM: no visible global function definition for ‘wireframe’
    plot.EAMM: no visible global function definition for ‘open3d’
    plot.EAMM: no visible global function definition for ‘bg3d’
    plot.EAMM: no visible global function definition for ‘material3d’
    plot.EAMM: no visible global function definition for ‘persp3d’
    plot.PAMM: no visible global function definition for ‘wireframe’
    plot.PAMM: no visible global function definition for ‘open3d’
    plot.PAMM: no visible global function definition for ‘bg3d’
    plot.PAMM: no visible global function definition for ‘material3d’
    plot.PAMM: no visible global function definition for ‘persp3d’
Flavors: r-devel-linux-x86_64-debian-clang, r-devel-linux-x86_64-debian-gcc, r-devel-linux-x86_64-fedora-clang, r-devel-linux-x86_64-fedora-gcc, r-devel-osx-x86_64-clang, r-patched-linux-x86_64, r-patched-solaris-sparc, r-patched-solaris-x86

Version: 0.7
Check: R code for possible problems
Result: NOTE
    plot.EAMM: no visible global function definition for 'wireframe'
    plot.EAMM: no visible global function definition for 'open3d'
    plot.EAMM: no visible global function definition for 'bg3d'
    plot.EAMM: no visible global function definition for 'material3d'
    plot.EAMM: no visible global function definition for 'persp3d'
    plot.PAMM: no visible global function definition for 'wireframe'
    plot.PAMM: no visible global function definition for 'open3d'
    plot.PAMM: no visible global function definition for 'bg3d'
    plot.PAMM: no visible global function definition for 'material3d'
    plot.PAMM: no visible global function definition for 'persp3d'
Flavor: r-devel-windows-ix86+x86_64

Version: 0.7
Check: R code for possible problems
Result: NOTE
    Found an obsolete/platform-specific call in the following functions:
     ‘plot.EAMM’ ‘plot.PAMM’
    Found the platform-specific device:
     ‘x11’
    dev.new() is the preferred way to open a new device, in the unlikely
    event one is needed.
    plot.EAMM: no visible global function definition for ‘wireframe’
    plot.PAMM: no visible global function definition for ‘wireframe’
Flavors: r-release-linux-ix86, r-release-linux-x86_64

Version: 0.7
Check: R code for possible problems
Result: NOTE
    plot.EAMM: no visible global function definition for ‘wireframe’
    plot.PAMM: no visible global function definition for ‘wireframe’
Flavors: r-release-osx-x86_64-mavericks, r-release-windows-ix86+x86_64, r-oldrel-windows-ix86+x86_64

Version: 0.7
Check: whether package can be installed
Result: ERROR
    Installation failed.
Flavor: r-release-osx-x86_64-snowleopard