CRAN Package Check Results for Package pamm

Last updated on 2016-06-27 19:49:36.

Flavor Version Tinstall Tcheck Ttotal Status Flags
r-devel-linux-x86_64-debian-gcc 0.9 3.76 41.40 45.15 OK
r-devel-linux-x86_64-fedora-clang 0.9 98.80 OK
r-devel-linux-x86_64-fedora-gcc 0.9 88.08 OK
r-devel-osx-x86_64-clang 0.9 70.39 OK
r-devel-windows-ix86+x86_64 0.9 10.00 75.00 85.00 OK
r-patched-linux-x86_64 0.9 3.87 43.05 46.91 OK
r-patched-solaris-sparc 0.9 539.00 OK
r-patched-solaris-x86 0.9 122.30 OK
r-release-linux-x86_64 0.9 3.74 41.68 45.41 OK
r-release-osx-x86_64-mavericks 0.9 NOTE
r-release-windows-ix86+x86_64 0.9 15.00 111.00 126.00 OK
r-oldrel-windows-ix86+x86_64 0.9 15.00 104.00 119.00 OK

Check Details

Version: 0.9
Check: dependencies in R code
Result: NOTE
    Invalid MIT-MAGIC-COOKIE-1 key
Flavor: r-release-osx-x86_64-mavericks