CRAN Package Check Results for Package pamm

Last updated on 2016-08-26 23:49:02.

Flavor Version Tinstall Tcheck Ttotal Status Flags
r-devel-linux-x86_64-debian-clang 0.9 4.08 44.15 48.23 OK
r-devel-linux-x86_64-debian-gcc 0.9 5.00 56.65 61.65 OK
r-devel-linux-x86_64-fedora-clang 0.9 94.75 OK
r-devel-linux-x86_64-fedora-gcc 0.9 89.68 OK
r-devel-osx-x86_64-clang 0.9 74.65 OK
r-devel-windows-ix86+x86_64 0.9 14.00 74.00 88.00 OK
r-patched-linux-x86_64 0.9 3.88 41.43 45.30 OK
r-patched-solaris-sparc 0.9 539.00 OK
r-patched-solaris-x86 0.9 118.20 OK
r-release-linux-x86_64 0.9 3.98 41.95 45.93 OK
r-release-osx-x86_64-mavericks 0.9 NOTE
r-release-windows-ix86+x86_64 0.9 13.00 103.00 116.00 OK
r-oldrel-windows-ix86+x86_64 0.9 11.00 83.00 94.00 OK

Check Details

Version: 0.9
Check: dependencies in R code
Result: NOTE
    Invalid MIT-MAGIC-COOKIE-1 key
Flavor: r-release-osx-x86_64-mavericks