CRAN Package Check Results for Package pamm

Last updated on 2014-04-23 12:48:23.

Flavor Version Tinstall Tcheck Ttotal Status Flags
r-devel-linux-x86_64-debian-clang 0.7 5.11 56.52 61.63 NOTE
r-devel-linux-x86_64-debian-gcc 0.7 4.91 57.63 62.54 NOTE
r-devel-linux-x86_64-fedora-clang 0.7 141.95 NOTE
r-devel-linux-x86_64-fedora-gcc 0.7 136.43 NOTE
r-devel-osx-x86_64-clang 0.7 113.23 NOTE
r-devel-osx-x86_64-gcc 0.7 NOTE
r-devel-windows-ix86+x86_64 0.7 14.00 79.00 93.00 NOTE
r-patched-linux-x86_64 0.7 5.03 56.25 61.28 NOTE
r-patched-solaris-sparc 0.7 729.80 NOTE
r-patched-solaris-x86 0.7 169.20 NOTE
r-release-linux-ix86 0.7 7.00 87.00 94.00 NOTE
r-release-linux-x86_64 0.7 5.17 55.90 61.07 NOTE
r-release-osx-x86_64-mavericks 0.7 NOTE
r-release-osx-x86_64-snowleopard 0.7 ERROR
r-release-windows-ix86+x86_64 0.7 14.00 76.00 90.00 NOTE
r-oldrel-windows-ix86+x86_64 0.7 12.00 70.00 82.00 NOTE

Check Details

Version: 0.7
Check: R code for possible problems
Result: NOTE
    Found an obsolete/platform-specific call in the following functions:
     ‘plot.EAMM’ ‘plot.PAMM’
    Found the platform-specific device:
     ‘x11’
    dev.new() is the preferred way to open a new device, in the unlikely
    event one is needed.
    plot.EAMM: no visible global function definition for ‘wireframe’
    plot.PAMM: no visible global function definition for ‘wireframe’
Flavors: r-devel-linux-x86_64-debian-clang, r-devel-linux-x86_64-debian-gcc, r-devel-linux-x86_64-fedora-clang, r-devel-linux-x86_64-fedora-gcc, r-devel-osx-x86_64-clang, r-patched-linux-x86_64, r-patched-solaris-sparc, r-patched-solaris-x86, r-release-linux-ix86, r-release-linux-x86_64

Version: 0.7
Check: R code for possible problems
Result: NOTE
    plot.EAMM: no visible global function definition for ‘wireframe’
    plot.PAMM: no visible global function definition for ‘wireframe’
Flavors: r-devel-osx-x86_64-gcc, r-devel-windows-ix86+x86_64, r-release-osx-x86_64-mavericks, r-release-windows-ix86+x86_64, r-oldrel-windows-ix86+x86_64

Version: 0.7
Check: whether package can be installed
Result: ERROR
    Installation failed.
    See ‘/Volumes/XT3/Builds/R-dev-web/QA/Simon/packages/snowleopard-x86_64/results/3.1/pamm.Rcheck/00install.out’ for details.
Flavor: r-release-osx-x86_64-snowleopard