CRAN Package Check Results for Package pamm

Last updated on 2017-01-19 17:51:57.

Flavor Version Tinstall Tcheck Ttotal Status Flags
r-devel-linux-x86_64-debian-clang 0.9 3.61 43.45 47.06 OK
r-devel-linux-x86_64-debian-gcc 0.9 3.82 43.26 47.08 OK
r-devel-linux-x86_64-fedora-clang 0.9 107.70 OK --no-stop-on-test-error
r-devel-linux-x86_64-fedora-gcc 0.9 106.58 OK --no-stop-on-test-error
r-devel-macos-x86_64-clang 0.9 80.49 OK --no-stop-on-test-error
r-devel-windows-ix86+x86_64 0.9 16.00 78.00 94.00 OK
r-patched-linux-x86_64 0.9 4.08 40.70 44.78 OK
r-patched-solaris-sparc 0.9 570.80 OK
r-patched-solaris-x86 0.9 125.70 OK
r-release-linux-x86_64 0.9 3.78 40.98 44.76 OK
r-release-osx-x86_64-mavericks 0.9 NOTE
r-release-windows-ix86+x86_64 0.9 11.00 68.00 79.00 OK
r-oldrel-windows-ix86+x86_64 0.9 14.00 76.00 90.00 OK

Check Details

Version: 0.9
Check: dependencies in R code
Result: NOTE
    Invalid MIT-MAGIC-COOKIE-1 key
Flavor: r-release-osx-x86_64-mavericks