CRAN Package Check Results for Package pamm

Last updated on 2014-10-01 11:47:53.

Flavor Version Tinstall Tcheck Ttotal Status Flags
r-devel-linux-x86_64-debian-clang 0.7 4.50 52.96 57.46 NOTE
r-devel-linux-x86_64-debian-gcc 0.7 4.35 50.90 55.26 NOTE
r-devel-linux-x86_64-fedora-clang 0.7 133.55 NOTE
r-devel-linux-x86_64-fedora-gcc 0.7 128.30 NOTE
r-devel-osx-x86_64-clang 0.7 104.18 NOTE
r-devel-windows-ix86+x86_64 0.7 13.00 76.00 89.00 NOTE
r-patched-linux-x86_64 0.7 4.67 54.50 59.16 NOTE
r-patched-solaris-sparc 0.7 745.40 NOTE
r-patched-solaris-x86 0.7 175.10 NOTE
r-release-linux-ix86 0.7 5.64 65.38 71.02 NOTE
r-release-linux-x86_64 0.7 4.76 54.32 59.08 NOTE
r-release-osx-x86_64-mavericks 0.7 NOTE
r-release-osx-x86_64-snowleopard 0.7 ERROR
r-release-windows-ix86+x86_64 0.7 14.00 76.00 90.00 NOTE
r-oldrel-windows-ix86+x86_64 0.7 13.00 75.00 88.00 NOTE

Check Details

Version: 0.7
Check: R code for possible problems
Result: NOTE
    Found an obsolete/platform-specific call in the following functions:
     ‘plot.EAMM’ ‘plot.PAMM’
    Found the platform-specific device:
     ‘x11’
    dev.new() is the preferred way to open a new device, in the unlikely
    event one is needed.
    plot.EAMM: no visible global function definition for ‘wireframe’
    plot.EAMM: no visible global function definition for ‘open3d’
    plot.EAMM: no visible global function definition for ‘bg3d’
    plot.EAMM: no visible global function definition for ‘material3d’
    plot.EAMM: no visible global function definition for ‘persp3d’
    plot.PAMM: no visible global function definition for ‘wireframe’
    plot.PAMM: no visible global function definition for ‘open3d’
    plot.PAMM: no visible global function definition for ‘bg3d’
    plot.PAMM: no visible global function definition for ‘material3d’
    plot.PAMM: no visible global function definition for ‘persp3d’
Flavors: r-devel-linux-x86_64-debian-clang, r-devel-linux-x86_64-debian-gcc, r-devel-linux-x86_64-fedora-clang, r-devel-linux-x86_64-fedora-gcc, r-devel-osx-x86_64-clang

Version: 0.7
Check: R code for possible problems
Result: NOTE
    plot.EAMM: no visible global function definition for 'wireframe'
    plot.EAMM: no visible global function definition for 'open3d'
    plot.EAMM: no visible global function definition for 'bg3d'
    plot.EAMM: no visible global function definition for 'material3d'
    plot.EAMM: no visible global function definition for 'persp3d'
    plot.PAMM: no visible global function definition for 'wireframe'
    plot.PAMM: no visible global function definition for 'open3d'
    plot.PAMM: no visible global function definition for 'bg3d'
    plot.PAMM: no visible global function definition for 'material3d'
    plot.PAMM: no visible global function definition for 'persp3d'
Flavor: r-devel-windows-ix86+x86_64

Version: 0.7
Check: R code for possible problems
Result: NOTE
    Found an obsolete/platform-specific call in the following functions:
     ‘plot.EAMM’ ‘plot.PAMM’
    Found the platform-specific device:
     ‘x11’
    dev.new() is the preferred way to open a new device, in the unlikely
    event one is needed.
    plot.EAMM: no visible global function definition for ‘wireframe’
    plot.PAMM: no visible global function definition for ‘wireframe’
Flavors: r-patched-linux-x86_64, r-patched-solaris-sparc, r-patched-solaris-x86, r-release-linux-ix86, r-release-linux-x86_64

Version: 0.7
Check: R code for possible problems
Result: NOTE
    plot.EAMM: no visible global function definition for ‘wireframe’
    plot.PAMM: no visible global function definition for ‘wireframe’
Flavors: r-release-osx-x86_64-mavericks, r-release-windows-ix86+x86_64, r-oldrel-windows-ix86+x86_64

Version: 0.7
Check: whether package can be installed
Result: ERROR
    Installation failed.
Flavor: r-release-osx-x86_64-snowleopard