CRAN Package Check Results for Package pamm

Last updated on 2016-09-27 11:48:55.

Flavor Version Tinstall Tcheck Ttotal Status Flags
r-devel-linux-x86_64-debian-clang 0.9 3.48 38.51 42.00 OK
r-devel-linux-x86_64-debian-gcc 0.9 3.47 38.61 42.07 OK
r-devel-linux-x86_64-fedora-clang 0.9 91.08 OK
r-devel-linux-x86_64-fedora-gcc 0.9 86.18 OK
r-devel-macos-x86_64-clang 0.9 67.92 OK
r-devel-windows-ix86+x86_64 0.9 14.00 74.00 88.00 OK
r-patched-linux-x86_64 0.9 3.31 38.93 42.24 OK
r-patched-solaris-sparc 0.9 539.00 OK
r-patched-solaris-x86 0.9 117.90 OK
r-release-linux-x86_64 0.9 3.39 40.27 43.66 OK
r-release-osx-x86_64-mavericks 0.9 NOTE
r-release-windows-ix86+x86_64 0.9 12.00 119.00 131.00 OK
r-oldrel-windows-ix86+x86_64 0.9 20.00 75.00 95.00 OK

Check Details

Version: 0.9
Check: dependencies in R code
Result: NOTE
    Invalid MIT-MAGIC-COOKIE-1 key
Flavor: r-release-osx-x86_64-mavericks