CRAN Package Check Results for Package pamm

Last updated on 2015-03-01 16:47:02.

Flavor Version Tinstall Tcheck Ttotal Status Flags
r-devel-linux-x86_64-debian-clang 0.7 3.37 40.40 43.78 NOTE
r-devel-linux-x86_64-debian-gcc 0.7 3.18 38.62 41.80 NOTE
r-devel-linux-x86_64-fedora-clang 0.7 93.30 NOTE
r-devel-linux-x86_64-fedora-gcc 0.7 88.25 NOTE
r-devel-osx-x86_64-clang 0.7 83.06 NOTE
r-devel-windows-ix86+x86_64 0.7 13.00 58.00 71.00 NOTE
r-patched-linux-x86_64 0.7 5.00 55.73 60.74 NOTE
r-patched-solaris-sparc 0.7 731.50 NOTE
r-patched-solaris-x86 0.7 175.60 NOTE
r-release-linux-ix86 0.7 7.08 68.37 75.45 NOTE
r-release-linux-x86_64 0.7 4.99 55.11 60.10 NOTE
r-release-osx-x86_64-mavericks 0.7 NOTE
r-release-osx-x86_64-snowleopard 0.7 ERROR
r-release-windows-ix86+x86_64 0.7 17.00 84.00 101.00 NOTE
r-oldrel-windows-ix86+x86_64 0.7 12.00 75.00 87.00 NOTE

Check Details

Version: 0.7
Check: S3 generic/method consistency
Result: NOTE
    Found the following apparent S3 methods exported but not registered:
     plot.EAMM plot.PAMM plot.SSF
    See section ‘Registering S3 methods’ in the ‘Writing R Extensions’
    manual.
Flavors: r-devel-linux-x86_64-debian-clang, r-devel-linux-x86_64-debian-gcc, r-devel-linux-x86_64-fedora-clang, r-devel-linux-x86_64-fedora-gcc, r-devel-osx-x86_64-clang

Version: 0.7
Check: R code for possible problems
Result: NOTE
    Found an obsolete/platform-specific call in the following functions:
     ‘plot.EAMM’ ‘plot.PAMM’
    Found the platform-specific device:
     ‘x11’
    dev.new() is the preferred way to open a new device, in the unlikely
    event one is needed.
    plot.EAMM: no visible global function definition for ‘wireframe’
    plot.EAMM: no visible global function definition for ‘open3d’
    plot.EAMM: no visible global function definition for ‘bg3d’
    plot.EAMM: no visible global function definition for ‘material3d’
    plot.EAMM: no visible global function definition for ‘persp3d’
    plot.PAMM: no visible global function definition for ‘wireframe’
    plot.PAMM: no visible global function definition for ‘open3d’
    plot.PAMM: no visible global function definition for ‘bg3d’
    plot.PAMM: no visible global function definition for ‘material3d’
    plot.PAMM: no visible global function definition for ‘persp3d’
Flavors: r-devel-linux-x86_64-debian-clang, r-devel-linux-x86_64-debian-gcc, r-devel-linux-x86_64-fedora-clang, r-devel-linux-x86_64-fedora-gcc, r-devel-osx-x86_64-clang, r-patched-linux-x86_64, r-patched-solaris-sparc, r-patched-solaris-x86, r-release-linux-ix86, r-release-linux-x86_64

Version: 0.7
Check: R code for possible problems
Result: NOTE
    plot.EAMM: no visible global function definition for 'wireframe'
    plot.EAMM: no visible global function definition for 'open3d'
    plot.EAMM: no visible global function definition for 'bg3d'
    plot.EAMM: no visible global function definition for 'material3d'
    plot.EAMM: no visible global function definition for 'persp3d'
    plot.PAMM: no visible global function definition for 'wireframe'
    plot.PAMM: no visible global function definition for 'open3d'
    plot.PAMM: no visible global function definition for 'bg3d'
    plot.PAMM: no visible global function definition for 'material3d'
    plot.PAMM: no visible global function definition for 'persp3d'
Flavors: r-devel-windows-ix86+x86_64, r-release-osx-x86_64-mavericks, r-release-windows-ix86+x86_64

Version: 0.7
Check: whether package can be installed
Result: ERROR
    Installation failed.
Flavor: r-release-osx-x86_64-snowleopard

Version: 0.7
Check: R code for possible problems
Result: NOTE
    plot.EAMM: no visible global function definition for 'wireframe'
    plot.PAMM: no visible global function definition for 'wireframe'
Flavor: r-oldrel-windows-ix86+x86_64