CRAN Package Check Results for Package pamm

Last updated on 2017-09-20 03:48:23.

Flavor Version Tinstall Tcheck Ttotal Status Flags
r-devel-linux-x86_64-debian-clang 0.9 3.84 44.67 48.51 OK
r-devel-linux-x86_64-debian-gcc 0.9 3.88 43.85 47.73 OK
r-devel-linux-x86_64-fedora-clang 0.9 109.72 OK
r-devel-linux-x86_64-fedora-gcc 0.9 109.75 OK
r-devel-windows-ix86+x86_64 0.9 12.00 121.00 133.00 OK
r-patched-linux-x86_64 0.9 3.99 44.87 48.86 OK
r-patched-solaris-x86 0.9 146.70 OK
r-release-linux-x86_64 0.9 4.06 44.66 48.71 OK
r-release-windows-ix86+x86_64 0.9 12.00 89.00 101.00 OK
r-release-osx-x86_64 0.9 OK
r-oldrel-windows-ix86+x86_64 0.9 13.00 79.00 92.00 OK
r-oldrel-osx-x86_64 0.9 NOTE

Check Details

Version: 0.9
Check: dependencies in R code
Result: NOTE
    Invalid MIT-MAGIC-COOKIE-1 key
Flavor: r-oldrel-osx-x86_64