CRAN Package Check Results for Package pamm

Last updated on 2018-02-20 18:46:37 CET.

Flavor Version Tinstall Tcheck Ttotal Status Flags
r-devel-linux-x86_64-debian-clang 0.9 5.84 71.03 76.87 OK
r-devel-linux-x86_64-debian-gcc 0.9 6.03 56.59 62.62 OK
r-devel-linux-x86_64-fedora-clang 0.9 98.91 OK
r-devel-linux-x86_64-fedora-gcc 0.9 92.79 OK
r-devel-windows-ix86+x86_64 0.9 15.00 80.00 95.00 OK
r-patched-linux-x86_64 0.9 5.77 72.10 77.87 OK
r-patched-solaris-x86 0.9 143.90 OK
r-release-linux-x86_64 0.9 5.62 73.10 78.72 OK
r-release-windows-ix86+x86_64 0.9 20.00 110.00 130.00 OK
r-release-osx-x86_64 0.9 OK
r-oldrel-windows-ix86+x86_64 0.9 21.00 106.00 127.00 OK
r-oldrel-osx-x86_64 0.9 NOTE

Check Details

Version: 0.9
Check: dependencies in R code
Result: NOTE
    Invalid MIT-MAGIC-COOKIE-1 key
Flavor: r-oldrel-osx-x86_64