CRAN Package Check Results for Package pamm

Last updated on 2017-02-22 17:48:56.

Flavor Version Tinstall Tcheck Ttotal Status Flags
r-devel-linux-x86_64-debian-clang 0.9 3.79 43.87 47.66 OK
r-devel-linux-x86_64-debian-gcc 0.9 3.66 43.92 47.57 OK
r-devel-linux-x86_64-fedora-clang 0.9 107.49 OK --no-stop-on-test-error
r-devel-linux-x86_64-fedora-gcc 0.9 108.92 OK --no-stop-on-test-error
r-devel-macos-x86_64-clang 0.9 81.53 OK --no-stop-on-test-error
r-devel-windows-ix86+x86_64 0.9 20.00 110.00 130.00 OK
r-patched-linux-x86_64 0.9 4.06 41.87 45.93 OK
r-patched-solaris-sparc 0.9 570.80 OK
r-patched-solaris-x86 0.9 128.10 OK
r-release-linux-x86_64 0.9 3.81 42.71 46.52 OK
r-release-osx-x86_64-mavericks 0.9 NOTE
r-release-windows-ix86+x86_64 0.9 20.00 105.00 125.00 OK
r-oldrel-windows-ix86+x86_64 0.9 15.00 80.00 95.00 OK

Check Details

Version: 0.9
Check: dependencies in R code
Result: NOTE
    Invalid MIT-MAGIC-COOKIE-1 key
Flavor: r-release-osx-x86_64-mavericks