CRAN Package Check Results for Package pamm

Last updated on 2015-05-25 18:47:04.

Flavor Version Tinstall Tcheck Ttotal Status Flags
r-devel-linux-x86_64-debian-clang 0.7 3.62 41.34 44.97 NOTE
r-devel-linux-x86_64-debian-gcc 0.7 3.31 39.29 42.60 NOTE
r-devel-linux-x86_64-fedora-clang 0.7 92.10 NOTE
r-devel-linux-x86_64-fedora-gcc 0.7 87.28 NOTE
r-devel-osx-x86_64-clang 0.7 80.51 NOTE
r-devel-windows-ix86+x86_64 0.7 10.00 64.00 74.00 NOTE
r-patched-linux-x86_64 0.7 3.27 38.92 42.18 NOTE
r-patched-solaris-sparc 0.7 537.00 NOTE
r-patched-solaris-x86 0.7 127.50 NOTE
r-release-linux-x86_64 0.7 3.30 39.49 42.80 NOTE
r-release-osx-x86_64-mavericks 0.7 NOTE
r-release-osx-x86_64-snowleopard 0.7 NOTE
r-release-windows-ix86+x86_64 0.7 10.00 58.00 68.00 NOTE
r-oldrel-windows-ix86+x86_64 0.7 12.00 81.00 93.00 NOTE

Check Details

Version: 0.7
Check: S3 generic/method consistency
Result: NOTE
    Found the following apparent S3 methods exported but not registered:
     plot.EAMM plot.PAMM plot.SSF
    See section ‘Registering S3 methods’ in the ‘Writing R Extensions’
    manual.
Flavors: r-devel-linux-x86_64-debian-clang, r-devel-linux-x86_64-debian-gcc, r-devel-linux-x86_64-fedora-clang, r-devel-linux-x86_64-fedora-gcc, r-devel-osx-x86_64-clang, r-patched-linux-x86_64, r-patched-solaris-sparc, r-patched-solaris-x86, r-release-linux-x86_64

Version: 0.7
Check: R code for possible problems
Result: NOTE
    Found an obsolete/platform-specific call in the following functions:
     ‘plot.EAMM’ ‘plot.PAMM’
    Found the platform-specific device:
     ‘x11’
    dev.new() is the preferred way to open a new device, in the unlikely
    event one is needed.
    plot.EAMM: no visible global function definition for ‘wireframe’
    plot.EAMM: no visible global function definition for ‘open3d’
    plot.EAMM: no visible global function definition for ‘bg3d’
    plot.EAMM: no visible global function definition for ‘material3d’
    plot.EAMM: no visible global function definition for ‘persp3d’
    plot.PAMM: no visible global function definition for ‘wireframe’
    plot.PAMM: no visible global function definition for ‘open3d’
    plot.PAMM: no visible global function definition for ‘bg3d’
    plot.PAMM: no visible global function definition for ‘material3d’
    plot.PAMM: no visible global function definition for ‘persp3d’
Flavors: r-devel-linux-x86_64-debian-clang, r-devel-linux-x86_64-debian-gcc, r-devel-linux-x86_64-fedora-clang, r-devel-linux-x86_64-fedora-gcc, r-devel-osx-x86_64-clang, r-patched-linux-x86_64, r-patched-solaris-sparc, r-patched-solaris-x86, r-release-linux-x86_64

Version: 0.7
Check: R code for possible problems
Result: NOTE
    plot.EAMM: no visible global function definition for 'wireframe'
    plot.EAMM: no visible global function definition for 'open3d'
    plot.EAMM: no visible global function definition for 'bg3d'
    plot.EAMM: no visible global function definition for 'material3d'
    plot.EAMM: no visible global function definition for 'persp3d'
    plot.PAMM: no visible global function definition for 'wireframe'
    plot.PAMM: no visible global function definition for 'open3d'
    plot.PAMM: no visible global function definition for 'bg3d'
    plot.PAMM: no visible global function definition for 'material3d'
    plot.PAMM: no visible global function definition for 'persp3d'
Flavors: r-devel-windows-ix86+x86_64, r-release-osx-x86_64-mavericks, r-release-windows-ix86+x86_64, r-oldrel-windows-ix86+x86_64

Version: 0.7
Check: R code for possible problems
Result: NOTE
    plot.EAMM: no visible global function definition for ‘wireframe’
    plot.PAMM: no visible global function definition for ‘wireframe’
Flavor: r-release-osx-x86_64-snowleopard