CRAN Package Check Results for Package pamm

Last updated on 2015-07-02 23:47:25.

Flavor Version Tinstall Tcheck Ttotal Status Flags
r-devel-linux-x86_64-debian-clang 0.7 3.29 38.54 41.83 NOTE
r-devel-linux-x86_64-debian-gcc 0.7 3.23 37.61 40.84 NOTE
r-devel-linux-x86_64-fedora-clang 0.7 90.78 NOTE
r-devel-linux-x86_64-fedora-gcc 0.7 86.08 NOTE
r-devel-osx-x86_64-clang 0.7 73.08 NOTE
r-devel-windows-ix86+x86_64 0.7 10.00 58.00 68.00 NOTE
r-patched-linux-x86_64 0.7 5.28 39.10 44.37 NOTE
r-patched-solaris-sparc 0.7 537.00 NOTE
r-patched-solaris-x86 0.7 127.70 NOTE
r-release-linux-x86_64 0.7 3.28 39.59 42.86 NOTE
r-release-osx-x86_64-mavericks 0.7 NOTE
r-release-windows-ix86+x86_64 0.7 9.00 71.00 80.00 NOTE
r-oldrel-windows-ix86+x86_64 0.7 16.00 82.00 98.00 NOTE

Check Details

Version: 0.7
Check: S3 generic/method consistency
Result: NOTE
    Found the following apparent S3 methods exported but not registered:
     plot.EAMM plot.PAMM plot.SSF
    See section ‘Registering S3 methods’ in the ‘Writing R Extensions’
    manual.
Flavors: r-devel-linux-x86_64-debian-clang, r-devel-linux-x86_64-debian-gcc, r-devel-linux-x86_64-fedora-clang, r-devel-linux-x86_64-fedora-gcc, r-devel-osx-x86_64-clang, r-patched-linux-x86_64, r-patched-solaris-sparc, r-patched-solaris-x86, r-release-linux-x86_64

Version: 0.7
Check: R code for possible problems
Result: NOTE
    Found an obsolete/platform-specific call in the following functions:
     ‘plot.EAMM’ ‘plot.PAMM’
    Found the platform-specific device:
     ‘x11’
    dev.new() is the preferred way to open a new device, in the unlikely
    event one is needed.
    EAMM: no visible global function definition for ‘rnorm’
    EAMM: no visible global function definition for ‘runif’
    EAMM: no visible global function definition for ‘lm’
    EAMM: no visible global function definition for ‘pchisq’
    EAMM: no visible global function definition for ‘logLik’
    EAMM: no visible global function definition for ‘anova’
    PAMM: no visible global function definition for ‘rnorm’
    PAMM: no visible global function definition for ‘runif’
    PAMM: no visible global function definition for ‘lm’
    PAMM: no visible global function definition for ‘pchisq’
    PAMM: no visible global function definition for ‘logLik’
    PAMM: no visible global function definition for ‘anova’
    SSF: no visible global function definition for ‘rnorm’
    SSF: no visible global function definition for ‘runif’
    SSF: no visible global function definition for ‘lm’
    SSF: no visible global function definition for ‘pchisq’
    SSF: no visible global function definition for ‘logLik’
    SSF: no visible global function definition for ‘anova’
    plot.EAMM: no visible global function definition for ‘par’
    plot.EAMM: no visible global function definition for ‘plot’
    plot.EAMM: no visible global function definition for ‘abline’
    plot.EAMM: no visible global function definition for ‘lines’
    plot.EAMM: no visible global function definition for ‘x11’
    plot.EAMM: no visible global function definition for ‘wireframe’
    plot.EAMM: no visible global function definition for ‘open3d’
    plot.EAMM: no visible global function definition for ‘bg3d’
    plot.EAMM: no visible global function definition for ‘material3d’
    plot.EAMM: no visible global function definition for ‘persp3d’
    plot.EAMM: no visible global function definition for ‘rainbow’
    plot.PAMM: no visible global function definition for ‘par’
    plot.PAMM: no visible global function definition for ‘plot’
    plot.PAMM: no visible global function definition for ‘abline’
    plot.PAMM: no visible global function definition for ‘lines’
    plot.PAMM: no visible global function definition for ‘x11’
    plot.PAMM: no visible global function definition for ‘wireframe’
    plot.PAMM: no visible global function definition for ‘open3d’
    plot.PAMM: no visible global function definition for ‘bg3d’
    plot.PAMM: no visible global function definition for ‘material3d’
    plot.PAMM: no visible global function definition for ‘persp3d’
    plot.PAMM: no visible global function definition for ‘rainbow’
    plot.SSF: no visible global function definition for ‘par’
    plot.SSF: no visible global function definition for ‘plot’
    plot.SSF: no visible global function definition for ‘axis’
    plot.SSF: no visible global function definition for ‘abline’
    plot.SSF: no visible global function definition for ‘lines’
    Undefined global functions or variables:
     abline anova axis bg3d lines lm logLik material3d open3d par pchisq
     persp3d plot rainbow rnorm runif wireframe x11
Flavors: r-devel-linux-x86_64-debian-clang, r-devel-linux-x86_64-fedora-clang, r-devel-linux-x86_64-fedora-gcc

Version: 0.7
Check: R code for possible problems
Result: NOTE
    Found an obsolete/platform-specific call in the following functions:
     ‘plot.EAMM’ ‘plot.PAMM’
    Found the platform-specific device:
     ‘x11’
    dev.new() is the preferred way to open a new device, in the unlikely
    event one is needed.
    EAMM: no visible global function definition for ‘rnorm’
    EAMM: no visible global function definition for ‘runif’
    EAMM: no visible global function definition for ‘lm’
    EAMM: no visible global function definition for ‘pchisq’
    EAMM: no visible global function definition for ‘logLik’
    EAMM: no visible global function definition for ‘anova’
    PAMM: no visible global function definition for ‘rnorm’
    PAMM: no visible global function definition for ‘runif’
    PAMM: no visible global function definition for ‘lm’
    PAMM: no visible global function definition for ‘pchisq’
    PAMM: no visible global function definition for ‘logLik’
    PAMM: no visible global function definition for ‘anova’
    SSF: no visible global function definition for ‘rnorm’
    SSF: no visible global function definition for ‘runif’
    SSF: no visible global function definition for ‘lm’
    SSF: no visible global function definition for ‘pchisq’
    SSF: no visible global function definition for ‘logLik’
    SSF: no visible global function definition for ‘anova’
    plot.EAMM: no visible global function definition for ‘par’
    plot.EAMM: no visible global function definition for ‘plot’
    plot.EAMM: no visible global function definition for ‘abline’
    plot.EAMM: no visible global function definition for ‘lines’
    plot.EAMM: no visible global function definition for ‘x11’
    plot.EAMM: no visible global function definition for ‘wireframe’
    plot.EAMM: no visible global function definition for ‘open3d’
    plot.EAMM: no visible global function definition for ‘bg3d’
    plot.EAMM: no visible global function definition for ‘material3d’
    plot.EAMM: no visible global function definition for ‘persp3d’
    plot.EAMM: no visible global function definition for ‘rainbow’
    plot.PAMM: no visible global function definition for ‘par’
    plot.PAMM: no visible global function definition for ‘plot’
    plot.PAMM: no visible global function definition for ‘abline’
    plot.PAMM: no visible global function definition for ‘lines’
    plot.PAMM: no visible global function definition for ‘x11’
    plot.PAMM: no visible global function definition for ‘wireframe’
    plot.PAMM: no visible global function definition for ‘open3d’
    plot.PAMM: no visible global function definition for ‘bg3d’
    plot.PAMM: no visible global function definition for ‘material3d’
    plot.PAMM: no visible global function definition for ‘persp3d’
    plot.PAMM: no visible global function definition for ‘rainbow’
    plot.SSF: no visible global function definition for ‘par’
    plot.SSF: no visible global function definition for ‘plot’
    plot.SSF: no visible global function definition for ‘axis’
    plot.SSF: no visible global function definition for ‘abline’
    plot.SSF: no visible global function definition for ‘lines’
Flavor: r-devel-linux-x86_64-debian-gcc

Version: 0.7
Check: R code for possible problems
Result: NOTE
    Found an obsolete/platform-specific call in the following functions:
     ‘plot.EAMM’ ‘plot.PAMM’
    Found the platform-specific device:
     ‘x11’
    dev.new() is the preferred way to open a new device, in the unlikely
    event one is needed.
    plot.EAMM: no visible global function definition for ‘wireframe’
    plot.EAMM: no visible global function definition for ‘open3d’
    plot.EAMM: no visible global function definition for ‘bg3d’
    plot.EAMM: no visible global function definition for ‘material3d’
    plot.EAMM: no visible global function definition for ‘persp3d’
    plot.PAMM: no visible global function definition for ‘wireframe’
    plot.PAMM: no visible global function definition for ‘open3d’
    plot.PAMM: no visible global function definition for ‘bg3d’
    plot.PAMM: no visible global function definition for ‘material3d’
    plot.PAMM: no visible global function definition for ‘persp3d’
    Undefined global functions or variables:
     bg3d material3d open3d persp3d wireframe
Flavor: r-devel-osx-x86_64-clang

Version: 0.7
Check: R code for possible problems
Result: NOTE
    EAMM: no visible global function definition for 'rnorm'
    EAMM: no visible global function definition for 'runif'
    EAMM: no visible global function definition for 'lm'
    EAMM: no visible global function definition for 'pchisq'
    EAMM: no visible global function definition for 'logLik'
    EAMM: no visible global function definition for 'anova'
    PAMM: no visible global function definition for 'rnorm'
    PAMM: no visible global function definition for 'runif'
    PAMM: no visible global function definition for 'lm'
    PAMM: no visible global function definition for 'pchisq'
    PAMM: no visible global function definition for 'logLik'
    PAMM: no visible global function definition for 'anova'
    SSF: no visible global function definition for 'rnorm'
    SSF: no visible global function definition for 'runif'
    SSF: no visible global function definition for 'lm'
    SSF: no visible global function definition for 'pchisq'
    SSF: no visible global function definition for 'logLik'
    SSF: no visible global function definition for 'anova'
    plot.EAMM: no visible global function definition for 'par'
    plot.EAMM: no visible global function definition for 'plot'
    plot.EAMM: no visible global function definition for 'abline'
    plot.EAMM: no visible global function definition for 'lines'
    plot.EAMM: no visible global function definition for 'x11'
    plot.EAMM: no visible global function definition for 'wireframe'
    plot.EAMM: no visible global function definition for 'open3d'
    plot.EAMM: no visible global function definition for 'bg3d'
    plot.EAMM: no visible global function definition for 'material3d'
    plot.EAMM: no visible global function definition for 'persp3d'
    plot.EAMM: no visible global function definition for 'rainbow'
    plot.PAMM: no visible global function definition for 'par'
    plot.PAMM: no visible global function definition for 'plot'
    plot.PAMM: no visible global function definition for 'abline'
    plot.PAMM: no visible global function definition for 'lines'
    plot.PAMM: no visible global function definition for 'x11'
    plot.PAMM: no visible global function definition for 'wireframe'
    plot.PAMM: no visible global function definition for 'open3d'
    plot.PAMM: no visible global function definition for 'bg3d'
    plot.PAMM: no visible global function definition for 'material3d'
    plot.PAMM: no visible global function definition for 'persp3d'
    plot.PAMM: no visible global function definition for 'rainbow'
    plot.SSF: no visible global function definition for 'par'
    plot.SSF: no visible global function definition for 'plot'
    plot.SSF: no visible global function definition for 'axis'
    plot.SSF: no visible global function definition for 'abline'
    plot.SSF: no visible global function definition for 'lines'
    Undefined global functions or variables:
     abline anova axis bg3d lines lm logLik material3d open3d par pchisq
     persp3d plot rainbow rnorm runif wireframe x11
Flavor: r-devel-windows-ix86+x86_64

Version: 0.7
Check: R code for possible problems
Result: NOTE
    Found an obsolete/platform-specific call in the following functions:
     ‘plot.EAMM’ ‘plot.PAMM’
    Found the platform-specific device:
     ‘x11’
    dev.new() is the preferred way to open a new device, in the unlikely
    event one is needed.
    plot.EAMM: no visible global function definition for ‘wireframe’
    plot.EAMM: no visible global function definition for ‘open3d’
    plot.EAMM: no visible global function definition for ‘bg3d’
    plot.EAMM: no visible global function definition for ‘material3d’
    plot.EAMM: no visible global function definition for ‘persp3d’
    plot.PAMM: no visible global function definition for ‘wireframe’
    plot.PAMM: no visible global function definition for ‘open3d’
    plot.PAMM: no visible global function definition for ‘bg3d’
    plot.PAMM: no visible global function definition for ‘material3d’
    plot.PAMM: no visible global function definition for ‘persp3d’
Flavors: r-patched-linux-x86_64, r-patched-solaris-sparc, r-patched-solaris-x86, r-release-linux-x86_64

Version: 0.7
Check: R code for possible problems
Result: NOTE
    plot.EAMM: no visible global function definition for ‘wireframe’
    plot.EAMM: no visible global function definition for ‘open3d’
    plot.EAMM: no visible global function definition for ‘bg3d’
    plot.EAMM: no visible global function definition for ‘material3d’
    plot.EAMM: no visible global function definition for ‘persp3d’
    plot.PAMM: no visible global function definition for ‘wireframe’
    plot.PAMM: no visible global function definition for ‘open3d’
    plot.PAMM: no visible global function definition for ‘bg3d’
    plot.PAMM: no visible global function definition for ‘material3d’
    plot.PAMM: no visible global function definition for ‘persp3d’
Flavors: r-release-osx-x86_64-mavericks, r-release-windows-ix86+x86_64, r-oldrel-windows-ix86+x86_64