CRAN Package Check Results for Package pamm

Last updated on 2016-07-27 14:48:52.

Flavor Version Tinstall Tcheck Ttotal Status Flags
r-devel-linux-x86_64-debian-clang 0.9 4.56 50.60 55.16 OK
r-devel-linux-x86_64-debian-gcc 0.9 4.56 47.41 51.97 OK
r-devel-linux-x86_64-fedora-clang 0.9 94.92 OK
r-devel-linux-x86_64-fedora-gcc 0.9 90.92 OK
r-devel-osx-x86_64-clang 0.9 74.60 OK
r-devel-windows-ix86+x86_64 0.9 14.00 125.00 139.00 OK
r-patched-linux-x86_64 0.9 4.73 45.74 50.46 OK
r-patched-solaris-sparc 0.9 539.00 OK
r-patched-solaris-x86 0.9 121.10 OK
r-release-linux-x86_64 0.9 4.79 46.35 51.13 OK
r-release-osx-x86_64-mavericks 0.9 NOTE
r-release-windows-ix86+x86_64 0.9 14.00 74.00 88.00 OK
r-oldrel-windows-ix86+x86_64 0.9 17.00 128.00 145.00 OK

Check Details

Version: 0.9
Check: dependencies in R code
Result: NOTE
    Invalid MIT-MAGIC-COOKIE-1 key
Flavor: r-release-osx-x86_64-mavericks