CRAN Package Check Results for Package pamm

Last updated on 2014-07-25 03:49:50.

Flavor Version Tinstall Tcheck Ttotal Status Flags
r-devel-linux-x86_64-debian-clang 0.7 4.62 55.65 60.27 NOTE
r-devel-linux-x86_64-debian-gcc 0.7 4.57 51.35 55.92 NOTE
r-devel-linux-x86_64-fedora-clang 0.7 140.14 NOTE
r-devel-linux-x86_64-fedora-gcc 0.7 130.51 NOTE
r-devel-osx-x86_64-clang 0.7 110.39 NOTE
r-devel-windows-ix86+x86_64 0.7 14.00 77.00 91.00 NOTE
r-patched-linux-x86_64 0.7 4.64 52.19 56.83 NOTE
r-patched-solaris-sparc 0.7 729.80 NOTE
r-patched-solaris-x86 0.7 169.10 NOTE
r-release-linux-ix86 0.7 5.54 66.08 71.62 NOTE
r-release-linux-x86_64 0.7 4.70 54.86 59.56 NOTE
r-release-osx-x86_64-mavericks 0.7 NOTE
r-release-osx-x86_64-snowleopard 0.7 ERROR
r-release-windows-ix86+x86_64 0.7 14.00 71.00 85.00 NOTE
r-oldrel-windows-ix86+x86_64 0.7 14.00 69.00 83.00 NOTE

Check Details

Version: 0.7
Check: R code for possible problems
Result: NOTE
    Found an obsolete/platform-specific call in the following functions:
     ‘plot.EAMM’ ‘plot.PAMM’
    Found the platform-specific device:
     ‘x11’
    dev.new() is the preferred way to open a new device, in the unlikely
    event one is needed.
    plot.EAMM: no visible global function definition for ‘wireframe’
    plot.PAMM: no visible global function definition for ‘wireframe’
Flavors: r-devel-linux-x86_64-debian-clang, r-devel-linux-x86_64-debian-gcc, r-devel-linux-x86_64-fedora-clang, r-devel-linux-x86_64-fedora-gcc, r-devel-osx-x86_64-clang, r-patched-linux-x86_64, r-patched-solaris-sparc, r-patched-solaris-x86, r-release-linux-ix86, r-release-linux-x86_64

Version: 0.7
Check: R code for possible problems
Result: NOTE
    plot.EAMM: no visible global function definition for 'wireframe'
    plot.PAMM: no visible global function definition for 'wireframe'
Flavors: r-devel-windows-ix86+x86_64, r-release-osx-x86_64-mavericks, r-release-windows-ix86+x86_64, r-oldrel-windows-ix86+x86_64

Version: 0.7
Check: whether package can be installed
Result: ERROR
    Installation failed.
    See ‘/Volumes/XT3/Builds/R-dev-web/QA/Simon/packages/snowleopard-x86_64/results/3.1/pamm.Rcheck/00install.out’ for details.
Flavor: r-release-osx-x86_64-snowleopard