CRAN Package Check Results for Package pamm

Last updated on 2017-04-24 12:47:49.

Flavor Version Tinstall Tcheck Ttotal Status Flags
r-devel-linux-x86_64-debian-clang 0.9 4.08 44.67 48.75 OK
r-devel-linux-x86_64-debian-gcc 0.9 3.78 44.53 48.30 OK
r-devel-linux-x86_64-fedora-clang 0.9 124.23 OK --no-stop-on-test-error
r-devel-linux-x86_64-fedora-gcc 0.9 106.96 OK --no-stop-on-test-error
r-devel-windows-ix86+x86_64 0.9 18.00 115.00 133.00 OK
r-patched-linux-x86_64 0.9 3.82 43.88 47.70 OK
r-patched-solaris-sparc 0.9 617.90 OK
r-patched-solaris-x86 0.9 141.70 OK
r-release-linux-x86_64 0.9 3.91 44.11 48.02 OK
r-release-windows-ix86+x86_64 0.9 12.00 83.00 95.00 OK
r-release-osx-x86_64 0.9 OK
r-oldrel-windows-ix86+x86_64 0.9 12.00 85.00 97.00 OK
r-oldrel-osx-x86_64 0.9 NOTE

Check Details

Version: 0.9
Check: dependencies in R code
Result: NOTE
    Invalid MIT-MAGIC-COOKIE-1 key
Flavor: r-oldrel-osx-x86_64