CRAN Package Check Results for Package pamm

Last updated on 2015-04-26 19:47:25.

Flavor Version Tinstall Tcheck Ttotal Status Flags
r-devel-linux-x86_64-debian-clang 0.7 3.48 42.12 45.60 NOTE
r-devel-linux-x86_64-debian-gcc 0.7 4.22 41.11 45.34 NOTE
r-devel-linux-x86_64-fedora-clang 0.7 96.05 NOTE
r-devel-linux-x86_64-fedora-gcc 0.7 86.61 NOTE
r-devel-osx-x86_64-clang 0.7 79.21 NOTE
r-devel-windows-ix86+x86_64 0.7 8.00 61.00 69.00 NOTE
r-patched-linux-x86_64 0.7 3.22 40.58 43.79 NOTE
r-patched-solaris-sparc 0.7 532.90 NOTE
r-patched-solaris-x86 0.7 121.80 NOTE
r-release-linux-x86_64 0.7 3.40 40.06 43.46 NOTE
r-release-osx-x86_64-mavericks 0.7 NOTE
r-release-osx-x86_64-snowleopard 0.7 NOTE
r-release-windows-ix86+x86_64 0.7 8.00 64.00 72.00 NOTE
r-oldrel-windows-ix86+x86_64 0.7 13.00 77.00 90.00 NOTE

Check Details

Version: 0.7
Check: S3 generic/method consistency
Result: NOTE
    Found the following apparent S3 methods exported but not registered:
     plot.EAMM plot.PAMM plot.SSF
    See section ‘Registering S3 methods’ in the ‘Writing R Extensions’
    manual.
Flavors: r-devel-linux-x86_64-debian-clang, r-devel-linux-x86_64-fedora-clang, r-devel-linux-x86_64-fedora-gcc, r-devel-osx-x86_64-clang, r-patched-solaris-x86

Version: 0.7
Check: R code for possible problems
Result: NOTE
    Found an obsolete/platform-specific call in the following functions:
     ‘plot.EAMM’ ‘plot.PAMM’
    Found the platform-specific device:
     ‘x11’
    dev.new() is the preferred way to open a new device, in the unlikely
    event one is needed.
    plot.EAMM: no visible global function definition for ‘wireframe’
    plot.EAMM: no visible global function definition for ‘open3d’
    plot.EAMM: no visible global function definition for ‘bg3d’
    plot.EAMM: no visible global function definition for ‘material3d’
    plot.EAMM: no visible global function definition for ‘persp3d’
    plot.PAMM: no visible global function definition for ‘wireframe’
    plot.PAMM: no visible global function definition for ‘open3d’
    plot.PAMM: no visible global function definition for ‘bg3d’
    plot.PAMM: no visible global function definition for ‘material3d’
    plot.PAMM: no visible global function definition for ‘persp3d’
Flavors: r-devel-linux-x86_64-debian-clang, r-devel-linux-x86_64-fedora-clang, r-devel-linux-x86_64-fedora-gcc, r-devel-osx-x86_64-clang, r-patched-solaris-sparc, r-patched-solaris-x86

Version: 0.7
Check: R code for possible problems
Result: NOTE
    plot.EAMM: no visible global function definition for 'wireframe'
    plot.EAMM: no visible global function definition for 'open3d'
    plot.EAMM: no visible global function definition for 'bg3d'
    plot.EAMM: no visible global function definition for 'material3d'
    plot.EAMM: no visible global function definition for 'persp3d'
    plot.PAMM: no visible global function definition for 'wireframe'
    plot.PAMM: no visible global function definition for 'open3d'
    plot.PAMM: no visible global function definition for 'bg3d'
    plot.PAMM: no visible global function definition for 'material3d'
    plot.PAMM: no visible global function definition for 'persp3d'
Flavors: r-devel-windows-ix86+x86_64, r-release-osx-x86_64-mavericks, r-release-windows-ix86+x86_64, r-oldrel-windows-ix86+x86_64

Version: 0.7
Check: R code for possible problems
Result: NOTE
    plot.EAMM: no visible global function definition for ‘wireframe’
    plot.PAMM: no visible global function definition for ‘wireframe’
Flavor: r-release-osx-x86_64-snowleopard