CRAN Package Check Results for Package pamm

Last updated on 2016-12-08 15:48:33.

Flavor Version Tinstall Tcheck Ttotal Status Flags
r-devel-linux-x86_64-debian-clang 0.9 3.72 43.22 46.93 OK
r-devel-linux-x86_64-debian-gcc 0.9 3.76 43.56 47.33 OK
r-devel-linux-x86_64-fedora-clang 0.9 109.63 OK --no-stop-on-test-error
r-devel-linux-x86_64-fedora-gcc 0.9 109.56 OK --no-stop-on-test-error
r-devel-macos-x86_64-clang 0.9 83.76 OK --no-stop-on-test-error
r-devel-windows-ix86+x86_64 0.9 13.00 78.00 91.00 OK
r-patched-linux-x86_64 0.9 3.71 40.87 44.59 OK
r-patched-solaris-sparc 0.9 580.40 OK
r-patched-solaris-x86 0.9 126.60 OK
r-release-linux-x86_64 0.9 3.74 41.41 45.15 OK
r-release-osx-x86_64-mavericks 0.9 NOTE
r-release-windows-ix86+x86_64 0.9 13.00 74.00 87.00 OK
r-oldrel-windows-ix86+x86_64 0.9 18.00 75.00 93.00 OK

Check Details

Version: 0.9
Check: dependencies in R code
Result: NOTE
    Invalid MIT-MAGIC-COOKIE-1 key
Flavor: r-release-osx-x86_64-mavericks