CRAN Package Check Results for Package pamm

Last updated on 2017-05-26 20:47:45.

Flavor Version Tinstall Tcheck Ttotal Status Flags
r-devel-linux-x86_64-debian-clang 0.9 3.86 45.07 48.92 OK
r-devel-linux-x86_64-debian-gcc 0.9 3.98 45.70 49.68 OK
r-devel-linux-x86_64-fedora-clang 0.9 107.41 OK
r-devel-linux-x86_64-fedora-gcc 0.9 105.61 OK
r-devel-windows-ix86+x86_64 0.9 11.00 82.00 93.00 OK
r-patched-linux-x86_64 0.9 4.52 46.08 50.59 OK
r-patched-solaris-sparc 0.9 617.90 OK
r-patched-solaris-x86 0.9 143.90 OK
r-release-linux-x86_64 0.9 3.79 44.48 48.27 OK
r-release-windows-ix86+x86_64 0.9 12.00 87.00 99.00 OK
r-release-osx-x86_64 0.9 OK
r-oldrel-windows-ix86+x86_64 0.9 18.00 81.00 99.00 OK
r-oldrel-osx-x86_64 0.9 NOTE

Check Details

Version: 0.9
Check: dependencies in R code
Result: NOTE
    Invalid MIT-MAGIC-COOKIE-1 key
Flavor: r-oldrel-osx-x86_64