CRAN Package Check Results for Package pamm

Last updated on 2018-04-21 09:50:09 CEST.

Flavor Version Tinstall Tcheck Ttotal Status Flags
r-devel-linux-x86_64-debian-clang 0.9 4.99 63.72 68.71 NOTE
r-devel-linux-x86_64-debian-gcc 0.9 5.51 51.38 56.89 NOTE
r-devel-linux-x86_64-fedora-clang 0.9 57.14 NOTE
r-devel-linux-x86_64-fedora-gcc 0.9 54.05 NOTE
r-devel-windows-ix86+x86_64 0.9 16.00 108.00 124.00 NOTE
r-devel-osx-x86_64 0.9 OK
r-patched-linux-x86_64 0.9 6.16 63.04 69.20 NOTE
r-patched-solaris-x86 0.9 139.20 NOTE
r-release-linux-x86_64 0.9 5.36 63.58 68.94 NOTE
r-release-windows-ix86+x86_64 0.9 14.00 103.00 117.00 NOTE
r-release-osx-x86_64 0.9 OK
r-oldrel-windows-ix86+x86_64 0.9 11.00 91.00 102.00 NOTE

Check Details

Version: 0.9
Check: R code for possible problems
Result: NOTE
    EAMM: no visible global function definition for ‘anova’
    EAMM: no visible global function definition for ‘rand’
    PAMM: no visible global function definition for ‘rand’
    PAMM: no visible global function definition for ‘anova’
    SSF: no visible global function definition for ‘rand’
    SSF: no visible global function definition for ‘anova’
    Undefined global functions or variables:
     anova rand
    Consider adding
     importFrom("stats", "anova")
    to your NAMESPACE file.
Flavors: r-devel-linux-x86_64-debian-clang, r-devel-linux-x86_64-debian-gcc, r-devel-linux-x86_64-fedora-clang, r-devel-linux-x86_64-fedora-gcc, r-devel-windows-ix86+x86_64, r-patched-linux-x86_64, r-patched-solaris-x86, r-release-linux-x86_64, r-release-windows-ix86+x86_64, r-oldrel-windows-ix86+x86_64