CRAN Package Check Results for Package pamm

Last updated on 2017-03-27 13:55:47.

Flavor Version Tinstall Tcheck Ttotal Status Flags
r-devel-linux-x86_64-debian-clang 0.9 3.82 45.39 49.21 OK
r-devel-linux-x86_64-debian-gcc 0.9 3.76 44.22 47.99 OK
r-devel-linux-x86_64-fedora-clang 0.9 108.02 OK --no-stop-on-test-error
r-devel-linux-x86_64-fedora-gcc 0.9 108.68 OK --no-stop-on-test-error
r-devel-macos-x86_64-clang 0.9 80.82 OK --no-stop-on-test-error
r-devel-windows-ix86+x86_64 0.9 14.00 123.00 137.00 OK
r-patched-linux-x86_64 0.9 4.02 43.78 47.80 OK
r-patched-solaris-sparc 0.9 617.90 OK
r-patched-solaris-x86 0.9 148.20 OK
r-release-linux-x86_64 0.9 3.81 42.53 46.34 OK
r-release-osx-x86_64-mavericks 0.9 NOTE
r-release-windows-ix86+x86_64 0.9 16.00 84.00 100.00 OK
r-oldrel-windows-ix86+x86_64 0.9 13.00 75.00 88.00 OK

Check Details

Version: 0.9
Check: dependencies in R code
Result: NOTE
    Invalid MIT-MAGIC-COOKIE-1 key
Flavor: r-release-osx-x86_64-mavericks