CRAN Package Check Results for Package pamr

Last updated on 2014-08-29 21:47:45.

Flavor Version Tinstall Tcheck Ttotal Status Flags
r-devel-linux-x86_64-debian-clang 1.55 1.28 23.52 24.79 OK
r-devel-linux-x86_64-debian-gcc 1.55 1.30 24.47 25.77 OK
r-devel-linux-x86_64-fedora-clang 1.55 52.34 OK
r-devel-linux-x86_64-fedora-gcc 1.55 45.19 OK
r-devel-osx-x86_64-clang 1.55 44.27 OK
r-devel-windows-ix86+x86_64 1.55 8.00 66.00 74.00 OK
r-patched-linux-x86_64 1.55 1.30 24.07 25.37 OK
r-patched-solaris-sparc 1.55 269.80 OK
r-patched-solaris-x86 1.55 53.50 OK
r-release-linux-ix86 1.54.1 2.04 34.09 36.12 NOTE
r-release-linux-x86_64 1.55 1.34 25.06 26.40 OK
r-release-osx-x86_64-mavericks 1.55 OK
r-release-windows-ix86+x86_64 1.55 6.00 46.00 52.00 OK
r-oldrel-windows-ix86+x86_64 1.55 7.00 72.00 79.00 OK

Check Details

Version: 1.54.1
Check: dependencies in R code
Result: NOTE
    'library' or 'require' calls to packages already attached by Depends:
     ‘cluster’ ‘survival’
     Please remove these calls from your code.
    Packages in Depends field not imported from:
     ‘cluster’ ‘survival’
     These packages need to be imported from (in the NAMESPACE file)
     for when this namespace is loaded but not attached.
    See the information on DESCRIPTION files in the chapter ‘Creating R
    packages’ of the ‘Writing R Extensions’ manual.
Flavor: r-release-linux-ix86

Version: 1.54.1
Check: R code for possible problems
Result: NOTE
    Found an obsolete/platform-specific call in the following functions:
     ‘pamr.plotfdr’ ‘pamr.xl.plotcen.compute’ ‘pamr.xl.plotsurvival’
     ‘pamr.xl.plotsurvival.strata’ ‘pamr.xl.plotsurvival.test’
    Found the platform-specific device:
     ‘win.metafile’
    dev.new() is the preferred way to open a new device, in the unlikely
    event one is needed.
Flavor: r-release-linux-ix86