CRAN Package Check Results for Package pamr

Last updated on 2015-04-19 19:51:56.

Flavor Version Tinstall Tcheck Ttotal Status Flags
r-devel-linux-x86_64-debian-clang 1.55 1.37 22.94 24.31 NOTE
r-devel-linux-x86_64-debian-gcc 1.55 1.23 23.82 25.06 NOTE
r-devel-linux-x86_64-fedora-clang 1.55 46.16 NOTE
r-devel-linux-x86_64-fedora-gcc 1.55 42.57 NOTE
r-devel-osx-x86_64-clang 1.55 43.57 NOTE
r-devel-windows-ix86+x86_64 1.55 10.00 48.00 58.00 NOTE
r-patched-linux-x86_64 1.55 1.26 23.01 24.27 NOTE
r-patched-solaris-sparc 1.55 296.50 NOTE
r-patched-solaris-x86 1.55 58.60 NOTE
r-release-linux-x86_64 1.55 1.24 23.06 24.30 NOTE
r-release-osx-x86_64-mavericks 1.55 NOTE
r-release-osx-x86_64-snowleopard 1.55 NOTE
r-release-windows-ix86+x86_64 1.55 4.00 42.00 46.00 NOTE
r-oldrel-windows-ix86+x86_64 1.55 5.00 60.00 65.00 OK

Check Details

Version: 1.55
Check: DESCRIPTION meta-information
Result: NOTE
    Malformed Description field: should contain one or more complete sentences.
Flavors: r-devel-linux-x86_64-debian-clang, r-devel-linux-x86_64-debian-gcc, r-devel-linux-x86_64-fedora-clang, r-devel-linux-x86_64-fedora-gcc, r-devel-osx-x86_64-clang, r-devel-windows-ix86+x86_64, r-patched-linux-x86_64, r-patched-solaris-sparc, r-patched-solaris-x86, r-release-linux-x86_64, r-release-osx-x86_64-mavericks, r-release-osx-x86_64-snowleopard, r-release-windows-ix86+x86_64

Version: 1.55
Check: S3 generic/method consistency
Result: NOTE
    Found the following apparent S3 methods exported but not registered:
     print.pamrcved print.pamrtrained
    See section ‘Registering S3 methods’ in the ‘Writing R Extensions’
    manual.
Flavors: r-devel-linux-x86_64-debian-clang, r-devel-linux-x86_64-debian-gcc, r-devel-linux-x86_64-fedora-clang, r-devel-linux-x86_64-fedora-gcc, r-devel-osx-x86_64-clang, r-patched-linux-x86_64, r-release-linux-x86_64