CRAN Package Check Results for Package pamr

Last updated on 2019-07-19 12:55:28 CEST.

Flavor Version Tinstall Tcheck Ttotal Status Flags
r-devel-linux-x86_64-debian-clang 1.56.1 6.71 65.78 72.49 OK
r-devel-linux-x86_64-debian-gcc 1.56.1 7.66 52.94 60.60 OK
r-devel-linux-x86_64-fedora-clang 1.56.1 89.60 NOTE
r-devel-linux-x86_64-fedora-gcc 1.56.1 85.28 NOTE
r-devel-windows-ix86+x86_64 1.56.1 24.00 105.00 129.00 OK
r-patched-linux-x86_64 1.56.1 8.59 64.21 72.80 OK
r-patched-solaris-x86 1.56.1 137.60 OK
r-release-linux-x86_64 1.56.1 8.25 64.65 72.90 OK
r-release-windows-ix86+x86_64 1.56.1 15.00 102.00 117.00 OK
r-release-osx-x86_64 1.56.1 OK
r-oldrel-windows-ix86+x86_64 1.56.1 12.00 128.00 140.00 OK
r-oldrel-osx-x86_64 1.56.1 OK

Check Details

Version: 1.56.1
Check: compiled code
Result: NOTE
    File ‘pamr/libs/pamr.so’:
     Found no calls to: ‘R_registerRoutines’, ‘R_useDynamicSymbols’
    
    It is good practice to register native routines and to disable symbol
    search.
    
    See ‘Writing portable packages’ in the ‘Writing R Extensions’ manual.
Flavors: r-devel-linux-x86_64-fedora-clang, r-devel-linux-x86_64-fedora-gcc