CRAN Package Check Results for Package pamr

Last updated on 2015-05-24 15:46:57.

Flavor Version Tinstall Tcheck Ttotal Status Flags
r-devel-linux-x86_64-debian-clang 1.55 1.29 22.60 23.90 NOTE
r-devel-linux-x86_64-debian-gcc 1.55 1.24 22.42 23.66 NOTE
r-devel-linux-x86_64-fedora-clang 1.55 44.71 NOTE
r-devel-linux-x86_64-fedora-gcc 1.55 42.89 NOTE
r-devel-osx-x86_64-clang 1.55 43.75 NOTE
r-devel-windows-ix86+x86_64 1.55 6.00 46.00 52.00 NOTE
r-patched-linux-x86_64 1.55 1.62 22.16 23.78 NOTE
r-patched-solaris-sparc 1.55 273.90 NOTE
r-patched-solaris-x86 1.55 61.50 NOTE
r-release-linux-x86_64 1.55 1.30 22.67 23.96 NOTE
r-release-osx-x86_64-mavericks 1.55 NOTE
r-release-osx-x86_64-snowleopard 1.55 NOTE
r-release-windows-ix86+x86_64 1.55 6.00 47.00 53.00 NOTE
r-oldrel-windows-ix86+x86_64 1.55 7.00 72.00 79.00 OK

Check Details

Version: 1.55
Check: DESCRIPTION meta-information
Result: NOTE
    Malformed Description field: should contain one or more complete sentences.
Flavors: r-devel-linux-x86_64-debian-clang, r-devel-linux-x86_64-debian-gcc, r-devel-linux-x86_64-fedora-clang, r-devel-linux-x86_64-fedora-gcc, r-devel-osx-x86_64-clang, r-devel-windows-ix86+x86_64, r-patched-linux-x86_64, r-patched-solaris-sparc, r-patched-solaris-x86, r-release-linux-x86_64, r-release-osx-x86_64-mavericks, r-release-osx-x86_64-snowleopard, r-release-windows-ix86+x86_64

Version: 1.55
Check: S3 generic/method consistency
Result: NOTE
    Found the following apparent S3 methods exported but not registered:
     print.pamrcved print.pamrtrained
    See section ‘Registering S3 methods’ in the ‘Writing R Extensions’
    manual.
Flavors: r-devel-linux-x86_64-debian-clang, r-devel-linux-x86_64-debian-gcc, r-devel-linux-x86_64-fedora-clang, r-devel-linux-x86_64-fedora-gcc, r-devel-osx-x86_64-clang, r-patched-linux-x86_64, r-patched-solaris-sparc, r-patched-solaris-x86, r-release-linux-x86_64