CRAN Package Check Results for Package pamr

Last updated on 2015-01-27 01:48:09.

Flavor Version Tinstall Tcheck Ttotal Status Flags
r-devel-linux-x86_64-debian-clang 1.55 1.34 24.84 26.18 OK
r-devel-linux-x86_64-debian-gcc 1.55 1.35 23.01 24.36 OK
r-devel-linux-x86_64-fedora-clang 1.55 50.92 NOTE
r-devel-linux-x86_64-fedora-gcc 1.55 47.41 NOTE
r-devel-osx-x86_64-clang 1.55 48.62 NOTE
r-devel-windows-ix86+x86_64 1.55 8.00 46.00 54.00 OK
r-patched-linux-x86_64 1.55 1.41 24.94 26.35 OK
r-patched-solaris-sparc 1.55 302.40 OK
r-patched-solaris-x86 1.55 69.70 OK
r-release-linux-ix86 1.55 1.97 34.35 36.32 OK
r-release-linux-x86_64 1.55 1.33 26.02 27.35 OK
r-release-osx-x86_64-mavericks 1.55 OK
r-release-osx-x86_64-snowleopard 1.55 OK
r-release-windows-ix86+x86_64 1.55 10.00 51.00 61.00 OK
r-oldrel-windows-ix86+x86_64 1.55 12.00 78.00 90.00 OK

Check Details

Version: 1.55
Check: S3 generic/method consistency
Result: NOTE
    Found the following apparent S3 methods exported but not registered:
     print.pamrcved print.pamrtrained
    See section ‘Registering S3 methods’ in the ‘Writing R Extensions’
    manual.
Flavors: r-devel-linux-x86_64-fedora-clang, r-devel-linux-x86_64-fedora-gcc, r-devel-osx-x86_64-clang