CRAN Package Check Results for Package pamr

Last updated on 2015-02-28 07:50:09.

Flavor Version Tinstall Tcheck Ttotal Status Flags
r-devel-linux-x86_64-debian-clang 1.55 1.28 23.70 24.98 NOTE
r-devel-linux-x86_64-debian-gcc 1.55 1.24 24.58 25.83 NOTE
r-devel-linux-x86_64-fedora-clang 1.55 46.26 NOTE
r-devel-linux-x86_64-fedora-gcc 1.55 42.91 NOTE
r-devel-osx-x86_64-clang 1.55 44.75 NOTE
r-devel-windows-ix86+x86_64 1.55 12.00 42.00 54.00 NOTE
r-patched-linux-x86_64 1.55 1.64 25.82 27.46 OK
r-patched-solaris-sparc 1.55 302.40 OK
r-patched-solaris-x86 1.55 67.60 OK
r-release-linux-ix86 1.55 2.11 37.14 39.24 OK
r-release-linux-x86_64 1.55 1.31 25.30 26.61 OK
r-release-osx-x86_64-mavericks 1.55 OK
r-release-osx-x86_64-snowleopard 1.55 OK
r-release-windows-ix86+x86_64 1.55 7.00 54.00 61.00 OK
r-oldrel-windows-ix86+x86_64 1.55 8.00 83.00 91.00 OK

Check Details

Version: 1.55
Check: DESCRIPTION meta-information
Result: NOTE
    Malformed Description field: should contain one or more complete sentences.
Flavors: r-devel-linux-x86_64-debian-clang, r-devel-linux-x86_64-debian-gcc, r-devel-linux-x86_64-fedora-clang, r-devel-linux-x86_64-fedora-gcc, r-devel-osx-x86_64-clang, r-devel-windows-ix86+x86_64

Version: 1.55
Check: S3 generic/method consistency
Result: NOTE
    Found the following apparent S3 methods exported but not registered:
     print.pamrcved print.pamrtrained
    See section ‘Registering S3 methods’ in the ‘Writing R Extensions’
    manual.
Flavors: r-devel-linux-x86_64-debian-clang, r-devel-linux-x86_64-debian-gcc, r-devel-linux-x86_64-fedora-clang, r-devel-linux-x86_64-fedora-gcc, r-devel-osx-x86_64-clang