CRAN Package Check Results for Package pan

Last updated on 2017-01-16 22:55:17.

Flavor Version Tinstall Tcheck Ttotal Status Flags
r-devel-linux-x86_64-debian-clang 1.4 3.82 19.03 22.84 OK
r-devel-linux-x86_64-debian-gcc 1.4 4.06 18.86 22.92 OK
r-devel-linux-x86_64-fedora-clang 1.4 39.56 OK --no-stop-on-test-error
r-devel-linux-x86_64-fedora-gcc 1.4 36.57 NOTE --no-stop-on-test-error
r-devel-macos-x86_64-clang 1.4 32.08 OK --no-stop-on-test-error
r-devel-windows-ix86+x86_64 1.4 21.00 51.00 72.00 OK
r-patched-linux-x86_64 1.4 3.54 15.44 18.97 OK
r-patched-solaris-sparc 1.4 189.20 OK
r-patched-solaris-x86 1.4 40.40 OK
r-release-linux-x86_64 1.4 3.67 15.62 19.29 OK
r-release-osx-x86_64-mavericks 1.4 OK
r-release-windows-ix86+x86_64 1.4 16.00 44.00 60.00 OK
r-oldrel-windows-ix86+x86_64 1.4 11.00 42.00 53.00 OK

Check Details

Version: 1.4
Flags: --no-stop-on-test-error
Check: compiled code
Result: NOTE
    File ‘pan/libs/pan.so’:
     Found no calls to: ‘R_registerRoutines’, ‘R_useDynamicSymbols’
    
    It is good practice to use registered native symbols and disable symbol
    search.
    
    See ‘Writing portable packages’ in the ‘Writing R Extensions’ manual.
Flavor: r-devel-linux-x86_64-fedora-gcc