CRAN Package Check Results for Package pan

Last updated on 2014-11-28 19:51:24.

Flavor Version Tinstall Tcheck Ttotal Status Flags
r-devel-linux-x86_64-debian-clang 0.9 3.62 16.96 20.58 OK
r-devel-linux-x86_64-debian-gcc 0.9 3.64 16.52 20.16 OK
r-devel-linux-x86_64-fedora-clang 0.9 41.18 OK
r-devel-linux-x86_64-fedora-gcc 0.9 40.35 OK
r-devel-osx-x86_64-clang 0.9 41.09 OK
r-devel-windows-ix86+x86_64 0.9 9.00 31.00 40.00 OK
r-patched-linux-x86_64 0.9 3.72 17.30 21.02 OK
r-patched-solaris-sparc 0.9 233.90 OK
r-patched-solaris-x86 0.9 53.30 OK
r-release-linux-ix86 0.9 5.55 22.39 27.94 OK
r-release-linux-x86_64 0.9 3.72 17.27 20.98 OK
r-release-osx-x86_64-mavericks 0.9 NOTE
r-release-windows-ix86+x86_64 0.9 10.00 32.00 42.00 OK
r-oldrel-windows-ix86+x86_64 0.9 11.00 33.00 44.00 OK

Check Details

Version: 0.9
Check: re-building of vignette outputs
Result: NOTE
    Error in re-building vignettes:
     ...
    Error in texi2dvi(file = file, pdf = TRUE, clean = clean, quiet = quiet, :
     Running 'texi2dvi' on 'pan-tr.tex' failed.
    LaTeX errors:
    ! LaTeX Error: File `a4wide.sty' not found.
    
    Type X to quit or <RETURN> to proceed,
    or enter new name. (Default extension: sty)
    
    t/pan/vignettes/pan-tr.tex:9: ==> Fatal error occurred, no output PDF file pro
    duced!
    Calls: buildVignettes -> texi2pdf -> texi2dvi
    Execution halted
Flavor: r-release-osx-x86_64-mavericks