CRAN Package Check Results for Package pan

Last updated on 2014-08-01 11:48:20.

Flavor Version Tinstall Tcheck Ttotal Status Flags
r-devel-linux-x86_64-debian-clang 0.9 3.67 16.13 19.80 OK
r-devel-linux-x86_64-debian-gcc 0.9 3.60 16.26 19.86 OK
r-devel-linux-x86_64-fedora-clang 0.9 45.34 OK
r-devel-linux-x86_64-fedora-gcc 0.9 41.13 OK
r-devel-osx-x86_64-clang 0.9 40.94 OK
r-devel-windows-ix86+x86_64 0.9 8.00 35.00 43.00 OK
r-patched-linux-x86_64 0.9 3.57 16.24 19.80 OK
r-patched-solaris-sparc 0.9 233.90 OK
r-patched-solaris-x86 0.9 62.10 OK
r-release-linux-ix86 0.9 5.74 24.48 30.22 OK
r-release-linux-x86_64 0.9 3.60 16.92 20.52 OK
r-release-osx-x86_64-mavericks 0.9 NOTE
r-release-windows-ix86+x86_64 0.9 9.00 47.00 56.00 OK
r-oldrel-windows-ix86+x86_64 0.9 14.00 47.00 61.00 OK

Check Details

Version: 0.9
Check: re-building of vignette outputs
Result: NOTE
    Error in re-building vignettes:
     ...
    Error in texi2dvi(file = file, pdf = TRUE, clean = clean, quiet = quiet, :
     Running 'texi2dvi' on 'pan-tr.tex' failed.
    LaTeX errors:
    ! LaTeX Error: File `a4wide.sty' not found.
    
    Type X to quit or <RETURN> to proceed,
    or enter new name. (Default extension: sty)
    
    t/pan/vignettes/pan-tr.tex:9: ==> Fatal error occurred, no output PDF file pro
    duced!
    Calls: buildVignettes -> texi2pdf -> texi2dvi
    Execution halted
Flavor: r-release-osx-x86_64-mavericks