CRAN Package Check Results for Package pan

Last updated on 2014-04-24 07:52:32.

Flavor Version Tinstall Tcheck Ttotal Status Flags
r-devel-linux-x86_64-debian-clang 0.9 3.62 17.71 21.33 OK
r-devel-linux-x86_64-debian-gcc 0.9 3.62 17.28 20.90 OK
r-devel-linux-x86_64-fedora-clang 0.9 44.45 OK
r-devel-linux-x86_64-fedora-gcc 0.9 42.64 OK
r-devel-osx-x86_64-clang 0.9 41.56 OK
r-devel-osx-x86_64-gcc 0.9 NOTE
r-devel-windows-ix86+x86_64 0.9 10.00 34.00 44.00 OK
r-patched-linux-x86_64 0.9 3.61 17.44 21.04 OK
r-patched-solaris-sparc 0.9 226.50 OK
r-patched-solaris-x86 0.9 58.70 OK
r-release-linux-ix86 0.9 6.00 35.00 41.00 OK
r-release-linux-x86_64 0.9 3.54 17.05 20.59 OK
r-release-osx-x86_64-mavericks 0.9 WARN
r-release-windows-ix86+x86_64 0.9 10.00 35.00 45.00 OK
r-oldrel-windows-ix86+x86_64 0.9 9.00 34.00 43.00 OK

Check Details

Version: 0.9
Check: package dependencies
Result: NOTE
    Package suggested but not available for checking: ‘lme4’
Flavors: r-devel-osx-x86_64-gcc, r-release-osx-x86_64-mavericks

Version: 0.9
Check: re-building of vignette outputs
Result: NOTE
    Error in re-building vignettes:
     ...
    Error in texi2dvi(file = file, pdf = TRUE, clean = clean, quiet = quiet, :
     Running 'texi2dvi' on 'pan-tr.tex' failed.
    LaTeX errors:
    ! LaTeX Error: File `a4wide.sty' not found.
    
    Type X to quit or <RETURN> to proceed,
    or enter new name. (Default extension: sty)
    
    t/pan/vignettes/pan-tr.tex:9: ==> Fatal error occurred, no output PDF file pro
    duced!
    Calls: buildVignettes -> texi2pdf -> texi2dvi
    Execution halted
Flavor: r-release-osx-x86_64-mavericks

Version: 0.9
Check: PDF version of manual
Result: WARNING
    LaTeX errors when creating PDF version.
    This typically indicates Rd problems.
    LaTeX errors found:
    ! LaTeX Error: File `upquote.sty' not found.
    
    Type X to quit or <RETURN> to proceed,
    or enter new name. (Default extension: sty)
    
    47f7f0/Rd2.tex:8: ==> Fatal error occurred, no output PDF file produced!
Flavor: r-release-osx-x86_64-mavericks