CRAN Package Check Results for Package pan

Last updated on 2014-09-24 05:47:50.

Flavor Version Tinstall Tcheck Ttotal Status Flags
r-devel-linux-x86_64-debian-clang 0.9 3.66 16.20 19.87 OK
r-devel-linux-x86_64-debian-gcc 0.9 3.59 16.02 19.61 OK
r-devel-linux-x86_64-fedora-clang 0.9 38.27 OK
r-devel-linux-x86_64-fedora-gcc 0.9 35.67 OK
r-devel-osx-x86_64-clang 0.9 39.38 OK
r-devel-windows-ix86+x86_64 0.9 10.00 31.00 41.00 OK
r-patched-linux-x86_64 0.9 3.57 18.19 21.76 OK
r-patched-solaris-sparc 0.9 233.90 OK
r-patched-solaris-x86 0.9 56.20 OK
r-release-linux-ix86 0.9 5.75 25.10 30.85 OK
r-release-linux-x86_64 0.9 3.60 18.57 22.17 OK
r-release-osx-x86_64-mavericks 0.9 NOTE
r-release-windows-ix86+x86_64 0.9 9.00 34.00 43.00 OK
r-oldrel-windows-ix86+x86_64 0.9 10.00 34.00 44.00 OK

Check Details

Version: 0.9
Check: re-building of vignette outputs
Result: NOTE
    Error in re-building vignettes:
     ...
    Error in texi2dvi(file = file, pdf = TRUE, clean = clean, quiet = quiet, :
     Running 'texi2dvi' on 'pan-tr.tex' failed.
    LaTeX errors:
    ! LaTeX Error: File `a4wide.sty' not found.
    
    Type X to quit or <RETURN> to proceed,
    or enter new name. (Default extension: sty)
    
    t/pan/vignettes/pan-tr.tex:9: ==> Fatal error occurred, no output PDF file pro
    duced!
    Calls: buildVignettes -> texi2pdf -> texi2dvi
    Execution halted
Flavor: r-release-osx-x86_64-mavericks