CRAN Package Check Results for Package pan

Last updated on 2014-07-22 22:48:14.

Flavor Version Tinstall Tcheck Ttotal Status Flags
r-devel-linux-x86_64-debian-clang 0.9 3.69 16.10 19.78 OK
r-devel-linux-x86_64-debian-gcc 0.9 3.57 15.91 19.48 OK
r-devel-linux-x86_64-fedora-clang 0.9 46.04 OK
r-devel-linux-x86_64-fedora-gcc 0.9 43.57 OK
r-devel-osx-x86_64-clang 0.9 41.47 OK
r-devel-windows-ix86+x86_64 0.9 10.00 34.00 44.00 OK
r-patched-linux-x86_64 0.9 3.57 16.48 20.04 OK
r-patched-solaris-sparc 0.9 226.50 OK
r-patched-solaris-x86 0.9 61.20 OK
r-release-linux-ix86 0.9 5.74 24.79 30.53 OK
r-release-linux-x86_64 0.9 3.68 17.02 20.70 OK
r-release-osx-x86_64-mavericks 0.9 NOTE
r-release-windows-ix86+x86_64 0.9 10.00 36.00 46.00 OK
r-oldrel-windows-ix86+x86_64 0.9 10.00 36.00 46.00 OK

Check Details

Version: 0.9
Check: re-building of vignette outputs
Result: NOTE
    Error in re-building vignettes:
     ...
    Error in texi2dvi(file = file, pdf = TRUE, clean = clean, quiet = quiet, :
     Running 'texi2dvi' on 'pan-tr.tex' failed.
    LaTeX errors:
    ! LaTeX Error: File `a4wide.sty' not found.
    
    Type X to quit or <RETURN> to proceed,
    or enter new name. (Default extension: sty)
    
    t/pan/vignettes/pan-tr.tex:9: ==> Fatal error occurred, no output PDF file pro
    duced!
    Calls: buildVignettes -> texi2pdf -> texi2dvi
    Execution halted
Flavor: r-release-osx-x86_64-mavericks