CRAN Package Check Results for Package pan

Last updated on 2017-02-19 14:52:10.

Flavor Version Tinstall Tcheck Ttotal Status Flags
r-devel-linux-x86_64-debian-clang 1.4 3.85 18.66 22.51 NOTE
r-devel-linux-x86_64-debian-gcc 1.4 3.92 18.85 22.77 NOTE
r-devel-linux-x86_64-fedora-clang 1.4 39.28 NOTE --no-stop-on-test-error
r-devel-linux-x86_64-fedora-gcc 1.4 38.58 NOTE --no-stop-on-test-error
r-devel-macos-x86_64-clang 1.4 32.97 NOTE --no-stop-on-test-error
r-devel-windows-ix86+x86_64 1.4 15.00 45.00 60.00 OK
r-patched-linux-x86_64 1.4 3.75 15.71 19.46 OK
r-patched-solaris-sparc 1.4 189.20 OK
r-patched-solaris-x86 1.4 41.40 OK
r-release-linux-x86_64 1.4 3.73 15.47 19.20 OK
r-release-osx-x86_64-mavericks 1.4 OK
r-release-windows-ix86+x86_64 1.4 11.00 45.00 56.00 OK
r-oldrel-windows-ix86+x86_64 1.4 15.00 55.00 70.00 OK

Check Details

Version: 1.4
Check: compiled code
Result: NOTE
    File ‘pan/libs/pan.so’:
     Found no calls to: ‘R_registerRoutines’, ‘R_useDynamicSymbols’
    
    It is good practice to register native routines and to disable symbol
    search.
    
    See ‘Writing portable packages’ in the ‘Writing R Extensions’ manual.
Flavors: r-devel-linux-x86_64-debian-clang, r-devel-linux-x86_64-debian-gcc

Version: 1.4
Flags: --no-stop-on-test-error
Check: compiled code
Result: NOTE
    File ‘pan/libs/pan.so’:
     Found no calls to: ‘R_registerRoutines’, ‘R_useDynamicSymbols’
    
    It is good practice to register native routines and to disable symbol
    search.
    
    See ‘Writing portable packages’ in the ‘Writing R Extensions’ manual.
Flavors: r-devel-linux-x86_64-fedora-clang, r-devel-linux-x86_64-fedora-gcc, r-devel-macos-x86_64-clang