CRAN Package Check Results for Package pander

Last updated on 2017-12-11 17:49:07 CET.

Flavor Version Tinstall Tcheck Ttotal Status Flags
r-devel-linux-x86_64-debian-clang 0.6.1 17.95 71.56 89.51 OK
r-devel-linux-x86_64-debian-gcc 0.6.1 15.61 66.09 81.70 OK
r-devel-linux-x86_64-fedora-clang 0.6.1 122.50 OK
r-devel-linux-x86_64-fedora-gcc 0.6.1 117.55 OK
r-devel-windows-ix86+x86_64 0.6.1 70.00 113.00 183.00 OK
r-patched-linux-x86_64 0.6.1 19.28 86.19 105.47 OK
r-patched-solaris-x86 0.6.1 146.10 NOTE
r-release-linux-x86_64 0.6.1 18.86 83.21 102.07 OK
r-release-windows-ix86+x86_64 0.6.1 45.00 122.00 167.00 OK
r-release-osx-x86_64 0.6.1 OK
r-oldrel-windows-ix86+x86_64 0.6.1 57.00 105.00 162.00 OK
r-oldrel-osx-x86_64 0.6.1 OK

Check Details

Version: 0.6.1
Check: package dependencies
Result: NOTE
    Package suggested but not available for checking: ‘microbenchmark’
Flavor: r-patched-solaris-x86