CRAN Package Check Results for Package pander

Last updated on 2014-11-25 22:47:16.

Flavor Version Tinstall Tcheck Ttotal Status Flags
r-devel-linux-x86_64-debian-clang 0.5.1 9.19 28.08 37.27 OK
r-devel-linux-x86_64-debian-gcc 0.5.1 10.41 26.92 37.33 OK
r-devel-linux-x86_64-fedora-clang 0.5.1 81.55 OK
r-devel-linux-x86_64-fedora-gcc 0.5.1 72.77 OK
r-devel-osx-x86_64-clang 0.5.1 66.83 OK
r-devel-windows-ix86+x86_64 0.5.1 36.00 52.00 88.00 OK
r-patched-linux-x86_64 0.5.1 10.20 28.50 38.70 OK
r-patched-solaris-sparc 0.5.1 405.00 NOTE
r-patched-solaris-x86 0.5.1 94.50 OK
r-release-linux-ix86 0.5.1 12.06 34.59 46.65 OK
r-release-linux-x86_64 0.5.1 10.15 28.60 38.76 OK
r-release-osx-x86_64-mavericks 0.5.1 OK
r-release-osx-x86_64-snowleopard 0.5.1 OK
r-release-windows-ix86+x86_64 0.5.1 34.00 60.00 94.00 OK
r-oldrel-windows-ix86+x86_64 0.5.1 34.00 59.00 93.00 OK

Check Details

Version: 0.5.1
Check: package dependencies
Result: NOTE
    Package suggested but not available for checking: ‘microbenchmark’
Flavor: r-patched-solaris-sparc