CRAN Package Check Results for Package pander

Last updated on 2017-08-18 11:48:02.

Flavor Version Tinstall Tcheck Ttotal Status Flags
r-devel-linux-x86_64-debian-clang 0.6.1 13.86 54.16 68.02 OK
r-devel-linux-x86_64-debian-gcc 0.6.1 14.86 51.70 66.55 OK
r-devel-linux-x86_64-fedora-clang 0.6.1 127.80 OK
r-devel-linux-x86_64-fedora-gcc 0.6.1 123.93 OK
r-devel-windows-ix86+x86_64 0.6.1 49.00 103.00 152.00 OK
r-patched-linux-x86_64 0.6.1 14.74 52.23 66.97 OK
r-patched-solaris-x86 0.6.1 149.60 NOTE
r-release-linux-x86_64 0.6.1 14.54 53.32 67.86 OK
r-release-windows-ix86+x86_64 0.6.1 72.00 115.00 187.00 OK
r-release-osx-x86_64 0.6.1 OK
r-oldrel-windows-ix86+x86_64 0.6.1 45.00 107.00 152.00 OK
r-oldrel-osx-x86_64 0.6.1 OK

Check Details

Version: 0.6.1
Check: package dependencies
Result: NOTE
    Package suggested but not available for checking: ‘microbenchmark’
Flavor: r-patched-solaris-x86