CRAN Package Check Results for Package pander

Last updated on 2016-05-26 05:47:46.

Flavor Version Tinstall Tcheck Ttotal Status Flags
r-devel-linux-x86_64-debian-gcc 0.6.0 13.53 39.89 53.42 OK
r-devel-linux-x86_64-fedora-clang 0.6.0 89.66 WARN
r-devel-linux-x86_64-fedora-gcc 0.6.0 82.34 WARN
r-devel-osx-x86_64-clang 0.6.0 98.40 OK
r-devel-windows-ix86+x86_64 0.6.0 40.00 87.00 127.00 OK
r-patched-linux-x86_64 0.6.0 10.33 39.49 49.82 OK
r-patched-solaris-sparc 0.6.0 539.20 NOTE
r-patched-solaris-x86 0.6.0 109.10 NOTE
r-release-linux-x86_64 0.6.0 10.14 39.86 50.00 OK
r-release-osx-x86_64-mavericks 0.6.0 OK
r-release-windows-ix86+x86_64 0.6.0 47.00 77.00 124.00 OK
r-oldrel-windows-ix86+x86_64 0.6.0 41.00 90.00 131.00 OK

Check Details

Version: 0.6.0
Check: re-building of vignette outputs
Result: WARN
    Error in re-building vignettes:
     ...
    Fetching https://raw.githubusercontent.com/Rapporter/pander/gh-pages/plots/evals-mtcars.jpeg...
    pandoc: Could not fetch https://raw.githubusercontent.com/Rapporter/pander/gh-pages/plots/evals-mtcars.jpeg
    user error (https not supported)
    Error: processing vignette 'evals.Rmd' failed with diagnostics:
    pandoc document conversion failed with error 67
    Execution halted
Flavors: r-devel-linux-x86_64-fedora-clang, r-devel-linux-x86_64-fedora-gcc

Version: 0.6.0
Check: package dependencies
Result: NOTE
    Package suggested but not available for checking: ‘microbenchmark’
Flavors: r-patched-solaris-sparc, r-patched-solaris-x86