CRAN Package Check Results for Package pander

Last updated on 2017-03-24 06:48:26.

Flavor Version Tinstall Tcheck Ttotal Status Flags
r-devel-linux-x86_64-debian-clang 0.6.0 12.89 54.60 67.48 NOTE
r-devel-linux-x86_64-debian-gcc 0.6.0 12.20 51.75 63.95 NOTE
r-devel-linux-x86_64-fedora-clang 0.6.0 125.09 NOTE --no-stop-on-test-error
r-devel-linux-x86_64-fedora-gcc 0.6.0 118.80 NOTE --no-stop-on-test-error
r-devel-macos-x86_64-clang 0.6.0 92.67 NOTE --no-stop-on-test-error
r-devel-windows-ix86+x86_64 0.6.0 46.00 112.00 158.00 NOTE
r-patched-linux-x86_64 0.6.0 10.63 44.38 55.01 NOTE
r-patched-solaris-sparc 0.6.0 667.10 NOTE
r-patched-solaris-x86 0.6.0 142.40 NOTE
r-release-linux-x86_64 0.6.0 10.53 44.67 55.20 NOTE
r-release-osx-x86_64-mavericks 0.6.0 OK
r-release-windows-ix86+x86_64 0.6.0 70.00 90.00 160.00 NOTE
r-oldrel-windows-ix86+x86_64 0.6.0 61.00 145.00 206.00 NOTE

Check Details

Version: 0.6.0
Check: dependencies in R code
Result: NOTE
    Missing or unexported object: ‘rms::reVector’
Flavors: r-devel-linux-x86_64-debian-clang, r-devel-linux-x86_64-debian-gcc, r-devel-windows-ix86+x86_64, r-patched-linux-x86_64, r-patched-solaris-sparc, r-patched-solaris-x86, r-release-linux-x86_64, r-release-windows-ix86+x86_64, r-oldrel-windows-ix86+x86_64

Version: 0.6.0
Check: compiled code
Result: NOTE
    File ‘pander/libs/pander.so’:
     Found no calls to: ‘R_registerRoutines’, ‘R_useDynamicSymbols’
    
    It is good practice to register native routines and to disable symbol
    search.
    
    See ‘Writing portable packages’ in the ‘Writing R Extensions’ manual.
Flavors: r-devel-linux-x86_64-debian-clang, r-devel-linux-x86_64-debian-gcc

Version: 0.6.0
Flags: --no-stop-on-test-error
Check: dependencies in R code
Result: NOTE
    Missing or unexported object: ‘rms::reVector’
Flavors: r-devel-linux-x86_64-fedora-clang, r-devel-linux-x86_64-fedora-gcc, r-devel-macos-x86_64-clang

Version: 0.6.0
Flags: --no-stop-on-test-error
Check: compiled code
Result: NOTE
    File ‘pander/libs/pander.so’:
     Found no calls to: ‘R_registerRoutines’, ‘R_useDynamicSymbols’
    
    It is good practice to register native routines and to disable symbol
    search.
    
    See ‘Writing portable packages’ in the ‘Writing R Extensions’ manual.
Flavors: r-devel-linux-x86_64-fedora-clang, r-devel-linux-x86_64-fedora-gcc, r-devel-macos-x86_64-clang

Version: 0.6.0
Check: package dependencies
Result: NOTE
    Package suggested but not available for checking: ‘microbenchmark’
Flavors: r-patched-solaris-sparc, r-patched-solaris-x86