CRAN Package Check Results for Package pander

Last updated on 2014-12-22 07:48:08.

Flavor Version Tinstall Tcheck Ttotal Status Flags
r-devel-linux-x86_64-debian-clang 0.5.1 9.43 28.12 37.55 OK
r-devel-linux-x86_64-debian-gcc 0.5.1 9.90 26.96 36.86 OK
r-devel-linux-x86_64-fedora-clang 0.5.1 81.04 OK
r-devel-linux-x86_64-fedora-gcc 0.5.1 72.94 OK
r-devel-osx-x86_64-clang 0.5.1 74.28 OK
r-devel-windows-ix86+x86_64 0.5.1 39.00 55.00 94.00 OK
r-patched-linux-x86_64 0.5.1 10.17 27.89 38.06 OK
r-patched-solaris-sparc 0.5.1 438.40 NOTE
r-patched-solaris-x86 0.5.1 95.10 OK
r-release-linux-ix86 0.5.1 12.15 34.78 46.93 OK
r-release-linux-x86_64 0.5.1 10.44 29.12 39.57 OK
r-release-osx-x86_64-mavericks 0.5.1 OK
r-release-osx-x86_64-snowleopard 0.5.1 OK
r-release-windows-ix86+x86_64 0.5.1 38.00 68.00 106.00 OK
r-oldrel-windows-ix86+x86_64 0.5.1 36.00 68.00 104.00 OK

Check Details

Version: 0.5.1
Check: package dependencies
Result: NOTE
    Package suggested but not available for checking: ‘microbenchmark’
Flavor: r-patched-solaris-sparc