CRAN Package Check Results for Package pander

Last updated on 2014-09-23 15:48:55.

Flavor Version Tinstall Tcheck Ttotal Status Flags
r-devel-linux-x86_64-debian-clang 0.3.8 1.18 21.14 22.32 OK
r-devel-linux-x86_64-debian-gcc 0.3.8 1.80 21.22 23.02 OK
r-devel-linux-x86_64-fedora-clang 0.3.8 46.21 OK
r-devel-linux-x86_64-fedora-gcc 0.3.8 42.20 OK
r-devel-osx-x86_64-clang 0.3.8 46.35 OK
r-devel-windows-ix86+x86_64 0.3.8 4.00 34.00 38.00 OK
r-patched-linux-x86_64 0.3.8 1.19 23.04 24.23 OK
r-patched-solaris-sparc 0.3.8 287.10 OK
r-patched-solaris-x86 0.3.8 62.80 OK
r-release-linux-ix86 0.3.8 1.66 30.75 32.42 OK
r-release-linux-x86_64 0.3.8 1.22 23.05 24.27 OK
r-release-osx-x86_64-mavericks 0.3.8 OK
r-release-osx-x86_64-snowleopard 0.3.8 WARN
r-release-windows-ix86+x86_64 0.3.8 4.00 36.00 40.00 OK
r-oldrel-windows-ix86+x86_64 0.3.8 3.00 36.00 39.00 OK

Check Details

Version: 0.3.8
Check: examples
Result: WARN
    checking a package with encoding 'UTF-8' in an ASCII locale
    
     OK
Flavor: r-release-osx-x86_64-snowleopard