CRAN Package Check Results for Package pander

Last updated on 2017-06-23 03:48:58.

Flavor Version Tinstall Tcheck Ttotal Status Flags
r-devel-linux-x86_64-debian-clang 0.6.0 14.59 53.61 68.19 NOTE
r-devel-linux-x86_64-debian-gcc 0.6.0 14.45 52.20 66.64 NOTE
r-devel-linux-x86_64-fedora-clang 0.6.0 129.98 NOTE
r-devel-linux-x86_64-fedora-gcc 0.6.0 122.37 NOTE
r-devel-windows-ix86+x86_64 0.6.0 66.00 146.00 212.00 NOTE
r-patched-linux-x86_64 0.6.0 13.80 53.74 67.54 NOTE
r-patched-solaris-sparc 0.6.0 667.10 NOTE
r-patched-solaris-x86 0.6.0 146.10 NOTE
r-release-linux-x86_64 0.6.0 12.86 53.66 66.52 NOTE
r-release-windows-ix86+x86_64 0.6.0 73.00 123.00 196.00 NOTE
r-release-osx-x86_64 0.6.0 NOTE
r-oldrel-windows-ix86+x86_64 0.6.0 66.00 99.00 165.00 NOTE
r-oldrel-osx-x86_64 0.6.0 OK

Check Details

Version: 0.6.0
Check: dependencies in R code
Result: NOTE
    Missing or unexported object: ‘rms::reVector’
Flavors: r-devel-linux-x86_64-debian-clang, r-devel-linux-x86_64-debian-gcc, r-devel-linux-x86_64-fedora-clang, r-devel-linux-x86_64-fedora-gcc, r-devel-windows-ix86+x86_64, r-patched-linux-x86_64, r-patched-solaris-sparc, r-patched-solaris-x86, r-release-linux-x86_64, r-release-windows-ix86+x86_64, r-release-osx-x86_64, r-oldrel-windows-ix86+x86_64

Version: 0.6.0
Check: compiled code
Result: NOTE
    File ‘pander/libs/pander.so’:
     Found no calls to: ‘R_registerRoutines’, ‘R_useDynamicSymbols’
    
    It is good practice to register native routines and to disable symbol
    search.
    
    See ‘Writing portable packages’ in the ‘Writing R Extensions’ manual.
Flavors: r-devel-linux-x86_64-debian-clang, r-devel-linux-x86_64-debian-gcc, r-devel-linux-x86_64-fedora-clang, r-devel-linux-x86_64-fedora-gcc, r-patched-linux-x86_64, r-release-linux-x86_64

Version: 0.6.0
Check: package dependencies
Result: NOTE
    Package suggested but not available for checking: ‘microbenchmark’
Flavors: r-patched-solaris-sparc, r-patched-solaris-x86