CRAN Package Check Results for Package pander

Last updated on 2015-06-30 04:46:44.

Flavor Version Tinstall Tcheck Ttotal Status Flags
r-devel-linux-x86_64-debian-clang 0.5.2 10.50 26.58 37.08 NOTE
r-devel-linux-x86_64-debian-gcc 0.5.2 10.96 26.18 37.14 NOTE
r-devel-linux-x86_64-fedora-clang 0.5.2 76.04 NOTE
r-devel-linux-x86_64-fedora-gcc 0.5.2 69.32 NOTE
r-devel-osx-x86_64-clang 0.5.2 68.91 NOTE
r-devel-windows-ix86+x86_64 0.5.2 60.00 63.00 123.00 NOTE
r-patched-linux-x86_64 0.5.2 11.24 27.02 38.25 NOTE
r-patched-solaris-sparc 0.5.2 444.30 NOTE
r-patched-solaris-x86 0.5.2 93.80 NOTE
r-release-linux-x86_64 0.5.2 11.19 27.11 38.30 NOTE
r-release-osx-x86_64-mavericks 0.5.2 NOTE
r-release-windows-ix86+x86_64 0.5.2 57.00 62.00 119.00 NOTE
r-oldrel-windows-ix86+x86_64 0.5.2 57.00 70.00 127.00 NOTE

Check Details

Version: 0.5.2
Check: S3 generic/method consistency
Result: NOTE
    Found the following apparent S3 methods exported but not registered:
     pander.option pander.return
    See section ‘Registering S3 methods’ in the ‘Writing R Extensions’
    manual.
Flavors: r-devel-linux-x86_64-debian-clang, r-devel-linux-x86_64-debian-gcc, r-devel-linux-x86_64-fedora-clang, r-devel-linux-x86_64-fedora-gcc, r-devel-osx-x86_64-clang, r-patched-linux-x86_64, r-patched-solaris-sparc, r-patched-solaris-x86, r-release-linux-x86_64

Version: 0.5.2
Check: R code for possible problems
Result: NOTE
    Pandoc: no visible global function definition for ‘new’
    Pandoc.brew : showCode: no visible global function definition for
     ‘tail’
    Pandoc.brew: no visible global function definition for ‘capture.output’
    Pandoc.convert: no visible global function definition for ‘tail’
    Pandoc.convert: no visible global function definition for
     ‘packageDescription’
    add.lattice.xsubticks: no visible global function definition for ‘head’
    add.lattice.ysubticks: no visible global function definition for ‘head’
    add.minor.ticks : ax: no visible global function definition for ‘par’
    add.minor.ticks : ax: no visible global function definition for ‘axis’
    add.minor.ticks : ax: no visible global function definition for
     ‘abline’
    brew : showText: no visible global function definition for ‘tail’
    evals : <anonymous> : clear.devs: no visible global function definition
     for ‘dev.list’
    evals : <anonymous> : clear.devs: no visible global function definition
     for ‘dev.off’
    evals : <anonymous>: no visible global function definition for
     ‘dev.control’
    evals : <anonymous>: no visible global function definition for
     ‘dev.list’
    evals : <anonymous>: no visible global function definition for
     ‘recordPlot’
    p: no visible global function definition for ‘head’
    p: no visible global function definition for ‘tail’
    pander: no visible global function definition for ‘tail’
    pander.coxph: no visible global function definition for ‘pchisq’
    pander.coxph: no visible global function definition for ‘naprint’
    pander.list : <anonymous>: no visible global function definition for
     ‘capture.output’
    pander.mtable: no visible global function definition for ‘ftable’
    pander.return: no visible global function definition for
     ‘capture.output’
    pander.rlm: no visible global function definition for ‘naprint’
    pander.smooth.spline: no visible global function definition for
     ‘capture.output’
    pander.survdiff: no visible global function definition for ‘pchisq’
    pander.survfit: no visible global function definition for ‘naprint’
    pander.survfit: no visible global function definition for
     ‘getFromNamespace’
    pander.ts: no visible global function definition for ‘time’
    pander.ts: no visible global function definition for ‘cycle’
    pander.ts: no visible global function definition for ‘frequency’
    pander.ts: no visible global function definition for ‘start’
    pander.ts: no visible global function definition for ‘end’
    pander.zoo: no visible global function definition for ‘time’
    pander_return: no visible global function definition for
     ‘capture.output’
    pandoc.table.return: no visible global function definition for ‘ftable’
    redrawPlot: no visible global function definition for ‘is’
Flavors: r-devel-linux-x86_64-debian-clang, r-devel-linux-x86_64-debian-gcc, r-devel-windows-ix86+x86_64

Version: 0.5.2
Check: Rd \usage sections
Result: NOTE
    S3 methods shown with full name in documentation object 'pander.option':
     ‘pander.option’
    
    S3 methods shown with full name in documentation object 'pander.return':
     ‘pander.return’
    
    The \usage entries for S3 methods should use the \method markup and not
    their full name.
    See chapter ‘Writing R documentation files’ in the ‘Writing R
    Extensions’ manual.
Flavors: r-devel-linux-x86_64-debian-clang, r-devel-linux-x86_64-debian-gcc, r-devel-linux-x86_64-fedora-clang, r-devel-linux-x86_64-fedora-gcc, r-devel-osx-x86_64-clang, r-devel-windows-ix86+x86_64, r-patched-linux-x86_64, r-patched-solaris-sparc, r-patched-solaris-x86, r-release-linux-x86_64, r-release-osx-x86_64-mavericks, r-release-windows-ix86+x86_64, r-oldrel-windows-ix86+x86_64

Version: 0.5.2
Check: package dependencies
Result: NOTE
    Package suggested but not available for checking: ‘microbenchmark’
Flavor: r-patched-solaris-sparc