CRAN Package Check Results for Package pander

Last updated on 2014-07-24 03:48:52.

Flavor Version Tinstall Tcheck Ttotal Status Flags
r-devel-linux-x86_64-debian-clang 0.3.8 1.62 22.88 24.50 OK
r-devel-linux-x86_64-debian-gcc 0.3.8 1.25 23.53 24.78 OK
r-devel-linux-x86_64-fedora-clang 0.3.8 50.85 OK
r-devel-linux-x86_64-fedora-gcc 0.3.8 46.71 OK
r-devel-osx-x86_64-clang 0.3.8 48.15 OK
r-devel-windows-ix86+x86_64 0.3.8 5.00 36.00 41.00 OK
r-patched-linux-x86_64 0.3.8 1.17 22.50 23.67 OK
r-patched-solaris-sparc 0.3.8 271.80 OK
r-patched-solaris-x86 0.3.8 61.70 OK
r-release-linux-ix86 0.3.8 1.64 30.24 31.88 OK
r-release-linux-x86_64 0.3.8 1.21 22.41 23.62 OK
r-release-osx-x86_64-mavericks 0.3.8 OK
r-release-osx-x86_64-snowleopard 0.3.8 WARN
r-release-windows-ix86+x86_64 0.3.8 4.00 38.00 42.00 OK
r-oldrel-windows-ix86+x86_64 0.3.8 5.00 36.00 41.00 OK

Check Details

Version: 0.3.8
Check: examples
Result: WARNING
    checking a package with encoding 'UTF-8' in an ASCII locale
    
     OK
Flavor: r-release-osx-x86_64-snowleopard