CRAN Package Check Results for Package pander

Last updated on 2016-06-30 06:47:10.

Flavor Version Tinstall Tcheck Ttotal Status Flags
r-devel-linux-x86_64-debian-gcc 0.6.0 14.43 41.43 55.86 OK
r-devel-linux-x86_64-fedora-clang 0.6.0 96.80 OK
r-devel-linux-x86_64-fedora-gcc 0.6.0 88.17 OK
r-devel-osx-x86_64-clang 0.6.0 73.57 OK
r-devel-windows-ix86+x86_64 0.6.0 37.00 78.00 115.00 OK
r-patched-linux-x86_64 0.6.0 10.74 41.06 51.80 OK
r-patched-solaris-sparc 0.6.0 538.90 NOTE
r-patched-solaris-x86 0.6.0 109.40 NOTE
r-release-linux-x86_64 0.6.0 10.21 39.23 49.44 OK
r-release-osx-x86_64-mavericks 0.6.0 OK
r-release-windows-ix86+x86_64 0.6.0 51.00 99.00 150.00 OK
r-oldrel-windows-ix86+x86_64 0.6.0 54.00 94.00 148.00 OK

Check Details

Version: 0.6.0
Check: package dependencies
Result: NOTE
    Package suggested but not available for checking: ‘microbenchmark’
Flavors: r-patched-solaris-sparc, r-patched-solaris-x86

Version: 0.6.0
Check: installed package size
Result: NOTE
     installed size is 6.2Mb
     sub-directories of 1Mb or more:
     libs 4.9Mb
Flavors: r-patched-solaris-sparc, r-patched-solaris-x86