CRAN Package Check Results for Package pander

Last updated on 2017-01-20 23:50:39.

Flavor Version Tinstall Tcheck Ttotal Status Flags
r-devel-linux-x86_64-debian-clang 0.6.0 12.42 48.72 61.14 NOTE
r-devel-linux-x86_64-debian-gcc 0.6.0 11.85 48.85 60.69 NOTE
r-devel-linux-x86_64-fedora-clang 0.6.0 116.29 NOTE --no-stop-on-test-error
r-devel-linux-x86_64-fedora-gcc 0.6.0 111.77 NOTE --no-stop-on-test-error
r-devel-macos-x86_64-clang 0.6.0 87.34 NOTE --no-stop-on-test-error
r-devel-windows-ix86+x86_64 0.6.0 62.00 145.00 207.00 NOTE
r-patched-linux-x86_64 0.6.0 10.57 40.44 51.01 NOTE
r-patched-solaris-sparc 0.6.0 540.20 NOTE
r-patched-solaris-x86 0.6.0 105.10 NOTE
r-release-linux-x86_64 0.6.0 10.59 41.19 51.77 NOTE
r-release-osx-x86_64-mavericks 0.6.0 OK
r-release-windows-ix86+x86_64 0.6.0 43.00 83.00 126.00 NOTE
r-oldrel-windows-ix86+x86_64 0.6.0 50.00 120.00 170.00 NOTE

Check Details

Version: 0.6.0
Check: dependencies in R code
Result: NOTE
    Missing or unexported object: ‘rms::reVector’
Flavors: r-devel-linux-x86_64-debian-clang, r-devel-linux-x86_64-debian-gcc, r-devel-windows-ix86+x86_64, r-patched-linux-x86_64, r-patched-solaris-sparc, r-patched-solaris-x86, r-release-linux-x86_64, r-release-windows-ix86+x86_64, r-oldrel-windows-ix86+x86_64

Version: 0.6.0
Flags: --no-stop-on-test-error
Check: dependencies in R code
Result: NOTE
    Missing or unexported object: ‘rms::reVector’
Flavors: r-devel-linux-x86_64-fedora-clang, r-devel-linux-x86_64-fedora-gcc, r-devel-macos-x86_64-clang

Version: 0.6.0
Check: package dependencies
Result: NOTE
    Package suggested but not available for checking: ‘microbenchmark’
Flavors: r-patched-solaris-sparc, r-patched-solaris-x86