CRAN Package Check Results for Package pander

Last updated on 2014-08-01 01:48:23.

Flavor Version Tinstall Tcheck Ttotal Status Flags
r-devel-linux-x86_64-debian-clang 0.3.8 1.38 22.84 24.22 OK
r-devel-linux-x86_64-debian-gcc 0.3.8 1.27 22.39 23.66 OK
r-devel-linux-x86_64-fedora-clang 0.3.8 49.73 OK
r-devel-linux-x86_64-fedora-gcc 0.3.8 45.39 OK
r-devel-osx-x86_64-clang 0.3.8 47.25 OK
r-devel-windows-ix86+x86_64 0.3.8 4.00 36.00 40.00 OK
r-patched-linux-x86_64 0.3.8 1.79 22.52 24.31 OK
r-patched-solaris-sparc 0.3.8 287.10 OK
r-patched-solaris-x86 0.3.8 62.60 OK
r-release-linux-ix86 0.3.8 1.63 29.94 31.57 OK
r-release-linux-x86_64 0.3.8 1.56 22.02 23.58 OK
r-release-osx-x86_64-mavericks 0.3.8 OK
r-release-osx-x86_64-snowleopard 0.3.8 WARN
r-release-windows-ix86+x86_64 0.3.8 4.00 49.00 53.00 OK
r-oldrel-windows-ix86+x86_64 0.3.8 7.00 50.00 57.00 OK

Check Details

Version: 0.3.8
Check: examples
Result: WARNING
    checking a package with encoding 'UTF-8' in an ASCII locale
    
     OK
Flavor: r-release-osx-x86_64-snowleopard