CRAN Package Check Results for Package pander

Last updated on 2016-12-09 23:49:47.

Flavor Version Tinstall Tcheck Ttotal Status Flags
r-devel-linux-x86_64-debian-clang 0.6.0 12.22 50.55 62.78 NOTE
r-devel-linux-x86_64-debian-gcc 0.6.0 11.96 48.66 60.62 NOTE
r-devel-linux-x86_64-fedora-clang 0.6.0 118.40 NOTE --no-stop-on-test-error
r-devel-linux-x86_64-fedora-gcc 0.6.0 114.08 NOTE --no-stop-on-test-error
r-devel-macos-x86_64-clang 0.6.0 88.53 NOTE --no-stop-on-test-error
r-devel-windows-ix86+x86_64 0.6.0 40.00 93.00 133.00 NOTE
r-patched-linux-x86_64 0.6.0 10.52 41.40 51.92 NOTE
r-patched-solaris-sparc 0.6.0 551.80 NOTE
r-patched-solaris-x86 0.6.0 105.90 NOTE
r-release-linux-x86_64 0.6.0 10.35 41.70 52.05 NOTE
r-release-osx-x86_64-mavericks 0.6.0 OK
r-release-windows-ix86+x86_64 0.6.0 34.00 89.00 123.00 NOTE
r-oldrel-windows-ix86+x86_64 0.6.0 61.00 115.00 176.00 NOTE

Check Details

Version: 0.6.0
Check: dependencies in R code
Result: NOTE
    Missing or unexported object: ‘rms::reVector’
Flavors: r-devel-linux-x86_64-debian-clang, r-devel-windows-ix86+x86_64, r-patched-linux-x86_64, r-patched-solaris-sparc, r-patched-solaris-x86, r-release-linux-x86_64, r-release-windows-ix86+x86_64, r-oldrel-windows-ix86+x86_64

Version: 0.6.0
Check: package dependencies
Result: NOTE
    Package suggested but not available for checking: ‘rms’
Flavor: r-devel-linux-x86_64-debian-gcc

Version: 0.6.0
Flags: --no-stop-on-test-error
Check: dependencies in R code
Result: NOTE
    Missing or unexported object: ‘rms::reVector’
Flavors: r-devel-linux-x86_64-fedora-clang, r-devel-linux-x86_64-fedora-gcc, r-devel-macos-x86_64-clang

Version: 0.6.0
Check: package dependencies
Result: NOTE
    Package suggested but not available for checking: ‘microbenchmark’
Flavors: r-patched-solaris-sparc, r-patched-solaris-x86