CRAN Package Check Results for Package pander

Last updated on 2018-06-24 16:48:59 CEST.

Flavor Version Tinstall Tcheck Ttotal Status Flags
r-devel-linux-x86_64-debian-clang 0.6.1 23.58 76.05 99.63 ERROR
r-devel-linux-x86_64-debian-gcc 0.6.1 16.92 59.46 76.38 ERROR
r-devel-linux-x86_64-fedora-clang 0.6.1 127.25 OK
r-devel-linux-x86_64-fedora-gcc 0.6.1 118.88 OK
r-devel-windows-ix86+x86_64 0.6.1 74.00 111.00 185.00 OK
r-patched-linux-x86_64 0.6.1 26.48 71.01 97.49 ERROR
r-patched-solaris-x86 0.6.1 147.20 OK
r-release-linux-x86_64 0.6.1 24.41 70.26 94.67 ERROR
r-release-windows-ix86+x86_64 0.6.1 64.00 103.00 167.00 OK
r-release-osx-x86_64 0.6.1 OK
r-oldrel-windows-ix86+x86_64 0.6.1 66.00 132.00 198.00 OK
r-oldrel-osx-x86_64 0.6.1 OK

Check Details

Version: 0.6.1
Check: examples
Result: ERROR
    Running examples in ‘pander-Ex.R’ failed
    The error most likely occurred in:
    
    > base::assign(".ptime", proc.time(), pos = "CheckExEnv")
    > ### Name: pandoc.title.return
    > ### Title: Create title block
    > ### Aliases: pandoc.title.return pandoc.title
    >
    > ### ** Examples
    >
    > pandoc.title('Tom', 'Render pandoc in R', '2012-05-16')
    % Render pandoc in R
    % Tom
    % 2012-05-16
    > pandoc.title(c('Tom', 'Jerry'), 'Render pandoc in R', '2012-05-16')
    Error in if (author != "") { : the condition has length > 1
    Calls: pandoc.title -> cat -> pandoc.title.return
    Execution halted
Flavors: r-devel-linux-x86_64-debian-clang, r-devel-linux-x86_64-debian-gcc, r-patched-linux-x86_64, r-release-linux-x86_64