CRAN Package Check Results for Package pander

Last updated on 2016-07-23 16:47:00.

Flavor Version Tinstall Tcheck Ttotal Status Flags
r-devel-linux-x86_64-debian-clang 0.6.0 17.36 46.98 64.34 OK
r-devel-linux-x86_64-debian-gcc 0.6.0 15.48 47.05 62.52 OK
r-devel-linux-x86_64-fedora-clang 0.6.0 100.69 OK
r-devel-linux-x86_64-fedora-gcc 0.6.0 89.34 OK
r-devel-osx-x86_64-clang 0.6.0 75.67 OK
r-devel-windows-ix86+x86_64 0.6.0 45.00 80.00 125.00 OK
r-patched-linux-x86_64 0.6.0 10.99 46.33 57.32 OK
r-patched-solaris-sparc 0.6.0 538.90 NOTE
r-patched-solaris-x86 0.6.0 107.00 NOTE
r-release-linux-x86_64 0.6.0 11.07 46.46 57.53 OK
r-release-osx-x86_64-mavericks 0.6.0 OK
r-release-windows-ix86+x86_64 0.6.0 34.00 83.00 117.00 OK
r-oldrel-windows-ix86+x86_64 0.6.0 57.00 97.00 154.00 OK

Check Details

Version: 0.6.0
Check: package dependencies
Result: NOTE
    Package suggested but not available for checking: ‘microbenchmark’
Flavors: r-patched-solaris-sparc, r-patched-solaris-x86

Version: 0.6.0
Check: installed package size
Result: NOTE
     installed size is 6.2Mb
     sub-directories of 1Mb or more:
     libs 4.9Mb
Flavor: r-patched-solaris-sparc