CRAN Package Check Results for Package pander

Last updated on 2017-10-18 23:47:57.

Flavor Version Tinstall Tcheck Ttotal Status Flags
r-devel-linux-x86_64-debian-clang 0.6.1 14.13 55.64 69.77 OK
r-devel-linux-x86_64-debian-gcc 0.6.1 14.69 58.96 73.65 OK
r-devel-linux-x86_64-fedora-clang 0.6.1 138.58 OK
r-devel-linux-x86_64-fedora-gcc 0.6.1 128.86 OK
r-devel-windows-ix86+x86_64 0.6.1 67.00 127.00 194.00 OK
r-patched-linux-x86_64 0.6.1 14.30 53.56 67.86 OK
r-patched-solaris-x86 0.6.1 151.20 NOTE
r-release-linux-x86_64 0.6.1 14.35 54.31 68.66 OK
r-release-windows-ix86+x86_64 0.6.1 67.00 145.00 212.00 OK
r-release-osx-x86_64 0.6.1 OK
r-oldrel-windows-ix86+x86_64 0.6.1 61.00 106.00 167.00 OK
r-oldrel-osx-x86_64 0.6.1 OK

Check Details

Version: 0.6.1
Check: package dependencies
Result: NOTE
    Package suggested but not available for checking: ‘microbenchmark’
Flavor: r-patched-solaris-x86