CRAN Package Check Results for Package pander

Last updated on 2016-02-13 15:47:24.

Flavor Version Tinstall Tcheck Ttotal Status Flags
r-devel-linux-x86_64-debian-gcc 0.6.0 10.17 38.48 48.65 OK
r-devel-linux-x86_64-fedora-clang 0.6.0 89.66 WARN
r-devel-linux-x86_64-fedora-gcc 0.6.0 80.72 WARN
r-devel-osx-x86_64-clang 0.6.0 98.67 OK
r-devel-windows-ix86+x86_64 0.6.0 49.00 72.00 121.00 OK
r-patched-linux-x86_64 0.6.0 10.33 40.13 50.47 OK
r-patched-solaris-sparc 0.6.0 537.90 NOTE
r-patched-solaris-x86 0.6.0 116.60 NOTE
r-release-linux-x86_64 0.6.0 10.13 40.10 50.24 OK
r-release-osx-x86_64-mavericks 0.6.0 OK
r-release-windows-ix86+x86_64 0.6.0 55.00 77.00 132.00 OK
r-oldrel-windows-ix86+x86_64 0.6.0 58.00 151.00 209.00 OK

Check Details

Version: 0.6.0
Check: re-building of vignette outputs
Result: WARN
    Error in re-building vignettes:
     ...
    Fetching https://raw.githubusercontent.com/Rapporter/pander/gh-pages/plots/evals-mtcars.jpeg...
    pandoc: Could not fetch https://raw.githubusercontent.com/Rapporter/pander/gh-pages/plots/evals-mtcars.jpeg
    user error (https not supported)
    Error: processing vignette 'evals.Rmd' failed with diagnostics:
    pandoc document conversion failed with error 67
    Execution halted
Flavors: r-devel-linux-x86_64-fedora-clang, r-devel-linux-x86_64-fedora-gcc

Version: 0.6.0
Check: package dependencies
Result: NOTE
    Package suggested but not available for checking: ‘microbenchmark’
Flavors: r-patched-solaris-sparc, r-patched-solaris-x86