CRAN Package Check Results for Package pander

Last updated on 2014-04-20 09:48:19.

Flavor Version Tinstall Tcheck Ttotal Status Flags
r-devel-linux-x86_64-debian-clang 0.3.8 1.28 24.20 25.48 OK
r-devel-linux-x86_64-debian-gcc 0.3.8 1.24 24.22 25.46 OK
r-devel-linux-x86_64-fedora-clang 0.3.8 50.73 OK
r-devel-linux-x86_64-fedora-gcc 0.3.8 46.64 OK
r-devel-macosx-x86_64-clang 0.3.8 48.22 OK
r-devel-macosx-x86_64-gcc 0.3.8 NOTE
r-devel-windows-ix86+x86_64 0.3.8 4.00 36.00 40.00 OK
r-patched-linux-x86_64 0.3.8 1.24 24.16 25.40 OK
r-patched-solaris-sparc 0.3.8 271.80 OK
r-patched-solaris-x86 0.3.8 64.00 OK
r-release-linux-ix86 OK
r-release-linux-x86_64 0.3.8 1.34 23.74 25.09 OK
r-release-macosx-x86_64 0.3.8 WARN
r-release-windows-ix86+x86_64 0.3.8 6.00 38.00 44.00 OK
r-oldrel-windows-ix86+x86_64 0.3.8 5.00 36.00 41.00 OK

Check Details

Version: 0.3.8
Check: package dependencies
Result: NOTE
    Package suggested but not available for checking: ‘ggplot2’
Flavor: r-devel-macosx-x86_64-gcc

Version: 0.3.8
Check: examples
Result: WARNING
    checking a package with encoding 'UTF-8' in an ASCII locale
    
     OK
Flavor: r-release-macosx-x86_64