CRAN Package Check Results for Package pander

Last updated on 2017-02-20 13:51:04.

Flavor Version Tinstall Tcheck Ttotal Status Flags
r-devel-linux-x86_64-debian-clang 0.6.0 12.38 47.90 60.28 NOTE
r-devel-linux-x86_64-debian-gcc 0.6.0 11.79 48.75 60.54 NOTE
r-devel-linux-x86_64-fedora-clang 0.6.0 114.26 NOTE --no-stop-on-test-error
r-devel-linux-x86_64-fedora-gcc 0.6.0 108.35 NOTE --no-stop-on-test-error
r-devel-macos-x86_64-clang 0.6.0 86.70 NOTE --no-stop-on-test-error
r-devel-windows-ix86+x86_64 0.6.0 46.00 135.00 181.00 NOTE
r-patched-linux-x86_64 0.6.0 10.19 41.30 51.49 NOTE
r-patched-solaris-sparc 0.6.0 540.20 NOTE
r-patched-solaris-x86 0.6.0 111.70 NOTE
r-release-linux-x86_64 0.6.0 10.40 40.59 50.99 NOTE
r-release-osx-x86_64-mavericks 0.6.0 OK
r-release-windows-ix86+x86_64 0.6.0 40.00 83.00 123.00 NOTE
r-oldrel-windows-ix86+x86_64 0.6.0 45.00 100.00 145.00 NOTE

Check Details

Version: 0.6.0
Check: dependencies in R code
Result: NOTE
    Missing or unexported object: ‘rms::reVector’
Flavors: r-devel-linux-x86_64-debian-clang, r-devel-linux-x86_64-debian-gcc, r-devel-windows-ix86+x86_64, r-patched-linux-x86_64, r-patched-solaris-sparc, r-patched-solaris-x86, r-release-linux-x86_64, r-release-windows-ix86+x86_64, r-oldrel-windows-ix86+x86_64

Version: 0.6.0
Check: compiled code
Result: NOTE
    File ‘pander/libs/pander.so’:
     Found no calls to: ‘R_registerRoutines’, ‘R_useDynamicSymbols’
    
    It is good practice to register native routines and to disable symbol
    search.
    
    See ‘Writing portable packages’ in the ‘Writing R Extensions’ manual.
Flavors: r-devel-linux-x86_64-debian-clang, r-devel-linux-x86_64-debian-gcc

Version: 0.6.0
Flags: --no-stop-on-test-error
Check: dependencies in R code
Result: NOTE
    Missing or unexported object: ‘rms::reVector’
Flavors: r-devel-linux-x86_64-fedora-clang, r-devel-linux-x86_64-fedora-gcc, r-devel-macos-x86_64-clang

Version: 0.6.0
Flags: --no-stop-on-test-error
Check: compiled code
Result: NOTE
    File ‘pander/libs/pander.so’:
     Found no calls to: ‘R_registerRoutines’, ‘R_useDynamicSymbols’
    
    It is good practice to register native routines and to disable symbol
    search.
    
    See ‘Writing portable packages’ in the ‘Writing R Extensions’ manual.
Flavors: r-devel-linux-x86_64-fedora-clang, r-devel-linux-x86_64-fedora-gcc, r-devel-macos-x86_64-clang

Version: 0.6.0
Check: package dependencies
Result: NOTE
    Package suggested but not available for checking: ‘microbenchmark’
Flavors: r-patched-solaris-sparc, r-patched-solaris-x86