CRAN Package Check Results for Package pander

Last updated on 2016-08-27 21:46:52.

Flavor Version Tinstall Tcheck Ttotal Status Flags
r-devel-linux-x86_64-debian-clang 0.6.0 11.98 42.01 53.99 OK
r-devel-linux-x86_64-debian-gcc 0.6.0 11.17 40.11 51.28 OK
r-devel-linux-x86_64-fedora-clang 0.6.0 98.87 OK
r-devel-linux-x86_64-fedora-gcc 0.6.0 89.29 OK
r-devel-osx-x86_64-clang 0.6.0 75.58 OK
r-devel-windows-ix86+x86_64 0.6.0 43.00 80.00 123.00 OK
r-patched-linux-x86_64 0.6.0 9.90 40.93 50.82 OK
r-patched-solaris-sparc 0.6.0 551.50 NOTE
r-patched-solaris-x86 0.6.0 106.10 NOTE
r-release-linux-x86_64 0.6.0 10.70 41.21 51.92 OK
r-release-osx-x86_64-mavericks 0.6.0 OK
r-release-windows-ix86+x86_64 0.6.0 55.00 77.00 132.00 OK
r-oldrel-windows-ix86+x86_64 0.6.0 39.00 95.00 134.00 OK

Check Details

Version: 0.6.0
Check: package dependencies
Result: NOTE
    Package suggested but not available for checking: ‘microbenchmark’
Flavors: r-patched-solaris-sparc, r-patched-solaris-x86