CRAN Package Check Results for Package pander

Last updated on 2015-05-25 19:47:17.

Flavor Version Tinstall Tcheck Ttotal Status Flags
r-devel-linux-x86_64-debian-clang 0.5.2 11.34 26.96 38.31 NOTE
r-devel-linux-x86_64-debian-gcc 0.5.2 12.97 26.00 38.96 NOTE
r-devel-linux-x86_64-fedora-clang 0.5.2 76.82 NOTE
r-devel-linux-x86_64-fedora-gcc 0.5.2 71.27 NOTE
r-devel-osx-x86_64-clang 0.5.2 63.02 NOTE
r-devel-windows-ix86+x86_64 0.5.2 41.00 61.00 102.00 NOTE
r-patched-linux-x86_64 0.5.2 11.12 26.37 37.48 NOTE
r-patched-solaris-sparc 0.5.2 444.30 NOTE
r-patched-solaris-x86 0.5.2 91.50 NOTE
r-release-linux-x86_64 0.5.2 11.03 26.78 37.82 NOTE
r-release-osx-x86_64-mavericks 0.5.2 NOTE
r-release-osx-x86_64-snowleopard 0.5.2 NOTE
r-release-windows-ix86+x86_64 0.5.2 42.00 59.00 101.00 NOTE
r-oldrel-windows-ix86+x86_64 0.5.2 41.00 67.00 108.00 NOTE

Check Details

Version: 0.5.2
Check: S3 generic/method consistency
Result: NOTE
    Found the following apparent S3 methods exported but not registered:
     pander.option pander.return
    See section ‘Registering S3 methods’ in the ‘Writing R Extensions’
    manual.
Flavors: r-devel-linux-x86_64-debian-clang, r-devel-linux-x86_64-debian-gcc, r-devel-linux-x86_64-fedora-clang, r-devel-linux-x86_64-fedora-gcc, r-devel-osx-x86_64-clang, r-patched-linux-x86_64, r-patched-solaris-sparc, r-patched-solaris-x86, r-release-linux-x86_64

Version: 0.5.2
Check: Rd \usage sections
Result: NOTE
    S3 methods shown with full name in documentation object 'pander.option':
     ‘pander.option’
    
    S3 methods shown with full name in documentation object 'pander.return':
     ‘pander.return’
    
    The \usage entries for S3 methods should use the \method markup and not
    their full name.
    See chapter ‘Writing R documentation files’ in the ‘Writing R
    Extensions’ manual.
Flavors: r-devel-linux-x86_64-debian-clang, r-devel-linux-x86_64-debian-gcc, r-devel-linux-x86_64-fedora-clang, r-devel-linux-x86_64-fedora-gcc, r-devel-osx-x86_64-clang, r-devel-windows-ix86+x86_64, r-patched-linux-x86_64, r-patched-solaris-sparc, r-patched-solaris-x86, r-release-linux-x86_64, r-release-osx-x86_64-mavericks, r-release-osx-x86_64-snowleopard, r-release-windows-ix86+x86_64, r-oldrel-windows-ix86+x86_64

Version: 0.5.2
Check: package dependencies
Result: NOTE
    Package suggested but not available for checking: ‘microbenchmark’
Flavor: r-patched-solaris-sparc