CRAN Package Check Results for Package pander

Last updated on 2017-04-29 15:48:11.

Flavor Version Tinstall Tcheck Ttotal Status Flags
r-devel-linux-x86_64-debian-clang 0.6.0 13.17 54.21 67.38 NOTE
r-devel-linux-x86_64-debian-gcc 0.6.0 12.03 53.20 65.23 NOTE
r-devel-linux-x86_64-fedora-clang 0.6.0 138.08 NOTE --no-stop-on-test-error
r-devel-linux-x86_64-fedora-gcc 0.6.0 117.77 NOTE --no-stop-on-test-error
r-devel-windows-ix86+x86_64 0.6.0 59.00 152.00 211.00 NOTE
r-patched-linux-x86_64 0.6.0 10.95 52.48 63.43 NOTE
r-patched-solaris-sparc 0.6.0 667.10 NOTE
r-patched-solaris-x86 0.6.0 141.10 NOTE
r-release-linux-x86_64 0.6.0 10.50 52.31 62.81 NOTE
r-release-windows-ix86+x86_64 0.6.0 64.00 151.00 215.00 NOTE
r-release-osx-x86_64 0.6.0 NOTE
r-oldrel-windows-ix86+x86_64 0.6.0 44.00 126.00 170.00 NOTE
r-oldrel-osx-x86_64 0.6.0 OK

Check Details

Version: 0.6.0
Check: dependencies in R code
Result: NOTE
    Missing or unexported object: ‘rms::reVector’
Flavors: r-devel-linux-x86_64-debian-clang, r-devel-linux-x86_64-debian-gcc, r-devel-windows-ix86+x86_64, r-patched-linux-x86_64, r-patched-solaris-sparc, r-patched-solaris-x86, r-release-linux-x86_64, r-release-windows-ix86+x86_64, r-release-osx-x86_64, r-oldrel-windows-ix86+x86_64

Version: 0.6.0
Check: compiled code
Result: NOTE
    File ‘pander/libs/pander.so’:
     Found no calls to: ‘R_registerRoutines’, ‘R_useDynamicSymbols’
    
    It is good practice to register native routines and to disable symbol
    search.
    
    See ‘Writing portable packages’ in the ‘Writing R Extensions’ manual.
Flavors: r-devel-linux-x86_64-debian-clang, r-devel-linux-x86_64-debian-gcc, r-patched-linux-x86_64, r-release-linux-x86_64

Version: 0.6.0
Flags: --no-stop-on-test-error
Check: dependencies in R code
Result: NOTE
    Missing or unexported object: ‘rms::reVector’
Flavors: r-devel-linux-x86_64-fedora-clang, r-devel-linux-x86_64-fedora-gcc

Version: 0.6.0
Flags: --no-stop-on-test-error
Check: compiled code
Result: NOTE
    File ‘pander/libs/pander.so’:
     Found no calls to: ‘R_registerRoutines’, ‘R_useDynamicSymbols’
    
    It is good practice to register native routines and to disable symbol
    search.
    
    See ‘Writing portable packages’ in the ‘Writing R Extensions’ manual.
Flavors: r-devel-linux-x86_64-fedora-clang, r-devel-linux-x86_64-fedora-gcc

Version: 0.6.0
Check: package dependencies
Result: NOTE
    Package suggested but not available for checking: ‘microbenchmark’
Flavors: r-patched-solaris-sparc, r-patched-solaris-x86