CRAN Package Check Results for Package pander

Last updated on 2016-10-01 20:47:26.

Flavor Version Tinstall Tcheck Ttotal Status Flags
r-devel-linux-x86_64-debian-clang 0.6.0 12.16 42.99 55.16 OK
r-devel-linux-x86_64-debian-gcc 0.6.0 11.75 41.41 53.16 OK
r-devel-linux-x86_64-fedora-clang 0.6.0 101.00 OK
r-devel-linux-x86_64-fedora-gcc 0.6.0 93.66 OK
r-devel-macos-x86_64-clang 0.6.0 73.29 OK
r-devel-windows-ix86+x86_64 0.6.0 41.00 104.00 145.00 OK
r-patched-linux-x86_64 0.6.0 10.44 41.71 52.15 OK
r-patched-solaris-sparc 0.6.0 551.50 NOTE
r-patched-solaris-x86 0.6.0 104.90 NOTE
r-release-linux-x86_64 0.6.0 10.55 41.42 51.97 OK
r-release-osx-x86_64-mavericks 0.6.0 OK
r-release-windows-ix86+x86_64 0.6.0 41.00 81.00 122.00 OK
r-oldrel-windows-ix86+x86_64 0.6.0 33.00 94.00 127.00 OK

Check Details

Version: 0.6.0
Check: package dependencies
Result: NOTE
    Package suggested but not available for checking: ‘microbenchmark’
Flavors: r-patched-solaris-sparc, r-patched-solaris-x86