CRAN Package Check Results for Package pander

Last updated on 2015-02-01 08:48:26.

Flavor Version Tinstall Tcheck Ttotal Status Flags
r-devel-linux-x86_64-debian-clang 0.5.1 9.52 25.32 34.84 NOTE
r-devel-linux-x86_64-debian-gcc 0.5.1 10.05 24.33 34.38 NOTE
r-devel-linux-x86_64-fedora-clang 0.5.1 79.82 NOTE
r-devel-linux-x86_64-fedora-gcc 0.5.1 67.70 NOTE
r-devel-osx-x86_64-clang 0.5.1 67.78 NOTE
r-devel-windows-ix86+x86_64 0.5.1 51.00 56.00 107.00 OK
r-patched-linux-x86_64 0.5.1 10.67 29.01 39.68 OK
r-patched-solaris-sparc 0.5.1 438.40 NOTE
r-patched-solaris-x86 0.5.1 96.70 OK
r-release-linux-ix86 0.5.1 12.48 35.58 48.06 OK
r-release-linux-x86_64 0.5.1 10.26 28.08 38.35 OK
r-release-osx-x86_64-mavericks 0.5.1 OK
r-release-osx-x86_64-snowleopard 0.5.1 OK
r-release-windows-ix86+x86_64 0.5.1 38.00 62.00 100.00 OK
r-oldrel-windows-ix86+x86_64 0.5.1 36.00 69.00 105.00 OK

Check Details

Version: 0.5.1
Check: S3 generic/method consistency
Result: NOTE
    Found the following apparent S3 methods exported but not registered:
     pander.option pander.return
    See section ‘Registering S3 methods’ in the ‘Writing R Extensions’
    manual.
Flavors: r-devel-linux-x86_64-debian-clang, r-devel-linux-x86_64-debian-gcc, r-devel-linux-x86_64-fedora-clang, r-devel-linux-x86_64-fedora-gcc, r-devel-osx-x86_64-clang

Version: 0.5.1
Check: package dependencies
Result: NOTE
    Package suggested but not available for checking: ‘microbenchmark’
Flavor: r-patched-solaris-sparc