CRAN Package Check Results for Package pander

Last updated on 2015-04-21 12:48:49.

Flavor Version Tinstall Tcheck Ttotal Status Flags
r-devel-linux-x86_64-debian-clang 0.5.1 10.16 26.18 36.34 NOTE
r-devel-linux-x86_64-debian-gcc 0.5.1 10.76 25.37 36.14 NOTE
r-devel-linux-x86_64-fedora-clang 0.5.1 73.80 NOTE
r-devel-linux-x86_64-fedora-gcc 0.5.1 66.37 NOTE
r-devel-osx-x86_64-clang 0.5.1 62.73 NOTE
r-devel-windows-ix86+x86_64 0.5.1 53.00 73.00 126.00 OK
r-patched-linux-x86_64 0.5.1 10.40 25.18 35.59 NOTE
r-patched-solaris-sparc 0.5.1 430.40 NOTE
r-patched-solaris-x86 0.5.1 84.20 OK
r-release-linux-x86_64 0.5.1 11.28 25.12 36.41 NOTE
r-release-osx-x86_64-mavericks 0.5.1 OK
r-release-osx-x86_64-snowleopard 0.5.1 NOTE
r-release-windows-ix86+x86_64 0.5.1 27.00 50.00 77.00 OK
r-oldrel-windows-ix86+x86_64 0.5.1 30.00 60.00 90.00 OK

Check Details

Version: 0.5.1
Check: S3 generic/method consistency
Result: NOTE
    Found the following apparent S3 methods exported but not registered:
     pander.option pander.return
    See section ‘Registering S3 methods’ in the ‘Writing R Extensions’
    manual.
Flavors: r-devel-linux-x86_64-debian-clang, r-devel-linux-x86_64-debian-gcc, r-devel-linux-x86_64-fedora-clang, r-devel-linux-x86_64-fedora-gcc, r-devel-osx-x86_64-clang, r-patched-linux-x86_64, r-release-linux-x86_64

Version: 0.5.1
Check: package dependencies
Result: NOTE
    Package suggested but not available for checking: ‘microbenchmark’
Flavor: r-patched-solaris-sparc

Version: 0.5.1
Check: package dependencies
Result: NOTE
    Packages suggested but not available for checking:
     ‘ggplot2’ ‘microbenchmark’ ‘zoo’ ‘knitr’
Flavor: r-release-osx-x86_64-snowleopard