CRAN Package Check Results for Package parallelMap

Last updated on 2015-08-29 13:48:18.

Flavor Version Tinstall Tcheck Ttotal Status Flags
r-devel-linux-x86_64-debian-clang 1.3 0.96 19.58 20.54 NOTE
r-devel-linux-x86_64-debian-gcc 1.3 1.35 20.94 22.28 NOTE
r-devel-linux-x86_64-fedora-clang 1.3 33.53 NOTE
r-devel-linux-x86_64-fedora-gcc 1.3 34.25 NOTE
r-devel-osx-x86_64-clang 1.3 36.14 OK
r-devel-windows-ix86+x86_64 1.3 5.00 45.00 50.00 NOTE
r-patched-linux-x86_64 1.3 0.98 20.44 21.42 OK
r-patched-solaris-sparc 1.3 240.90 OK
r-patched-solaris-x86 1.3 64.50 OK
r-release-linux-x86_64 1.3 1.00 20.90 21.90 OK
r-release-osx-x86_64-mavericks 1.3 NOTE
r-release-windows-ix86+x86_64 1.3 5.00 62.00 67.00 OK
r-oldrel-windows-ix86+x86_64 1.3 6.00 42.00 48.00 OK

Check Details

Version: 1.3
Check: R code for possible problems
Result: NOTE
    parallelExport: no visible global function definition for ‘setNames’
    parallelGetOptions: no visible global function definition for
     ‘setNames’
    parallelStop: no visible global function definition for
     ‘getFromNamespace’
    stopWithJobErrorMessages: no visible global function definition for
     ‘head’
    Undefined global functions or variables:
     getFromNamespace head setNames
    Consider adding
     importFrom("stats", "setNames")
     importFrom("utils", "getFromNamespace", "head")
    to your NAMESPACE.
Flavors: r-devel-linux-x86_64-debian-clang, r-devel-linux-x86_64-debian-gcc, r-devel-linux-x86_64-fedora-clang, r-devel-linux-x86_64-fedora-gcc, r-devel-windows-ix86+x86_64

Version: 1.3
Check: package dependencies
Result: NOTE
    Package suggested but not available for checking: ‘Rmpi’
Flavor: r-release-osx-x86_64-mavericks

Version: 1.3
Check: Rd cross-references
Result: NOTE
    Package unavailable to check Rd xrefs: ‘Rmpi’
Flavor: r-release-osx-x86_64-mavericks