CRAN Package Check Results for Package parallelMap

Last updated on 2016-05-02 08:51:02.

Flavor Version Tinstall Tcheck Ttotal Status Flags
r-devel-linux-x86_64-debian-gcc 1.3 1.01 22.28 23.29 NOTE
r-devel-linux-x86_64-fedora-clang 1.3 32.64 NOTE
r-devel-linux-x86_64-fedora-gcc 1.3 30.50 NOTE
r-devel-osx-x86_64-clang 1.3 41.00 NOTE
r-devel-windows-ix86+x86_64 1.3 3.00 44.00 47.00 NOTE
r-patched-linux-x86_64 1.3 0.98 20.64 21.62 NOTE
r-patched-solaris-sparc 1.3 207.40 NOTE
r-patched-solaris-x86 1.3 49.70 NOTE
r-release-linux-x86_64 1.3 1.13 21.48 22.62 OK
r-release-osx-x86_64-mavericks 1.3 NOTE
r-release-windows-ix86+x86_64 1.3 5.00 52.00 57.00 OK
r-oldrel-windows-ix86+x86_64 1.3 7.00 64.00 71.00 OK

Check Details

Version: 1.3
Check: R code for possible problems
Result: NOTE
    parallelExport: no visible global function definition for ‘setNames’
    parallelGetOptions: no visible global function definition for
     ‘setNames’
    parallelStop: no visible global function definition for
     ‘getFromNamespace’
    stopWithJobErrorMessages: no visible global function definition for
     ‘head’
    Undefined global functions or variables:
     getFromNamespace head setNames
    Consider adding
     importFrom("stats", "setNames")
     importFrom("utils", "getFromNamespace", "head")
    to your NAMESPACE file.
Flavors: r-devel-linux-x86_64-debian-gcc, r-devel-linux-x86_64-fedora-clang, r-devel-linux-x86_64-fedora-gcc, r-devel-osx-x86_64-clang, r-devel-windows-ix86+x86_64, r-patched-linux-x86_64, r-patched-solaris-sparc, r-patched-solaris-x86

Version: 1.3
Check: package dependencies
Result: NOTE
    Package suggested but not available for checking: ‘Rmpi’
Flavor: r-release-osx-x86_64-mavericks

Version: 1.3
Check: Rd cross-references
Result: NOTE
    Package unavailable to check Rd xrefs: ‘Rmpi’
Flavor: r-release-osx-x86_64-mavericks