CRAN Package Check Results for Package parallelMap

Last updated on 2015-05-27 06:46:53.

Flavor Version Tinstall Tcheck Ttotal Status Flags
r-devel-linux-x86_64-debian-clang 1.2 1.02 22.23 23.26 OK
r-devel-linux-x86_64-debian-gcc 1.2 1.08 21.04 22.11 OK
r-devel-linux-x86_64-fedora-clang 1.2 34.46 OK
r-devel-linux-x86_64-fedora-gcc 1.2 33.57 OK
r-devel-osx-x86_64-clang 1.2 39.68 OK
r-devel-windows-ix86+x86_64 1.2 4.00 35.00 39.00 OK
r-patched-linux-x86_64 1.2 1.00 20.42 21.42 OK
r-patched-solaris-sparc 1.2 234.10 OK
r-patched-solaris-x86 1.2 59.70 OK
r-release-linux-x86_64 1.2 1.06 20.58 21.64 OK
r-release-osx-x86_64-mavericks 1.2 NOTE
r-release-osx-x86_64-snowleopard 1.2 NOTE
r-release-windows-ix86+x86_64 1.2 4.00 34.00 38.00 OK
r-oldrel-windows-ix86+x86_64 1.2 4.00 38.00 42.00 OK

Check Details

Version: 1.2
Check: package dependencies
Result: NOTE
    Package suggested but not available for checking: ‘Rmpi’
Flavors: r-release-osx-x86_64-mavericks, r-release-osx-x86_64-snowleopard

Version: 1.2
Check: Rd cross-references
Result: NOTE
    Package unavailable to check Rd xrefs: ‘Rmpi’
Flavors: r-release-osx-x86_64-mavericks, r-release-osx-x86_64-snowleopard