CRAN Package Check Results for Package parallelMap

Last updated on 2015-03-29 00:48:22.

Flavor Version Tinstall Tcheck Ttotal Status Flags
r-devel-linux-x86_64-debian-clang 1.2 1.02 20.03 21.05 OK
r-devel-linux-x86_64-debian-gcc 1.2 1.00 22.17 23.16 OK
r-devel-linux-x86_64-fedora-clang 1.2 35.60 OK
r-devel-linux-x86_64-fedora-gcc 1.2 38.23 OK
r-devel-osx-x86_64-clang 1.2 43.43 OK
r-prerel-windows-ix86+x86_64 1.2 4.00 34.00 38.00 OK
r-prerel-linux-x86_64 1.2 1.56 20.28 21.84 OK
r-prerel-solaris-sparc 1.2 250.30 OK
r-prerel-solaris-x86 1.2 56.30 OK
r-release-linux-x86_64 1.2 1.32 23.06 24.38 OK
r-release-osx-x86_64-mavericks 1.2 NOTE
r-release-osx-x86_64-snowleopard 1.2 OK
r-release-windows-ix86+x86_64 1.2 3.00 37.00 40.00 OK
r-oldrel-windows-ix86+x86_64 1.2 4.00 62.00 66.00 OK

Check Details

Version: 1.2
Check: package dependencies
Result: NOTE
    Package suggested but not available for checking: ‘Rmpi’
Flavor: r-release-osx-x86_64-mavericks

Version: 1.2
Check: Rd cross-references
Result: NOTE
    Package unavailable to check Rd xrefs: ‘Rmpi’
Flavor: r-release-osx-x86_64-mavericks