CRAN Package Check Results for Package parallelMap

Last updated on 2016-09-28 08:57:49.

Flavor Version Tinstall Tcheck Ttotal Status Flags
r-devel-linux-x86_64-debian-clang 1.3 1.15 22.08 23.24 NOTE
r-devel-linux-x86_64-debian-gcc 1.3 1.16 22.88 24.04 NOTE
r-devel-linux-x86_64-fedora-clang 1.3 33.42 NOTE
r-devel-linux-x86_64-fedora-gcc 1.3 32.52 NOTE
r-devel-macos-x86_64-clang 1.3 28.06 NOTE
r-devel-windows-ix86+x86_64 1.3 3.00 63.00 66.00 NOTE
r-patched-linux-x86_64 1.3 1.03 22.06 23.10 NOTE
r-patched-solaris-sparc 1.3 207.20 NOTE
r-patched-solaris-x86 1.3 51.10 NOTE
r-release-linux-x86_64 1.3 1.10 22.64 23.73 NOTE
r-release-osx-x86_64-mavericks 1.3 NOTE
r-release-windows-ix86+x86_64 1.3 5.00 42.00 47.00 NOTE
r-oldrel-windows-ix86+x86_64 1.3 7.00 64.00 71.00 OK

Check Details

Version: 1.3
Check: R code for possible problems
Result: NOTE
    parallelExport: no visible global function definition for ‘setNames’
    parallelGetOptions: no visible global function definition for
     ‘setNames’
    parallelStop: no visible global function definition for
     ‘getFromNamespace’
    stopWithJobErrorMessages: no visible global function definition for
     ‘head’
    Undefined global functions or variables:
     getFromNamespace head setNames
    Consider adding
     importFrom("stats", "setNames")
     importFrom("utils", "getFromNamespace", "head")
    to your NAMESPACE file.
Flavors: r-devel-linux-x86_64-debian-clang, r-devel-linux-x86_64-debian-gcc, r-devel-linux-x86_64-fedora-clang, r-devel-linux-x86_64-fedora-gcc, r-devel-macos-x86_64-clang, r-devel-windows-ix86+x86_64, r-patched-linux-x86_64, r-patched-solaris-sparc, r-patched-solaris-x86, r-release-linux-x86_64, r-release-osx-x86_64-mavericks, r-release-windows-ix86+x86_64

Version: 1.3
Check: package dependencies
Result: NOTE
    Package suggested but not available for checking: ‘Rmpi’
Flavor: r-release-osx-x86_64-mavericks

Version: 1.3
Check: Rd cross-references
Result: NOTE
    Package unavailable to check Rd xrefs: ‘Rmpi’
Flavor: r-release-osx-x86_64-mavericks