CRAN Package Check Results for Package parallelMap

Last updated on 2018-01-17 17:49:34 CET.

Flavor Version Tinstall Tcheck Ttotal Status Flags
r-devel-linux-x86_64-debian-clang 1.3 1.88 40.34 42.22 NOTE
r-devel-linux-x86_64-debian-gcc 1.3 1.05 30.63 31.68 NOTE
r-devel-linux-x86_64-fedora-clang 1.3 44.68 NOTE
r-devel-linux-x86_64-fedora-gcc 1.3 43.39 NOTE
r-devel-windows-ix86+x86_64 1.3 6.00 52.00 58.00 NOTE
r-patched-linux-x86_64 1.3 1.62 36.67 38.29 NOTE
r-patched-solaris-x86 1.3 75.60 NOTE
r-release-linux-x86_64 1.3 1.73 35.92 37.65 NOTE
r-release-windows-ix86+x86_64 1.3 4.00 49.00 53.00 NOTE
r-release-osx-x86_64 1.3 NOTE
r-oldrel-windows-ix86+x86_64 1.3 6.00 73.00 79.00 NOTE
r-oldrel-osx-x86_64 1.3 NOTE

Check Details

Version: 1.3
Check: R code for possible problems
Result: NOTE
    parallelExport: no visible global function definition for ‘setNames’
    parallelGetOptions: no visible global function definition for
     ‘setNames’
    parallelStop: no visible global function definition for
     ‘getFromNamespace’
    stopWithJobErrorMessages: no visible global function definition for
     ‘head’
    Undefined global functions or variables:
     getFromNamespace head setNames
    Consider adding
     importFrom("stats", "setNames")
     importFrom("utils", "getFromNamespace", "head")
    to your NAMESPACE file.
Flavors: r-devel-linux-x86_64-debian-clang, r-devel-linux-x86_64-debian-gcc, r-devel-linux-x86_64-fedora-clang, r-devel-linux-x86_64-fedora-gcc, r-devel-windows-ix86+x86_64, r-patched-linux-x86_64, r-patched-solaris-x86, r-release-linux-x86_64, r-release-windows-ix86+x86_64, r-release-osx-x86_64, r-oldrel-windows-ix86+x86_64, r-oldrel-osx-x86_64

Version: 1.3
Check: package dependencies
Result: NOTE
    Package suggested but not available for checking: ‘Rmpi’
Flavors: r-release-osx-x86_64, r-oldrel-osx-x86_64

Version: 1.3
Check: Rd cross-references
Result: NOTE
    Package unavailable to check Rd xrefs: ‘Rmpi’
Flavors: r-release-osx-x86_64, r-oldrel-osx-x86_64