CRAN Package Check Results for Package parallelMap

Last updated on 2014-11-28 12:46:53.

Flavor Version Tinstall Tcheck Ttotal Status Flags
r-devel-linux-x86_64-debian-clang 1.1 1.65 16.61 18.26 NOTE
r-devel-linux-x86_64-debian-gcc 1.1 1.27 15.70 16.97 NOTE
r-devel-linux-x86_64-fedora-clang 1.1 28.56 NOTE
r-devel-linux-x86_64-fedora-gcc 1.1 28.53 NOTE
r-devel-osx-x86_64-clang 1.1 34.20 NOTE
r-devel-windows-ix86+x86_64 1.1 3.00 26.00 29.00 NOTE
r-patched-linux-x86_64 1.1 1.63 16.34 17.97 NOTE
r-patched-solaris-sparc 1.1 210.90 NOTE
r-patched-solaris-x86 1.1 48.60 NOTE
r-release-linux-ix86 1.1 1.56 23.06 24.62 NOTE
r-release-linux-x86_64 1.1 1.36 16.36 17.72 NOTE
r-release-osx-x86_64-mavericks 1.1 NOTE
r-release-osx-x86_64-snowleopard 1.1 OK
r-release-windows-ix86+x86_64 1.1 3.00 26.00 29.00 NOTE
r-oldrel-windows-ix86+x86_64 1.1 3.00 25.00 28.00 OK

Check Details

Version: 1.1
Check: R code for possible problems
Result: NOTE
    exportToSlavePkgParallel: no visible global function definition for
     ‘clusterCall’
    mcmapply_fixed: no visible global function definition for ‘mclapply’
    parallelLibrary: no visible global function definition for
     ‘clusterEvalQ’
    parallelMap: no visible global function definition for ‘clusterMap’
    parallelMap: no visible global function definition for ‘makeRegistry’
    parallelMap: no visible global function definition for ‘batchMap’
    parallelMap: no visible global function definition for ‘submitJobs’
    parallelMap: no visible global function definition for ‘waitForJobs’
    parallelMap: no visible global function definition for ‘findTerminated’
    parallelMap: no visible global function definition for ‘getLogFiles’
    parallelMap: no visible global function definition for ‘getJobIds’
    parallelMap: no visible global function definition for ‘findErrors’
    parallelMap: no visible global function definition for ‘findExpired’
    parallelMap: no visible global function definition for ‘findDone’
    parallelMap: no visible global function definition for ‘findOnSystem’
    parallelMap: no visible global function definition for ‘killJobs’
    parallelMap: no visible global function definition for ‘loadResults’
    parallelSource: no visible global function definition for
     ‘clusterEvalQ’
    parallelStart: no visible global function definition for
     ‘makePSOCKcluster’
    parallelStart: no visible global function definition for
     ‘setDefaultCluster’
    parallelStart: no visible global function definition for
     ‘clusterSetRNGStream’
    parallelStop: no visible global function definition for ‘stopCluster’
    parallelStop: no visible global function definition for
     ‘setDefaultCluster’
Flavors: r-devel-linux-x86_64-debian-clang, r-devel-linux-x86_64-debian-gcc, r-devel-linux-x86_64-fedora-clang, r-devel-linux-x86_64-fedora-gcc, r-devel-osx-x86_64-clang, r-devel-windows-ix86+x86_64, r-patched-linux-x86_64, r-patched-solaris-sparc, r-patched-solaris-x86, r-release-linux-ix86, r-release-linux-x86_64, r-release-windows-ix86+x86_64

Version: 1.1
Check: package dependencies
Result: NOTE
    Package suggested but not available for checking: ‘Rmpi’
Flavor: r-release-osx-x86_64-mavericks

Version: 1.1
Check: Rd cross-references
Result: NOTE
    Package unavailable to check Rd xrefs: ‘Rmpi’
Flavor: r-release-osx-x86_64-mavericks