CRAN Package Check Results for Package parallelMap

Last updated on 2014-04-25 09:52:19.

Flavor Version Tinstall Tcheck Ttotal Status Flags
r-devel-linux-x86_64-debian-clang 1.0-83 0.99 17.28 18.27 OK
r-devel-linux-x86_64-debian-gcc 1.0-83 1.00 17.32 18.33 OK
r-devel-linux-x86_64-fedora-clang 1.0-83 29.76 OK
r-devel-linux-x86_64-fedora-gcc 1.0-83 28.48 OK
r-devel-osx-x86_64-clang 1.0-83 34.90 OK
r-devel-osx-x86_64-gcc 1.0-83 NOTE
r-devel-windows-ix86+x86_64 1.0-83 3.00 26.00 29.00 NOTE
r-patched-linux-x86_64 1.0-83 0.98 17.60 18.58 OK
r-patched-solaris-sparc 1.0-83 186.20 OK
r-patched-solaris-x86 1.0-83 48.90 OK
r-release-linux-ix86 1.0-83 2.00 33.00 35.00 OK
r-release-linux-x86_64 1.0-83 0.96 17.06 18.02 OK
r-release-osx-x86_64-mavericks 1.0-83 WARN
r-release-osx-x86_64-snowleopard 1.0-83 OK
r-release-windows-ix86+x86_64 1.0-83 3.00 26.00 29.00 NOTE
r-oldrel-windows-ix86+x86_64 1.0-83 3.00 25.00 28.00 NOTE

Check Details

Version: 1.0-83
Check: package dependencies
Result: NOTE
    Package suggested but not available for checking: ‘Rmpi’
Flavors: r-devel-osx-x86_64-gcc, r-release-osx-x86_64-mavericks

Version: 1.0-83
Check: Rd cross-references
Result: NOTE
    Package unavailable to check Rd xrefs: ‘Rmpi’
Flavors: r-devel-osx-x86_64-gcc, r-release-osx-x86_64-mavericks

Version: 1.0-83
Check: R code for possible problems
Result: NOTE
    Error : .onLoad failed in loadNamespace() for 'Rmpi', details:
     call: inDL(x, as.logical(local), as.logical(now), ...)
     error: unable to load shared object 'd:/RCompile/CRANpkg/lib/3.2/Rmpi/libs/x64/Rmpi.dll':
     LoadLibrary failure: Das angegebene Modul wurde nicht gefunden.
Flavor: r-devel-windows-ix86+x86_64

Version: 1.0-83
Check: PDF version of manual
Result: WARNING
    LaTeX errors when creating PDF version.
    This typically indicates Rd problems.
    LaTeX errors found:
    ! LaTeX Error: File `upquote.sty' not found.
    
    Type X to quit or <RETURN> to proceed,
    or enter new name. (Default extension: sty)
    
    703fc4e6/Rd2.tex:8: ==> Fatal error occurred, no output PDF file produced!
Flavor: r-release-osx-x86_64-mavericks

Version: 1.0-83
Check: R code for possible problems
Result: NOTE
    Error : .onLoad failed in loadNamespace() for 'Rmpi', details:
     call: inDL(x, as.logical(local), as.logical(now), ...)
     error: unable to load shared object 'd:/RCompile/CRANpkg/lib/3.1/Rmpi/libs/x64/Rmpi.dll':
     LoadLibrary failure: Das angegebene Modul wurde nicht gefunden.
Flavor: r-release-windows-ix86+x86_64

Version: 1.0-83
Check: R code for possible problems
Result: NOTE
    Error : .onLoad failed in loadNamespace() for 'Rmpi', details:
     call: inDL(x, as.logical(local), as.logical(now), ...)
     error: unable to load shared object 'd:/RCompile/CRANpkg/lib/3.0/Rmpi/libs/i386/Rmpi.dll':
     LoadLibrary failure: Das angegebene Modul wurde nicht gefunden.
Flavor: r-oldrel-windows-ix86+x86_64