CRAN Package Check Results for Package parallelMap

Last updated on 2014-10-26 07:50:07.

Flavor Version Tinstall Tcheck Ttotal Status Flags
r-devel-linux-x86_64-debian-clang 1.1 1.18 16.74 17.92 NOTE
r-devel-linux-x86_64-debian-gcc 1.1 1.19 15.93 17.12 NOTE
r-devel-linux-x86_64-fedora-clang 1.1 27.43 NOTE
r-devel-linux-x86_64-fedora-gcc 1.1 25.48 NOTE
r-devel-osx-x86_64-clang 1.1 34.29 NOTE
r-devel-windows-ix86+x86_64 1.1 4.00 24.00 28.00 NOTE
r-patched-linux-x86_64 1.1 1.28 16.67 17.95 NOTE
r-patched-solaris-sparc 1.1 210.90 NOTE
r-patched-solaris-x86 1.1 47.60 NOTE
r-release-linux-ix86 1.1 1.60 24.54 26.13 OK
r-release-linux-x86_64 1.1 1.22 16.52 17.74 OK
r-release-osx-x86_64-mavericks 1.1 NOTE
r-release-osx-x86_64-snowleopard 1.1 OK
r-release-windows-ix86+x86_64 1.1 4.00 27.00 31.00 OK
r-oldrel-windows-ix86+x86_64 1.1 3.00 25.00 28.00 OK

Check Details

Version: 1.1
Check: R code for possible problems
Result: NOTE
    exportToSlavePkgParallel: no visible global function definition for
     ‘clusterCall’
    mcmapply_fixed: no visible global function definition for ‘mclapply’
    parallelLibrary: no visible global function definition for
     ‘clusterEvalQ’
    parallelMap: no visible global function definition for ‘clusterMap’
    parallelMap: no visible global function definition for ‘makeRegistry’
    parallelMap: no visible global function definition for ‘batchMap’
    parallelMap: no visible global function definition for ‘submitJobs’
    parallelMap: no visible global function definition for ‘waitForJobs’
    parallelMap: no visible global function definition for ‘findTerminated’
    parallelMap: no visible global function definition for ‘getLogFiles’
    parallelMap: no visible global function definition for ‘getJobIds’
    parallelMap: no visible global function definition for ‘findErrors’
    parallelMap: no visible global function definition for ‘findExpired’
    parallelMap: no visible global function definition for ‘findDone’
    parallelMap: no visible global function definition for ‘findOnSystem’
    parallelMap: no visible global function definition for ‘killJobs’
    parallelMap: no visible global function definition for ‘loadResults’
    parallelSource: no visible global function definition for
     ‘clusterEvalQ’
    parallelStart: no visible global function definition for
     ‘makePSOCKcluster’
    parallelStart: no visible global function definition for
     ‘setDefaultCluster’
    parallelStart: no visible global function definition for
     ‘clusterSetRNGStream’
    parallelStop: no visible global function definition for ‘stopCluster’
    parallelStop: no visible global function definition for
     ‘setDefaultCluster’
Flavors: r-devel-linux-x86_64-debian-clang, r-devel-linux-x86_64-debian-gcc, r-devel-linux-x86_64-fedora-clang, r-devel-linux-x86_64-fedora-gcc, r-devel-osx-x86_64-clang, r-devel-windows-ix86+x86_64, r-patched-linux-x86_64, r-patched-solaris-sparc, r-patched-solaris-x86

Version: 1.1
Check: package dependencies
Result: NOTE
    Package suggested but not available for checking: ‘Rmpi’
Flavor: r-release-osx-x86_64-mavericks

Version: 1.1
Check: Rd cross-references
Result: NOTE
    Package unavailable to check Rd xrefs: ‘Rmpi’
Flavor: r-release-osx-x86_64-mavericks