CRAN Package Check Results for Package parallelMap

Last updated on 2015-07-05 17:47:38.

Flavor Version Tinstall Tcheck Ttotal Status Flags
r-devel-linux-x86_64-debian-clang 1.3 0.95 19.83 20.78 NOTE
r-devel-linux-x86_64-debian-gcc 1.3 1.40 20.82 22.22 NOTE
r-devel-linux-x86_64-fedora-clang 1.3 34.41 NOTE
r-devel-linux-x86_64-fedora-gcc 1.3 33.24 NOTE
r-devel-osx-x86_64-clang 1.3 36.30 OK
r-devel-windows-ix86+x86_64 1.3 3.00 50.00 53.00 NOTE
r-patched-linux-x86_64 1.3 0.99 20.46 21.45 OK
r-patched-solaris-sparc 1.3 209.80 OK
r-patched-solaris-x86 1.3 60.90 OK
r-release-linux-x86_64 1.3 0.98 22.50 23.48 OK
r-release-osx-x86_64-mavericks 1.3 NOTE
r-release-windows-ix86+x86_64 1.3 5.00 37.00 42.00 OK
r-oldrel-windows-ix86+x86_64 1.3 7.00 40.00 47.00 OK

Check Details

Version: 1.3
Check: R code for possible problems
Result: NOTE
    parallelExport: no visible global function definition for ‘setNames’
    parallelGetOptions: no visible global function definition for
     ‘setNames’
    parallelStop: no visible global function definition for
     ‘getFromNamespace’
    stopWithJobErrorMessages: no visible global function definition for
     ‘head’
    Undefined global functions or variables:
     getFromNamespace head setNames
Flavors: r-devel-linux-x86_64-debian-clang, r-devel-linux-x86_64-debian-gcc, r-devel-linux-x86_64-fedora-clang, r-devel-linux-x86_64-fedora-gcc, r-devel-windows-ix86+x86_64

Version: 1.3
Check: package dependencies
Result: NOTE
    Package suggested but not available for checking: ‘Rmpi’
Flavor: r-release-osx-x86_64-mavericks

Version: 1.3
Check: Rd cross-references
Result: NOTE
    Package unavailable to check Rd xrefs: ‘Rmpi’
Flavor: r-release-osx-x86_64-mavericks