CRAN Package Check Results for Package parallelMap

Last updated on 2014-07-26 01:49:49.

Flavor Version Tinstall Tcheck Ttotal Status Flags
r-devel-linux-x86_64-debian-clang 1.1 1.18 15.49 16.67 OK
r-devel-linux-x86_64-debian-gcc 1.1 1.25 15.39 16.64 OK
r-devel-linux-x86_64-fedora-clang 1.1 28.60 OK
r-devel-linux-x86_64-fedora-gcc 1.1 25.67 OK
r-devel-osx-x86_64-clang 1.1 34.37 OK
r-devel-windows-ix86+x86_64 1.1 3.00 25.00 28.00 OK
r-patched-linux-x86_64 1.1 1.20 15.46 16.65 OK
r-patched-solaris-sparc 1.1 188.30 OK
r-patched-solaris-x86 1.1 46.20 OK
r-release-linux-ix86 1.1 1.71 24.66 26.37 OK
r-release-linux-x86_64 1.1 1.20 15.94 17.14 OK
r-release-osx-x86_64-mavericks 1.1 NOTE
r-release-osx-x86_64-snowleopard 1.1 OK
r-release-windows-ix86+x86_64 1.1 3.00 25.00 28.00 OK
r-oldrel-windows-ix86+x86_64 1.1 3.00 25.00 28.00 OK

Check Details

Version: 1.1
Check: package dependencies
Result: NOTE
    Package suggested but not available for checking: ‘Rmpi’
Flavor: r-release-osx-x86_64-mavericks

Version: 1.1
Check: Rd cross-references
Result: NOTE
    Package unavailable to check Rd xrefs: ‘Rmpi’
Flavor: r-release-osx-x86_64-mavericks