CRAN Package Check Results for Package parallelMap

Last updated on 2016-07-29 17:47:24.

Flavor Version Tinstall Tcheck Ttotal Status Flags
r-devel-linux-x86_64-debian-clang 1.3 0.98 21.66 22.64 NOTE
r-devel-linux-x86_64-debian-gcc 1.3 1.02 29.77 30.79 NOTE
r-devel-linux-x86_64-fedora-clang 1.3 33.59 NOTE
r-devel-linux-x86_64-fedora-gcc 1.3 31.69 NOTE
r-devel-osx-x86_64-clang 1.3 28.58 NOTE
r-devel-windows-ix86+x86_64 1.3 4.00 47.00 51.00 NOTE
r-patched-linux-x86_64 1.3 1.20 25.52 26.72 NOTE
r-patched-solaris-sparc 1.3 207.20 NOTE
r-patched-solaris-x86 1.3 52.70 NOTE
r-release-linux-x86_64 1.3 1.49 25.21 26.70 NOTE
r-release-osx-x86_64-mavericks 1.3 NOTE
r-release-windows-ix86+x86_64 1.3 5.00 46.00 51.00 NOTE
r-oldrel-windows-ix86+x86_64 1.3 6.00 58.00 64.00 OK

Check Details

Version: 1.3
Check: R code for possible problems
Result: NOTE
    parallelExport: no visible global function definition for ‘setNames’
    parallelGetOptions: no visible global function definition for
     ‘setNames’
    parallelStop: no visible global function definition for
     ‘getFromNamespace’
    stopWithJobErrorMessages: no visible global function definition for
     ‘head’
    Undefined global functions or variables:
     getFromNamespace head setNames
    Consider adding
     importFrom("stats", "setNames")
     importFrom("utils", "getFromNamespace", "head")
    to your NAMESPACE file.
Flavors: r-devel-linux-x86_64-debian-clang, r-devel-linux-x86_64-debian-gcc, r-devel-linux-x86_64-fedora-clang, r-devel-linux-x86_64-fedora-gcc, r-devel-osx-x86_64-clang, r-devel-windows-ix86+x86_64, r-patched-linux-x86_64, r-patched-solaris-sparc, r-patched-solaris-x86, r-release-linux-x86_64, r-release-osx-x86_64-mavericks, r-release-windows-ix86+x86_64

Version: 1.3
Check: package dependencies
Result: NOTE
    Package suggested but not available for checking: ‘Rmpi’
Flavor: r-release-osx-x86_64-mavericks

Version: 1.3
Check: Rd cross-references
Result: NOTE
    Package unavailable to check Rd xrefs: ‘Rmpi’
Flavor: r-release-osx-x86_64-mavericks