CRAN Package Check Results for Package paramtest

Last updated on 2022-08-15 14:52:35 CEST.

Flavor Version Tinstall Tcheck Ttotal Status Flags
r-devel-linux-x86_64-debian-clang 0.1.0 2.43 47.12 49.55 NOTE
r-devel-linux-x86_64-debian-gcc 0.1.0 1.96 34.33 36.29 NOTE
r-devel-linux-x86_64-fedora-clang 0.1.0 67.80 NOTE
r-devel-linux-x86_64-fedora-gcc 0.1.0 66.86 NOTE
r-devel-windows-x86_64 0.1.0 17.00 79.00 96.00 NOTE
r-patched-linux-x86_64 0.1.0 2.47 45.03 47.50 NOTE
r-release-linux-x86_64 0.1.0 2.19 44.44 46.63 NOTE
r-release-macos-arm64 0.1.0 22.00 NOTE
r-release-macos-x86_64 0.1.0 31.00 NOTE
r-release-windows-x86_64 0.1.0 21.00 77.00 98.00 NOTE
r-oldrel-macos-arm64 0.1.0 31.00 NOTE
r-oldrel-macos-x86_64 0.1.0 45.00 NOTE
r-oldrel-windows-ix86+x86_64 0.1.0 6.00 71.00 77.00 NOTE

Check Details

Version: 0.1.0
Check: LazyData
Result: NOTE
     'LazyData' is specified without a 'data' directory
Flavors: r-devel-linux-x86_64-debian-clang, r-devel-linux-x86_64-debian-gcc, r-devel-linux-x86_64-fedora-clang, r-devel-linux-x86_64-fedora-gcc, r-devel-windows-x86_64, r-patched-linux-x86_64, r-release-linux-x86_64, r-release-macos-arm64, r-release-macos-x86_64, r-release-windows-x86_64, r-oldrel-macos-arm64, r-oldrel-macos-x86_64, r-oldrel-windows-ix86+x86_64