CRAN Package Check Results for Package paran

Last updated on 2015-05-24 22:47:08.

Flavor Version Tinstall Tcheck Ttotal Status Flags
r-devel-linux-x86_64-debian-clang 1.5.1 0.57 12.07 12.64 NOTE
r-devel-linux-x86_64-debian-gcc 1.5.1 0.54 12.01 12.55 NOTE
r-devel-linux-x86_64-fedora-clang 1.5.1 24.22 NOTE
r-devel-linux-x86_64-fedora-gcc 1.5.1 22.54 NOTE
r-devel-osx-x86_64-clang 1.5.1 26.54 NOTE
r-devel-windows-ix86+x86_64 1.5.1 3.00 21.00 24.00 NOTE
r-patched-linux-x86_64 1.5.1 0.54 11.56 12.10 NOTE
r-patched-solaris-sparc 1.5.1 155.80 NOTE
r-patched-solaris-x86 1.5.1 33.70 NOTE
r-release-linux-x86_64 1.5.1 0.54 11.97 12.51 NOTE
r-release-osx-x86_64-mavericks 1.5.1 NOTE
r-release-osx-x86_64-snowleopard 1.5.1 NOTE
r-release-windows-ix86+x86_64 1.5.1 2.00 22.00 24.00 NOTE
r-oldrel-windows-ix86+x86_64 1.5.1 3.00 36.00 39.00 NOTE

Check Details

Version: 1.5.1
Check: top-level files
Result: NOTE
    Non-standard file/directory found at top level:
     ‘paran-Ex.R’
Flavors: r-devel-linux-x86_64-debian-clang, r-devel-linux-x86_64-debian-gcc, r-devel-linux-x86_64-fedora-clang, r-devel-linux-x86_64-fedora-gcc, r-patched-linux-x86_64, r-release-linux-x86_64

Version: 1.5.1
Check: dependencies in R code
Result: NOTE
    'library' or 'require' call to ‘MASS’ which was already attached by Depends.
     Please remove these calls from your code.
Flavors: r-devel-linux-x86_64-debian-clang, r-devel-linux-x86_64-debian-gcc, r-devel-linux-x86_64-fedora-clang, r-devel-linux-x86_64-fedora-gcc, r-devel-osx-x86_64-clang, r-devel-windows-ix86+x86_64, r-patched-linux-x86_64, r-patched-solaris-sparc, r-patched-solaris-x86, r-release-linux-x86_64, r-release-osx-x86_64-mavericks, r-release-osx-x86_64-snowleopard, r-release-windows-ix86+x86_64, r-oldrel-windows-ix86+x86_64