CRAN Package Check Results for Package paran

Last updated on 2015-07-05 19:47:33.

Flavor Version Tinstall Tcheck Ttotal Status Flags
r-devel-linux-x86_64-debian-clang 1.5.1 0.52 11.37 11.88 NOTE
r-devel-linux-x86_64-debian-gcc 1.5.1 0.50 11.30 11.81 NOTE
r-devel-linux-x86_64-fedora-clang 1.5.1 23.08 NOTE
r-devel-linux-x86_64-fedora-gcc 1.5.1 22.27 NOTE
r-devel-osx-x86_64-clang 1.5.1 23.32 NOTE
r-devel-windows-ix86+x86_64 1.5.1 3.00 29.00 32.00 NOTE
r-patched-linux-x86_64 1.5.1 0.54 11.62 12.16 NOTE
r-patched-solaris-sparc 1.5.1 155.80 NOTE
r-patched-solaris-x86 1.5.1 34.40 NOTE
r-release-linux-x86_64 1.5.1 0.53 11.75 12.28 NOTE
r-release-osx-x86_64-mavericks 1.5.1 NOTE
r-release-windows-ix86+x86_64 1.5.1 3.00 38.00 41.00 NOTE
r-oldrel-windows-ix86+x86_64 1.5.1 4.00 23.00 27.00 NOTE

Check Details

Version: 1.5.1
Check: top-level files
Result: NOTE
    Non-standard file/directory found at top level:
     ‘paran-Ex.R’
Flavors: r-devel-linux-x86_64-debian-clang, r-devel-linux-x86_64-debian-gcc, r-devel-linux-x86_64-fedora-clang, r-devel-linux-x86_64-fedora-gcc, r-patched-linux-x86_64, r-release-linux-x86_64

Version: 1.5.1
Check: dependencies in R code
Result: NOTE
    'library' or 'require' call to ‘MASS’ which was already attached by Depends.
     Please remove these calls from your code.
Flavors: r-devel-linux-x86_64-debian-clang, r-devel-linux-x86_64-debian-gcc, r-devel-linux-x86_64-fedora-clang, r-devel-linux-x86_64-fedora-gcc, r-devel-osx-x86_64-clang, r-devel-windows-ix86+x86_64, r-patched-linux-x86_64, r-patched-solaris-sparc, r-patched-solaris-x86, r-release-linux-x86_64, r-release-osx-x86_64-mavericks, r-release-windows-ix86+x86_64, r-oldrel-windows-ix86+x86_64

Version: 1.5.1
Check: R code for possible problems
Result: NOTE
    paran: no visible global function definition for ‘cor’
    paran: no visible global function definition for ‘rnorm’
    paran: no visible global function definition for ‘quantile’
    paran: no visible global function definition for ‘par’
    paran: no visible global function definition for ‘plot.default’
    paran: no visible global function definition for ‘abline’
    paran: no visible global function definition for ‘points’
    paran: no visible global function definition for ‘dev.copy’
    paran: no visible global function definition for ‘dev.off’
    Undefined global functions or variables:
     abline cor dev.copy dev.off par plot.default points quantile rnorm
Flavors: r-devel-linux-x86_64-debian-clang, r-devel-linux-x86_64-debian-gcc, r-devel-linux-x86_64-fedora-clang, r-devel-linux-x86_64-fedora-gcc, r-devel-windows-ix86+x86_64