CRAN Package Check Results for Package paran

Last updated on 2015-09-03 14:48:28.

Flavor Version Tinstall Tcheck Ttotal Status Flags
r-devel-linux-x86_64-debian-clang 1.5.1 0.48 11.33 11.81 NOTE
r-devel-linux-x86_64-debian-gcc 1.5.1 0.54 11.20 11.73 NOTE
r-devel-linux-x86_64-fedora-clang 1.5.1 22.59 NOTE
r-devel-linux-x86_64-fedora-gcc 1.5.1 21.83 NOTE
r-devel-osx-x86_64-clang 1.5.1 22.16 NOTE
r-devel-windows-ix86+x86_64 1.5.1 3.00 33.00 36.00 NOTE
r-patched-linux-x86_64 1.5.1 0.54 11.78 12.32 NOTE
r-patched-solaris-sparc 1.5.1 154.20 NOTE
r-patched-solaris-x86 1.5.1 33.90 NOTE
r-release-linux-x86_64 1.5.1 0.54 11.79 12.33 NOTE
r-release-osx-x86_64-mavericks 1.5.1 NOTE
r-release-windows-ix86+x86_64 1.5.1 4.00 33.00 37.00 NOTE
r-oldrel-windows-ix86+x86_64 1.5.1 4.00 27.00 31.00 NOTE

Check Details

Version: 1.5.1
Check: top-level files
Result: NOTE
    Non-standard file/directory found at top level:
     ‘paran-Ex.R’
Flavors: r-devel-linux-x86_64-debian-clang, r-devel-linux-x86_64-debian-gcc, r-devel-linux-x86_64-fedora-clang, r-devel-linux-x86_64-fedora-gcc, r-patched-linux-x86_64, r-release-linux-x86_64

Version: 1.5.1
Check: dependencies in R code
Result: NOTE
    'library' or 'require' call to ‘MASS’ which was already attached by Depends.
     Please remove these calls from your code.
Flavors: r-devel-linux-x86_64-debian-clang, r-devel-linux-x86_64-debian-gcc, r-devel-linux-x86_64-fedora-clang, r-devel-linux-x86_64-fedora-gcc, r-devel-osx-x86_64-clang, r-devel-windows-ix86+x86_64, r-patched-linux-x86_64, r-patched-solaris-sparc, r-patched-solaris-x86, r-release-linux-x86_64, r-release-osx-x86_64-mavericks, r-release-windows-ix86+x86_64, r-oldrel-windows-ix86+x86_64

Version: 1.5.1
Check: R code for possible problems
Result: NOTE
    paran: no visible global function definition for ‘cor’
    paran: no visible global function definition for ‘rnorm’
    paran: no visible global function definition for ‘quantile’
    paran: no visible global function definition for ‘par’
    paran: no visible global function definition for ‘plot.default’
    paran: no visible global function definition for ‘abline’
    paran: no visible global function definition for ‘points’
    paran: no visible global function definition for ‘dev.copy’
    paran: no visible global function definition for ‘dev.off’
    Undefined global functions or variables:
     abline cor dev.copy dev.off par plot.default points quantile rnorm
    Consider adding
     importFrom("grDevices", "dev.copy", "dev.off")
     importFrom("graphics", "abline", "par", "plot.default", "points")
     importFrom("stats", "cor", "quantile", "rnorm")
    to your NAMESPACE.
Flavors: r-devel-linux-x86_64-debian-clang, r-devel-linux-x86_64-debian-gcc, r-devel-linux-x86_64-fedora-clang, r-devel-linux-x86_64-fedora-gcc, r-devel-windows-ix86+x86_64