CRAN Package Check Results for Package paran

Last updated on 2017-12-13 05:48:54 CET.

Flavor Version Tinstall Tcheck Ttotal Status Flags
r-devel-linux-x86_64-debian-clang 1.5.1 0.63 22.48 23.11 NOTE
r-devel-linux-x86_64-debian-gcc 1.5.1 0.52 18.48 19.00 NOTE
r-devel-linux-x86_64-fedora-clang 1.5.1 27.24 NOTE
r-devel-windows-ix86+x86_64 1.5.1 4.00 33.00 37.00 NOTE
r-patched-linux-x86_64 1.5.1 0.83 22.59 23.42 NOTE
r-patched-solaris-x86 1.5.1 35.40 NOTE
r-release-linux-x86_64 1.5.1 0.64 22.78 23.42 NOTE
r-release-windows-ix86+x86_64 1.5.1 3.00 44.00 47.00 NOTE
r-release-osx-x86_64 1.5.1 NOTE
r-oldrel-windows-ix86+x86_64 1.5.1 4.00 41.00 45.00 NOTE
r-oldrel-osx-x86_64 1.5.1 NOTE

Check Details

Version: 1.5.1
Check: top-level files
Result: NOTE
    Non-standard file/directory found at top level:
     ‘paran-Ex.R’
Flavors: r-devel-linux-x86_64-debian-clang, r-devel-linux-x86_64-debian-gcc, r-devel-linux-x86_64-fedora-clang, r-patched-linux-x86_64, r-release-linux-x86_64

Version: 1.5.1
Check: dependencies in R code
Result: NOTE
    'library' or 'require' call to ‘MASS’ which was already attached by Depends.
     Please remove these calls from your code.
Flavors: r-devel-linux-x86_64-debian-clang, r-devel-linux-x86_64-debian-gcc, r-devel-linux-x86_64-fedora-clang, r-devel-windows-ix86+x86_64, r-patched-linux-x86_64, r-patched-solaris-x86, r-release-linux-x86_64, r-release-windows-ix86+x86_64, r-release-osx-x86_64, r-oldrel-windows-ix86+x86_64, r-oldrel-osx-x86_64

Version: 1.5.1
Check: R code for possible problems
Result: NOTE
    paran: no visible global function definition for ‘cor’
    paran: no visible global function definition for ‘rnorm’
    paran: no visible global function definition for ‘quantile’
    paran: no visible global function definition for ‘par’
    paran: no visible global function definition for ‘plot.default’
    paran: no visible global function definition for ‘abline’
    paran: no visible global function definition for ‘points’
    paran: no visible global function definition for ‘dev.copy’
    paran: no visible global function definition for ‘dev.off’
    Undefined global functions or variables:
     abline cor dev.copy dev.off par plot.default points quantile rnorm
    Consider adding
     importFrom("grDevices", "dev.copy", "dev.off")
     importFrom("graphics", "abline", "par", "plot.default", "points")
     importFrom("stats", "cor", "quantile", "rnorm")
    to your NAMESPACE file.
Flavors: r-devel-linux-x86_64-debian-clang, r-devel-linux-x86_64-debian-gcc, r-devel-linux-x86_64-fedora-clang, r-devel-windows-ix86+x86_64, r-patched-linux-x86_64, r-patched-solaris-x86, r-release-linux-x86_64, r-release-windows-ix86+x86_64, r-release-osx-x86_64, r-oldrel-windows-ix86+x86_64, r-oldrel-osx-x86_64