CRAN Package Check Results for Package paran

Last updated on 2017-01-21 21:49:46.

Flavor Version Tinstall Tcheck Ttotal Status Flags
r-devel-linux-x86_64-debian-clang 1.5.1 0.58 15.06 15.63 NOTE
r-devel-linux-x86_64-debian-gcc 1.5.1 0.79 14.89 15.68 NOTE
r-devel-linux-x86_64-fedora-clang 1.5.1 27.62 NOTE --no-stop-on-test-error
r-devel-linux-x86_64-fedora-gcc 1.5.1 26.63 NOTE --no-stop-on-test-error
r-devel-macos-x86_64-clang 1.5.1 23.43 NOTE --no-stop-on-test-error
r-devel-windows-ix86+x86_64 1.5.1 4.00 43.00 47.00 NOTE
r-patched-linux-x86_64 1.5.1 0.68 11.80 12.47 NOTE
r-patched-solaris-sparc 1.5.1 128.90 NOTE
r-patched-solaris-x86 1.5.1 28.60 NOTE
r-release-linux-x86_64 1.5.1 0.55 11.92 12.47 NOTE
r-release-osx-x86_64-mavericks 1.5.1 NOTE
r-release-windows-ix86+x86_64 1.5.1 6.00 31.00 37.00 NOTE
r-oldrel-windows-ix86+x86_64 1.5.1 6.00 38.00 44.00 NOTE

Check Details

Version: 1.5.1
Check: top-level files
Result: NOTE
    Non-standard file/directory found at top level:
     ‘paran-Ex.R’
Flavors: r-devel-linux-x86_64-debian-clang, r-devel-linux-x86_64-debian-gcc, r-patched-linux-x86_64, r-release-linux-x86_64

Version: 1.5.1
Check: dependencies in R code
Result: NOTE
    'library' or 'require' call to ‘MASS’ which was already attached by Depends.
     Please remove these calls from your code.
Flavors: r-devel-linux-x86_64-debian-clang, r-devel-linux-x86_64-debian-gcc, r-devel-windows-ix86+x86_64, r-patched-linux-x86_64, r-patched-solaris-sparc, r-patched-solaris-x86, r-release-linux-x86_64, r-release-osx-x86_64-mavericks, r-release-windows-ix86+x86_64, r-oldrel-windows-ix86+x86_64

Version: 1.5.1
Check: R code for possible problems
Result: NOTE
    paran: no visible global function definition for ‘cor’
    paran: no visible global function definition for ‘rnorm’
    paran: no visible global function definition for ‘quantile’
    paran: no visible global function definition for ‘par’
    paran: no visible global function definition for ‘plot.default’
    paran: no visible global function definition for ‘abline’
    paran: no visible global function definition for ‘points’
    paran: no visible global function definition for ‘dev.copy’
    paran: no visible global function definition for ‘dev.off’
    Undefined global functions or variables:
     abline cor dev.copy dev.off par plot.default points quantile rnorm
    Consider adding
     importFrom("grDevices", "dev.copy", "dev.off")
     importFrom("graphics", "abline", "par", "plot.default", "points")
     importFrom("stats", "cor", "quantile", "rnorm")
    to your NAMESPACE file.
Flavors: r-devel-linux-x86_64-debian-clang, r-devel-linux-x86_64-debian-gcc, r-devel-windows-ix86+x86_64, r-patched-linux-x86_64, r-patched-solaris-sparc, r-patched-solaris-x86, r-release-linux-x86_64, r-release-osx-x86_64-mavericks, r-release-windows-ix86+x86_64

Version: 1.5.1
Flags: --no-stop-on-test-error
Check: top-level files
Result: NOTE
    Non-standard file/directory found at top level:
     ‘paran-Ex.R’
Flavors: r-devel-linux-x86_64-fedora-clang, r-devel-linux-x86_64-fedora-gcc

Version: 1.5.1
Flags: --no-stop-on-test-error
Check: dependencies in R code
Result: NOTE
    'library' or 'require' call to ‘MASS’ which was already attached by Depends.
     Please remove these calls from your code.
Flavors: r-devel-linux-x86_64-fedora-clang, r-devel-linux-x86_64-fedora-gcc, r-devel-macos-x86_64-clang

Version: 1.5.1
Flags: --no-stop-on-test-error
Check: R code for possible problems
Result: NOTE
    paran: no visible global function definition for ‘cor’
    paran: no visible global function definition for ‘rnorm’
    paran: no visible global function definition for ‘quantile’
    paran: no visible global function definition for ‘par’
    paran: no visible global function definition for ‘plot.default’
    paran: no visible global function definition for ‘abline’
    paran: no visible global function definition for ‘points’
    paran: no visible global function definition for ‘dev.copy’
    paran: no visible global function definition for ‘dev.off’
    Undefined global functions or variables:
     abline cor dev.copy dev.off par plot.default points quantile rnorm
    Consider adding
     importFrom("grDevices", "dev.copy", "dev.off")
     importFrom("graphics", "abline", "par", "plot.default", "points")
     importFrom("stats", "cor", "quantile", "rnorm")
    to your NAMESPACE file.
Flavors: r-devel-linux-x86_64-fedora-clang, r-devel-linux-x86_64-fedora-gcc, r-devel-macos-x86_64-clang