CRAN Package Check Results for Package paran

Last updated on 2014-08-29 21:47:45.

Flavor Version Tinstall Tcheck Ttotal Status Flags
r-devel-linux-x86_64-debian-clang 1.5.1 0.53 11.98 12.50 NOTE
r-devel-linux-x86_64-debian-gcc 1.5.1 0.50 12.12 12.62 NOTE
r-devel-linux-x86_64-fedora-clang 1.5.1 27.20 NOTE
r-devel-linux-x86_64-fedora-gcc 1.5.1 23.62 NOTE
r-devel-osx-x86_64-clang 1.5.1 26.35 NOTE
r-devel-windows-ix86+x86_64 1.5.1 2.00 21.00 23.00 NOTE
r-patched-linux-x86_64 1.5.1 0.52 12.36 12.88 NOTE
r-patched-solaris-sparc 1.5.1 154.50 NOTE
r-patched-solaris-x86 1.5.1 34.30 NOTE
r-release-linux-ix86 1.5.1 0.83 18.63 19.46 NOTE
r-release-linux-x86_64 1.5.1 0.54 12.77 13.31 NOTE
r-release-osx-x86_64-mavericks 1.5.1 NOTE
r-release-osx-x86_64-snowleopard 1.5.1 WARN
r-release-windows-ix86+x86_64 1.5.1 2.00 22.00 24.00 NOTE
r-oldrel-windows-ix86+x86_64 1.5.1 3.00 33.00 36.00 NOTE

Check Details

Version: 1.5.1
Check: dependencies in R code
Result: NOTE
    'library' or 'require' call to ‘MASS’ which was already attached by Depends.
     Please remove these calls from your code.
    See the information on DESCRIPTION files in the chapter ‘Creating R
    packages’ of the ‘Writing R Extensions’ manual.
Flavors: r-devel-linux-x86_64-debian-clang, r-devel-linux-x86_64-debian-gcc, r-devel-linux-x86_64-fedora-clang, r-devel-linux-x86_64-fedora-gcc, r-devel-osx-x86_64-clang, r-devel-windows-ix86+x86_64, r-patched-linux-x86_64, r-patched-solaris-sparc, r-patched-solaris-x86, r-release-linux-ix86, r-release-linux-x86_64, r-release-osx-x86_64-mavericks, r-release-osx-x86_64-snowleopard, r-release-windows-ix86+x86_64, r-oldrel-windows-ix86+x86_64

Version: 1.5.1
Check: top-level files
Result: NOTE
    Non-standard file/directory found at top level:
     ‘paran-Ex.R’
Flavors: r-devel-linux-x86_64-fedora-clang, r-devel-linux-x86_64-fedora-gcc

Version: 1.5.1
Check: examples
Result: WARN
    checking a package with encoding 'latin1' in an ASCII locale
    
     OK
Flavor: r-release-osx-x86_64-snowleopard