CRAN Package Check Results for Package paran

Last updated on 2015-03-01 12:47:43.

Flavor Version Tinstall Tcheck Ttotal Status Flags
r-devel-linux-x86_64-debian-clang 1.5.1 0.56 11.96 12.51 NOTE
r-devel-linux-x86_64-debian-gcc 1.5.1 0.52 11.52 12.04 NOTE
r-devel-linux-x86_64-fedora-clang 1.5.1 24.78 NOTE
r-devel-linux-x86_64-fedora-gcc 1.5.1 23.56 NOTE
r-devel-osx-x86_64-clang 1.5.1 26.67 NOTE
r-devel-windows-ix86+x86_64 1.5.1 3.00 21.00 24.00 NOTE
r-patched-linux-x86_64 1.5.1 0.59 13.50 14.09 NOTE
r-patched-solaris-sparc 1.5.1 157.20 NOTE
r-patched-solaris-x86 1.5.1 36.90 NOTE
r-release-linux-ix86 1.5.1 0.87 19.13 20.00 NOTE
r-release-linux-x86_64 1.5.1 0.70 13.49 14.19 NOTE
r-release-osx-x86_64-mavericks 1.5.1 NOTE
r-release-osx-x86_64-snowleopard 1.5.1 WARN
r-release-windows-ix86+x86_64 1.5.1 3.00 22.00 25.00 NOTE
r-oldrel-windows-ix86+x86_64 1.5.1 3.00 25.00 28.00 NOTE

Check Details

Version: 1.5.1
Check: top-level files
Result: NOTE
    Non-standard file/directory found at top level:
     ‘paran-Ex.R’
Flavors: r-devel-linux-x86_64-debian-clang, r-devel-linux-x86_64-debian-gcc, r-devel-linux-x86_64-fedora-clang, r-devel-linux-x86_64-fedora-gcc, r-patched-linux-x86_64, r-release-linux-ix86, r-release-linux-x86_64

Version: 1.5.1
Check: dependencies in R code
Result: NOTE
    'library' or 'require' call to ‘MASS’ which was already attached by Depends.
     Please remove these calls from your code.
Flavors: r-devel-linux-x86_64-debian-clang, r-devel-linux-x86_64-debian-gcc, r-devel-linux-x86_64-fedora-clang, r-devel-linux-x86_64-fedora-gcc, r-devel-osx-x86_64-clang, r-devel-windows-ix86+x86_64, r-patched-linux-x86_64, r-patched-solaris-x86

Version: 1.5.1
Check: dependencies in R code
Result: NOTE
    'library' or 'require' call to ‘MASS’ which was already attached by Depends.
     Please remove these calls from your code.
    See the information on DESCRIPTION files in the chapter ‘Creating R
    packages’ of the ‘Writing R Extensions’ manual.
Flavors: r-patched-solaris-sparc, r-release-linux-ix86, r-release-linux-x86_64, r-release-osx-x86_64-mavericks, r-release-osx-x86_64-snowleopard, r-release-windows-ix86+x86_64, r-oldrel-windows-ix86+x86_64

Version: 1.5.1
Check: examples
Result: WARN
    checking a package with encoding 'latin1' in an ASCII locale
    
     OK
Flavor: r-release-osx-x86_64-snowleopard