CRAN Package Check Results for Package parboost

Last updated on 2014-09-16 11:49:22.

Flavor Version Tinstall Tcheck Ttotal Status Flags
r-devel-linux-x86_64-debian-clang 0.1.3 7.06 76.14 83.21 NOTE
r-devel-linux-x86_64-debian-gcc 0.1.3 7.82 75.07 82.89 NOTE
r-devel-linux-x86_64-fedora-clang 0.1.3 195.76 NOTE
r-devel-linux-x86_64-fedora-gcc 0.1.3 178.89 NOTE
r-devel-osx-x86_64-clang 0.1.3 150.33 NOTE
r-devel-windows-ix86+x86_64 0.1.3 20.00 119.00 139.00 NOTE
r-patched-linux-x86_64 0.1.3 8.05 80.16 88.21 OK
r-patched-solaris-sparc 0.1.3 1050.60 OK
r-patched-solaris-x86 0.1.3 240.10 OK
r-release-linux-ix86 0.1.3 8.68 95.66 104.34 OK
r-release-linux-x86_64 0.1.3 7.48 81.37 88.84 OK
r-release-osx-x86_64-mavericks 0.1.3 OK
r-release-osx-x86_64-snowleopard 0.1.3 OK
r-release-windows-ix86+x86_64 0.1.3 25.00 137.00 162.00 OK
r-oldrel-windows-ix86+x86_64 0.1.3 21.00 129.00 150.00 OK

Check Details

Version: 0.1.3
Check: R code for possible problems
Result: NOTE
    cv_subsample: no visible global function definition for ‘mstop’
    parboost: no visible global function definition for ‘boost_control’
    parboost_fit: no visible global function definition for ‘Gaussian’
    parboost_fit: no visible global function definition for ‘Binomial’
    parboost_fit: no visible global function definition for ‘Poisson’
Flavors: r-devel-linux-x86_64-debian-clang, r-devel-linux-x86_64-debian-gcc, r-devel-linux-x86_64-fedora-clang, r-devel-linux-x86_64-fedora-gcc, r-devel-osx-x86_64-clang, r-devel-windows-ix86+x86_64