CRAN Package Check Results for Package parboost

Last updated on 2014-10-25 23:46:48.

Flavor Version Tinstall Tcheck Ttotal Status Flags
r-devel-linux-x86_64-debian-clang 0.1.3 7.34 78.72 86.06 NOTE
r-devel-linux-x86_64-debian-gcc 0.1.3 7.06 78.50 85.56 NOTE
r-devel-linux-x86_64-fedora-clang 0.1.3 199.77 NOTE
r-devel-linux-x86_64-fedora-gcc 0.1.3 189.53 NOTE
r-devel-osx-x86_64-clang 0.1.3 159.07 NOTE
r-devel-windows-ix86+x86_64 0.1.3 20.00 116.00 136.00 NOTE
r-patched-linux-x86_64 0.1.3 9.05 81.00 90.05 NOTE
r-patched-solaris-sparc 0.1.3 1046.90 NOTE
r-patched-solaris-x86 0.1.3 247.60 NOTE
r-release-linux-ix86 0.1.3 8.71 97.34 106.06 OK
r-release-linux-x86_64 0.1.3 7.48 84.34 91.82 OK
r-release-osx-x86_64-mavericks 0.1.3 OK
r-release-osx-x86_64-snowleopard 0.1.3 OK
r-release-windows-ix86+x86_64 0.1.3 25.00 130.00 155.00 OK
r-oldrel-windows-ix86+x86_64 0.1.3 19.00 130.00 149.00 OK

Check Details

Version: 0.1.3
Check: R code for possible problems
Result: NOTE
    cv_subsample: no visible global function definition for ‘mstop’
    parboost: no visible global function definition for ‘boost_control’
    parboost_fit: no visible global function definition for ‘Gaussian’
    parboost_fit: no visible global function definition for ‘Binomial’
    parboost_fit: no visible global function definition for ‘Poisson’
Flavors: r-devel-linux-x86_64-debian-clang, r-devel-linux-x86_64-debian-gcc, r-devel-linux-x86_64-fedora-clang, r-devel-linux-x86_64-fedora-gcc, r-devel-osx-x86_64-clang, r-devel-windows-ix86+x86_64, r-patched-linux-x86_64, r-patched-solaris-sparc, r-patched-solaris-x86