CRAN Package Check Results for Package parboost

Last updated on 2015-01-27 21:48:02.

Flavor Version Tinstall Tcheck Ttotal Status Flags
r-devel-linux-x86_64-debian-clang 0.1.3 6.64 60.68 67.31 NOTE
r-devel-linux-x86_64-debian-gcc 0.1.3 5.72 57.18 62.90 NOTE
r-devel-linux-x86_64-fedora-clang 0.1.3 203.26 NOTE
r-devel-linux-x86_64-fedora-gcc 0.1.3 198.88 NOTE
r-devel-osx-x86_64-clang 0.1.3 163.34 NOTE
r-devel-windows-ix86+x86_64 0.1.3 13.00 84.00 97.00 NOTE
r-patched-linux-x86_64 0.1.3 8.42 81.18 89.60 NOTE
r-patched-solaris-sparc 0.1.3 1047.80 NOTE
r-patched-solaris-x86 0.1.3 251.70 NOTE
r-release-linux-ix86 0.1.3 8.29 93.08 101.37 NOTE
r-release-linux-x86_64 0.1.3 7.44 81.58 89.02 NOTE
r-release-osx-x86_64-mavericks 0.1.3 NOTE
r-release-osx-x86_64-snowleopard 0.1.3 OK
r-release-windows-ix86+x86_64 0.1.3 25.00 137.00 162.00 NOTE
r-oldrel-windows-ix86+x86_64 0.1.3 28.00 133.00 161.00 OK

Check Details

Version: 0.1.3
Check: R code for possible problems
Result: NOTE
    cv_subsample: no visible global function definition for ‘mstop’
    parboost: no visible global function definition for ‘boost_control’
    parboost_fit: no visible global function definition for ‘Gaussian’
    parboost_fit: no visible global function definition for ‘Binomial’
    parboost_fit: no visible global function definition for ‘Poisson’
Flavors: r-devel-linux-x86_64-debian-clang, r-devel-linux-x86_64-debian-gcc, r-devel-linux-x86_64-fedora-clang, r-devel-linux-x86_64-fedora-gcc, r-devel-osx-x86_64-clang, r-devel-windows-ix86+x86_64, r-patched-linux-x86_64, r-patched-solaris-sparc, r-patched-solaris-x86, r-release-linux-ix86, r-release-linux-x86_64, r-release-osx-x86_64-mavericks, r-release-windows-ix86+x86_64