CRAN Package Check Results for Package parboost

Last updated on 2015-08-04 23:48:22.

Flavor Version Tinstall Tcheck Ttotal Status Flags
r-devel-linux-x86_64-debian-clang 0.1.4 5.00 53.79 58.79 NOTE
r-devel-linux-x86_64-debian-gcc 0.1.4 5.24 51.54 56.78 NOTE
r-devel-linux-x86_64-fedora-clang 0.1.4 124.42 NOTE
r-devel-linux-x86_64-fedora-gcc 0.1.4 115.83 NOTE
r-devel-osx-x86_64-clang 0.1.4 102.90 OK
r-devel-windows-ix86+x86_64 0.1.4 23.00 93.00 116.00 NOTE
r-patched-linux-x86_64 0.1.4 5.14 52.42 57.56 OK
r-patched-solaris-sparc 0.1.4 746.40 OK
r-patched-solaris-x86 0.1.4 177.70 OK
r-release-linux-x86_64 0.1.4 4.84 52.91 57.76 OK
r-release-osx-x86_64-mavericks 0.1.4 OK
r-release-windows-ix86+x86_64 0.1.4 23.00 91.00 114.00 OK
r-oldrel-windows-ix86+x86_64 0.1.4 35.00 184.00 219.00 OK

Check Details

Version: 0.1.4
Check: R code for possible problems
Result: NOTE
    cv_subsample: no visible global function definition for ‘model.weights’
    parboost : data_import_function: no visible global function definition
     for ‘read.csv’
    parboost_fit: no visible global function definition for ‘predict’
    postprocess : none : predict_parboost: no visible binding for global
     variable ‘predict’
    postprocess : glmfit: no visible global function definition for
     ‘gaussian’
    postprocess : glmfit: no visible global function definition for
     ‘binomial’
    postprocess : glmfit: no visible global function definition for
     ‘poisson’
    postprocess : glmfit: no visible global function definition for ‘glm’
    postprocess : glmfit : predict_parboost: no visible binding for global
     variable ‘predict’
    postprocess : glmfit : predict_parboost: no visible global function
     definition for ‘predict’
    postprocess : glmfit: no visible global function definition for
     ‘predict’
    postprocess : glmfit: no visible global function definition for ‘coef’
    postprocess : lasso : predict_parboost: no visible binding for global
     variable ‘predict’
    postprocess : lasso : predict_parboost: no visible global function
     definition for ‘predict’
    postprocess : lasso: no visible global function definition for
     ‘predict’
    postprocess : lasso: no visible global function definition for ‘as’
    postprocess : lasso: no visible global function definition for ‘coef’
    postprocess : ridge : predict_parboost: no visible binding for global
     variable ‘predict’
    postprocess : ridge : predict_parboost: no visible global function
     definition for ‘predict’
    postprocess : ridge: no visible global function definition for
     ‘predict’
    postprocess : ridge: no visible global function definition for ‘as’
    postprocess : ridge: no visible global function definition for ‘coef’
    postprocess : elasticnet : predict_parboost: no visible binding for
     global variable ‘predict’
    postprocess : elasticnet : predict_parboost: no visible global function
     definition for ‘predict’
    postprocess : elasticnet: no visible global function definition for
     ‘predict’
    postprocess : elasticnet: no visible global function definition for
     ‘as’
    postprocess : elasticnet: no visible global function definition for
     ‘coef’
    summary.parboost: no visible binding for global variable
     ‘variable.names’
    Undefined global functions or variables:
     as binomial coef gaussian glm model.weights poisson predict read.csv
     variable.names
    Consider adding
     importFrom("methods", "as")
     importFrom("stats", "binomial", "coef", "gaussian", "glm",
     "model.weights", "poisson", "predict", "variable.names")
     importFrom("utils", "read.csv")
    to your NAMESPACE.
Flavors: r-devel-linux-x86_64-debian-clang, r-devel-linux-x86_64-debian-gcc, r-devel-linux-x86_64-fedora-clang, r-devel-linux-x86_64-fedora-gcc, r-devel-windows-ix86+x86_64