CRAN Package Check Results for Package parboost

Last updated on 2015-03-06 21:48:27.

Flavor Version Tinstall Tcheck Ttotal Status Flags
r-devel-linux-x86_64-debian-clang 0.1.3 5.35 54.72 60.06 NOTE
r-devel-linux-x86_64-debian-gcc 0.1.3 4.77 52.90 57.67 NOTE
r-devel-linux-x86_64-fedora-clang 0.1.3 125.24 NOTE
r-devel-linux-x86_64-fedora-gcc 0.1.3 121.46 NOTE
r-devel-osx-x86_64-clang 0.1.3 120.63 NOTE
r-devel-windows-ix86+x86_64 0.1.3 23.00 80.00 103.00 NOTE
r-patched-linux-x86_64 0.1.3 10.53 90.48 101.01 NOTE
r-patched-solaris-sparc 0.1.3 1157.00 NOTE
r-patched-solaris-x86 0.1.3 260.80 NOTE
r-release-linux-ix86 0.1.3 10.50 98.55 109.05 NOTE
r-release-linux-x86_64 0.1.3 10.23 91.75 101.98 NOTE
r-release-osx-x86_64-mavericks 0.1.3 NOTE
r-release-osx-x86_64-snowleopard 0.1.3 OK
r-release-windows-ix86+x86_64 0.1.3 29.00 139.00 168.00 NOTE
r-oldrel-windows-ix86+x86_64 0.1.3 28.00 139.00 167.00 OK

Check Details

Version: 0.1.3
Check: R code for possible problems
Result: NOTE
    cv_subsample: no visible global function definition for ‘mstop’
    parboost: no visible global function definition for ‘boost_control’
    parboost_fit: no visible global function definition for ‘Gaussian’
    parboost_fit: no visible global function definition for ‘Binomial’
    parboost_fit: no visible global function definition for ‘Poisson’
Flavors: r-devel-linux-x86_64-debian-clang, r-devel-linux-x86_64-debian-gcc, r-devel-linux-x86_64-fedora-clang, r-devel-linux-x86_64-fedora-gcc, r-devel-osx-x86_64-clang, r-devel-windows-ix86+x86_64, r-patched-linux-x86_64, r-patched-solaris-sparc, r-patched-solaris-x86, r-release-linux-ix86, r-release-linux-x86_64, r-release-osx-x86_64-mavericks, r-release-windows-ix86+x86_64