CRAN Package Check Results for Package parboost

Last updated on 2014-12-22 01:47:42.

Flavor Version Tinstall Tcheck Ttotal Status Flags
r-devel-linux-x86_64-debian-clang 0.1.3 7.17 79.43 86.60 NOTE
r-devel-linux-x86_64-debian-gcc 0.1.3 6.84 76.51 83.35 NOTE
r-devel-linux-x86_64-fedora-clang 0.1.3 199.57 NOTE
r-devel-linux-x86_64-fedora-gcc 0.1.3 190.18 NOTE
r-devel-osx-x86_64-clang 0.1.3 168.78 NOTE
r-devel-windows-ix86+x86_64 0.1.3 26.00 126.00 152.00 NOTE
r-patched-linux-x86_64 0.1.3 7.44 79.96 87.40 NOTE
r-patched-solaris-sparc 0.1.3 1046.90 NOTE
r-patched-solaris-x86 0.1.3 246.40 NOTE
r-release-linux-ix86 0.1.3 8.32 92.31 100.63 NOTE
r-release-linux-x86_64 0.1.3 7.66 82.55 90.22 NOTE
r-release-osx-x86_64-mavericks 0.1.3 OK
r-release-osx-x86_64-snowleopard 0.1.3 OK
r-release-windows-ix86+x86_64 0.1.3 26.00 133.00 159.00 NOTE
r-oldrel-windows-ix86+x86_64 0.1.3 25.00 128.00 153.00 OK

Check Details

Version: 0.1.3
Check: R code for possible problems
Result: NOTE
    cv_subsample: no visible global function definition for ‘mstop’
    parboost: no visible global function definition for ‘boost_control’
    parboost_fit: no visible global function definition for ‘Gaussian’
    parboost_fit: no visible global function definition for ‘Binomial’
    parboost_fit: no visible global function definition for ‘Poisson’
Flavors: r-devel-linux-x86_64-debian-clang, r-devel-linux-x86_64-debian-gcc, r-devel-linux-x86_64-fedora-clang, r-devel-linux-x86_64-fedora-gcc, r-devel-osx-x86_64-clang, r-devel-windows-ix86+x86_64, r-patched-linux-x86_64, r-patched-solaris-sparc, r-patched-solaris-x86, r-release-linux-ix86, r-release-linux-x86_64, r-release-windows-ix86+x86_64