CRAN Package Check Results for Package parboost

Last updated on 2014-08-30 03:51:09.

Flavor Version Tinstall Tcheck Ttotal Status Flags
r-devel-linux-x86_64-debian-clang 0.1.3 7.17 76.47 83.64 NOTE
r-devel-linux-x86_64-debian-gcc 0.1.3 7.23 74.56 81.80 NOTE
r-devel-linux-x86_64-fedora-clang 0.1.3 196.99 NOTE
r-devel-linux-x86_64-fedora-gcc 0.1.3 189.14 NOTE
r-devel-osx-x86_64-clang 0.1.3 150.90 NOTE
r-devel-windows-ix86+x86_64 0.1.3 30.00 113.00 143.00 NOTE
r-patched-linux-x86_64 0.1.3 7.16 78.24 85.40 OK
r-patched-solaris-sparc 0.1.3 1050.60 OK
r-patched-solaris-x86 0.1.3 242.50 OK
r-release-linux-ix86 0.1.3 8.74 94.78 103.52 OK
r-release-linux-x86_64 0.1.3 7.28 80.95 88.23 OK
r-release-osx-x86_64-mavericks 0.1.3 OK
r-release-osx-x86_64-snowleopard 0.1.3 OK
r-release-windows-ix86+x86_64 0.1.3 22.00 125.00 147.00 OK
r-oldrel-windows-ix86+x86_64 0.1.3 26.00 130.00 156.00 OK

Check Details

Version: 0.1.3
Check: R code for possible problems
Result: NOTE
    cv_subsample: no visible global function definition for ‘mstop’
    parboost: no visible global function definition for ‘boost_control’
    parboost_fit: no visible global function definition for ‘Gaussian’
    parboost_fit: no visible global function definition for ‘Binomial’
    parboost_fit: no visible global function definition for ‘Poisson’
Flavors: r-devel-linux-x86_64-debian-clang, r-devel-linux-x86_64-debian-gcc, r-devel-linux-x86_64-fedora-clang, r-devel-linux-x86_64-fedora-gcc, r-devel-osx-x86_64-clang, r-devel-windows-ix86+x86_64