CRAN Package Check Results for Package parboost

Last updated on 2015-09-05 07:46:58.

Flavor Version Tinstall Tcheck Ttotal Status Flags
r-devel-linux-x86_64-debian-clang 0.1.4 4.77 51.34 56.11 NOTE
r-devel-linux-x86_64-debian-gcc 0.1.4 4.66 51.00 55.66 NOTE
r-devel-linux-x86_64-fedora-clang 0.1.4 123.13 NOTE
r-devel-linux-x86_64-fedora-gcc 0.1.4 116.18 NOTE
r-devel-osx-x86_64-clang 0.1.4 101.26 OK
r-devel-windows-ix86+x86_64 0.1.4 22.00 93.00 115.00 NOTE
r-patched-linux-x86_64 0.1.4 5.57 55.25 60.82 OK
r-patched-solaris-sparc 0.1.4 746.40 OK
r-patched-solaris-x86 0.1.4 182.70 OK
r-release-linux-x86_64 0.1.4 4.91 56.07 60.98 OK
r-release-osx-x86_64-mavericks 0.1.4 OK
r-release-windows-ix86+x86_64 0.1.4 24.00 96.00 120.00 OK
r-oldrel-windows-ix86+x86_64 0.1.4 38.00 182.00 220.00 OK

Check Details

Version: 0.1.4
Check: R code for possible problems
Result: NOTE
    cv_subsample: no visible global function definition for ‘model.weights’
    parboost : data_import_function: no visible global function definition
     for ‘read.csv’
    parboost_fit: no visible global function definition for ‘predict’
    postprocess : none : predict_parboost: no visible binding for global
     variable ‘predict’
    postprocess : glmfit: no visible global function definition for
     ‘gaussian’
    postprocess : glmfit: no visible global function definition for
     ‘binomial’
    postprocess : glmfit: no visible global function definition for
     ‘poisson’
    postprocess : glmfit: no visible global function definition for ‘glm’
    postprocess : glmfit : predict_parboost: no visible binding for global
     variable ‘predict’
    postprocess : glmfit : predict_parboost: no visible global function
     definition for ‘predict’
    postprocess : glmfit: no visible global function definition for
     ‘predict’
    postprocess : glmfit: no visible global function definition for ‘coef’
    postprocess : lasso : predict_parboost: no visible binding for global
     variable ‘predict’
    postprocess : lasso : predict_parboost: no visible global function
     definition for ‘predict’
    postprocess : lasso: no visible global function definition for
     ‘predict’
    postprocess : lasso: no visible global function definition for ‘as’
    postprocess : lasso: no visible global function definition for ‘coef’
    postprocess : ridge : predict_parboost: no visible binding for global
     variable ‘predict’
    postprocess : ridge : predict_parboost: no visible global function
     definition for ‘predict’
    postprocess : ridge: no visible global function definition for
     ‘predict’
    postprocess : ridge: no visible global function definition for ‘as’
    postprocess : ridge: no visible global function definition for ‘coef’
    postprocess : elasticnet : predict_parboost: no visible binding for
     global variable ‘predict’
    postprocess : elasticnet : predict_parboost: no visible global function
     definition for ‘predict’
    postprocess : elasticnet: no visible global function definition for
     ‘predict’
    postprocess : elasticnet: no visible global function definition for
     ‘as’
    postprocess : elasticnet: no visible global function definition for
     ‘coef’
    summary.parboost: no visible binding for global variable
     ‘variable.names’
    Undefined global functions or variables:
     as binomial coef gaussian glm model.weights poisson predict read.csv
     variable.names
    Consider adding
     importFrom("methods", "as")
     importFrom("stats", "binomial", "coef", "gaussian", "glm",
     "model.weights", "poisson", "predict", "variable.names")
     importFrom("utils", "read.csv")
    to your NAMESPACE (and ensure that your DESCRIPTION Imports field
    contains 'methods').
Flavors: r-devel-linux-x86_64-debian-clang, r-devel-linux-x86_64-debian-gcc, r-devel-linux-x86_64-fedora-clang, r-devel-linux-x86_64-fedora-gcc, r-devel-windows-ix86+x86_64