CRAN Package Check Results for Package parboost

Last updated on 2015-04-28 08:50:27.

Flavor Version Tinstall Tcheck Ttotal Status Flags
r-devel-linux-x86_64-debian-clang 0.1.3 5.03 52.76 57.79 NOTE
r-devel-linux-x86_64-debian-gcc 0.1.3 5.41 52.35 57.76 NOTE
r-devel-linux-x86_64-fedora-clang 0.1.3 125.23 NOTE
r-devel-linux-x86_64-fedora-gcc 0.1.3 116.82 NOTE
r-devel-osx-x86_64-clang 0.1.3 103.50 NOTE
r-devel-windows-ix86+x86_64 0.1.3 17.00 84.00 101.00 NOTE
r-patched-linux-x86_64 0.1.3 4.89 51.46 56.34 NOTE
r-patched-solaris-sparc 0.1.3 738.10 NOTE
r-patched-solaris-x86 0.1.3 164.30 NOTE
r-release-linux-x86_64 0.1.3 4.98 52.30 57.28 NOTE
r-release-osx-x86_64-mavericks 0.1.3 NOTE
r-release-osx-x86_64-snowleopard 0.1.3 ERROR
r-release-windows-ix86+x86_64 0.1.3 15.00 81.00 96.00 NOTE
r-oldrel-windows-ix86+x86_64 0.1.3 33.00 140.00 173.00 NOTE

Check Details

Version: 0.1.3
Check: R code for possible problems
Result: NOTE
    cv_subsample: no visible global function definition for ‘mstop’
    parboost: no visible global function definition for ‘boost_control’
    parboost_fit: no visible global function definition for ‘Gaussian’
    parboost_fit: no visible global function definition for ‘Binomial’
    parboost_fit: no visible global function definition for ‘Poisson’
Flavors: r-devel-linux-x86_64-debian-clang, r-devel-linux-x86_64-debian-gcc, r-devel-linux-x86_64-fedora-clang, r-devel-linux-x86_64-fedora-gcc, r-devel-osx-x86_64-clang, r-devel-windows-ix86+x86_64, r-patched-solaris-sparc, r-patched-solaris-x86, r-release-linux-x86_64, r-release-osx-x86_64-mavericks, r-release-windows-ix86+x86_64, r-oldrel-windows-ix86+x86_64

Version: 0.1.3
Check: package dependencies
Result: ERROR
    Packages required but not available: ‘mboost’ ‘party’ ‘caret’
    
    See section ‘The DESCRIPTION file’ in the ‘Writing R Extensions’
    manual.
Flavor: r-release-osx-x86_64-snowleopard