CRAN Package Check Results for Package parboost

Last updated on 2015-07-05 03:47:36.

Flavor Version Tinstall Tcheck Ttotal Status Flags
r-devel-linux-x86_64-debian-clang 0.1.4 4.84 52.21 57.04 NOTE
r-devel-linux-x86_64-debian-gcc 0.1.4 5.76 52.85 58.61 NOTE
r-devel-linux-x86_64-fedora-clang 0.1.4 122.44 NOTE
r-devel-linux-x86_64-fedora-gcc 0.1.4 115.19 NOTE
r-devel-osx-x86_64-clang 0.1.4 103.22 OK
r-devel-windows-ix86+x86_64 0.1.4 18.00 122.00 140.00 NOTE
r-patched-linux-x86_64 0.1.4 5.04 52.92 57.95 OK
r-patched-solaris-sparc 0.1.4 726.70 OK
r-patched-solaris-x86 0.1.4 177.70 OK
r-release-linux-x86_64 0.1.4 4.80 52.59 57.38 OK
r-release-osx-x86_64-mavericks 0.1.4 OK
r-release-windows-ix86+x86_64 0.1.4 22.00 93.00 115.00 OK
r-oldrel-windows-ix86+x86_64 0.1.4 31.00 147.00 178.00 OK

Check Details

Version: 0.1.4
Check: R code for possible problems
Result: NOTE
    cv_subsample: no visible global function definition for ‘model.weights’
    parboost : data_import_function: no visible global function definition
     for ‘read.csv’
    parboost_fit: no visible global function definition for ‘predict’
    postprocess : none : predict_parboost: no visible binding for global
     variable ‘predict’
    postprocess: Error while checking: invalid ‘envir’ argument
    summary.parboost: no visible binding for global variable
     ‘variable.names’
    Undefined global functions or variables:
     model.weights predict read.csv variable.names
Flavors: r-devel-linux-x86_64-debian-clang, r-devel-linux-x86_64-debian-gcc, r-devel-linux-x86_64-fedora-clang, r-devel-linux-x86_64-fedora-gcc

Version: 0.1.4
Check: R code for possible problems
Result: NOTE
    cv_subsample: no visible global function definition for 'model.weights'
    parboost : data_import_function: no visible global function definition
     for 'read.csv'
    parboost_fit: no visible global function definition for 'predict'
    postprocess : none : predict_parboost: no visible binding for global
     variable 'predict'
    postprocess : glmfit: no visible global function definition for
     'gaussian'
    postprocess : glmfit: no visible global function definition for
     'binomial'
    postprocess : glmfit: no visible global function definition for
     'poisson'
    postprocess : glmfit: no visible global function definition for 'glm'
    postprocess : glmfit : predict_parboost: no visible binding for global
     variable 'predict'
    postprocess : glmfit : predict_parboost: no visible global function
     definition for 'predict'
    postprocess : glmfit: no visible global function definition for
     'predict'
    postprocess : glmfit: no visible global function definition for 'coef'
    postprocess : lasso : predict_parboost: no visible binding for global
     variable 'predict'
    postprocess : lasso : predict_parboost: no visible global function
     definition for 'predict'
    postprocess : lasso: no visible global function definition for
     'predict'
    postprocess : lasso: no visible global function definition for 'as'
    postprocess : lasso: no visible global function definition for 'coef'
    postprocess : ridge : predict_parboost: no visible binding for global
     variable 'predict'
    postprocess : ridge : predict_parboost: no visible global function
     definition for 'predict'
    postprocess : ridge: no visible global function definition for
     'predict'
    postprocess : ridge: no visible global function definition for 'as'
    postprocess : ridge: no visible global function definition for 'coef'
    postprocess : elasticnet : predict_parboost: no visible binding for
     global variable 'predict'
    postprocess : elasticnet : predict_parboost: no visible global function
     definition for 'predict'
    postprocess : elasticnet: no visible global function definition for
     'predict'
    postprocess : elasticnet: no visible global function definition for
     'as'
    postprocess : elasticnet: no visible global function definition for
     'coef'
    summary.parboost: no visible binding for global variable
     'variable.names'
    Undefined global functions or variables:
     as binomial coef gaussian glm model.weights poisson predict read.csv
     variable.names
Flavor: r-devel-windows-ix86+x86_64