CRAN Package Check Results for Package parboost

Last updated on 2014-11-26 18:48:30.

Flavor Version Tinstall Tcheck Ttotal Status Flags
r-devel-linux-x86_64-debian-clang 0.1.3 7.76 79.74 87.50 NOTE
r-devel-linux-x86_64-debian-gcc 0.1.3 6.98 74.98 81.95 NOTE
r-devel-linux-x86_64-fedora-clang 0.1.3 199.04 NOTE
r-devel-linux-x86_64-fedora-gcc 0.1.3 197.59 NOTE
r-devel-osx-x86_64-clang 0.1.3 158.27 NOTE
r-devel-windows-ix86+x86_64 0.1.3 25.00 122.00 147.00 NOTE
r-patched-linux-x86_64 0.1.3 8.21 79.47 87.68 NOTE
r-patched-solaris-sparc 0.1.3 1046.90 NOTE
r-patched-solaris-x86 0.1.3 245.80 NOTE
r-release-linux-ix86 0.1.3 8.34 91.84 100.18 NOTE
r-release-linux-x86_64 0.1.3 7.40 80.54 87.94 NOTE
r-release-osx-x86_64-mavericks 0.1.3 OK
r-release-osx-x86_64-snowleopard 0.1.3 OK
r-release-windows-ix86+x86_64 0.1.3 24.00 135.00 159.00 NOTE
r-oldrel-windows-ix86+x86_64 0.1.3 27.00 129.00 156.00 OK

Check Details

Version: 0.1.3
Check: R code for possible problems
Result: NOTE
    cv_subsample: no visible global function definition for ‘mstop’
    parboost: no visible global function definition for ‘boost_control’
    parboost_fit: no visible global function definition for ‘Gaussian’
    parboost_fit: no visible global function definition for ‘Binomial’
    parboost_fit: no visible global function definition for ‘Poisson’
Flavors: r-devel-linux-x86_64-debian-clang, r-devel-linux-x86_64-debian-gcc, r-devel-linux-x86_64-fedora-clang, r-devel-linux-x86_64-fedora-gcc, r-devel-osx-x86_64-clang, r-devel-windows-ix86+x86_64, r-patched-linux-x86_64, r-patched-solaris-sparc, r-patched-solaris-x86, r-release-linux-ix86, r-release-linux-x86_64, r-release-windows-ix86+x86_64