CRAN Package Check Results for Package parfm

Last updated on 2017-10-19 12:49:38.

Flavor Version Tinstall Tcheck Ttotal Status Flags
r-devel-linux-x86_64-debian-clang 2.7.5 3.31 115.84 119.15 OK
r-devel-linux-x86_64-debian-gcc 2.7.5 4.01 126.63 130.64 OK
r-devel-linux-x86_64-fedora-clang 2.7.5 261.57 OK
r-devel-linux-x86_64-fedora-gcc 2.7.5 259.22 OK
r-devel-windows-ix86+x86_64 2.7.5 8.00 207.00 215.00 OK
r-patched-linux-x86_64 2.7.5 3.08 114.54 117.62 OK
r-patched-solaris-x86 2.7.5 292.60 OK
r-release-linux-x86_64 2.7.5 3.07 116.28 119.35 OK
r-release-windows-ix86+x86_64 2.7.5 15.00 202.00 217.00 OK
r-release-osx-x86_64 2.7.5 WARN
r-oldrel-windows-ix86+x86_64 2.7.5 11.00 252.00 263.00 OK
r-oldrel-osx-x86_64 2.7.5 OK

Check Details

Version: 2.7.5
Check: re-building of vignette outputs
Result: WARN
    Error in re-building vignettes:
     ...
    Error in texi2dvi(file = file, pdf = TRUE, clean = clean, quiet = quiet, :
     Running 'texi2dvi' on 'parfm.tex' failed.
    LaTeX errors:
    ! LaTeX Error: File `multirow.sty' not found.
    
    Type X to quit or <RETURN> to proceed,
    or enter new name. (Default extension: sty)
    
    ! Emergency stop.
    <read *>
    
    l.12 ^^M
    
    ! ==> Fatal error occurred, no output PDF file produced!
    Calls: buildVignettes -> texi2pdf -> texi2dvi
    Execution halted
Flavor: r-release-osx-x86_64