CRAN Package Check Results for Package parfm

Last updated on 2015-02-01 15:47:41.

Flavor Version Tinstall Tcheck Ttotal Status Flags
r-devel-linux-x86_64-debian-clang 2.5.6 2.88 79.06 81.94 NOTE
r-devel-linux-x86_64-debian-gcc 2.5.6 2.72 80.30 83.02 NOTE
r-devel-linux-x86_64-fedora-clang 2.5.6 207.19 NOTE
r-devel-linux-x86_64-fedora-gcc 2.5.6 166.06 NOTE
r-devel-osx-x86_64-clang 2.5.6 149.10 NOTE
r-devel-windows-ix86+x86_64 2.5.6 10.00 122.00 132.00 NOTE
r-patched-linux-x86_64 2.5.6 3.78 98.48 102.26 OK
r-patched-solaris-sparc 2.5.6 1145.90 OK
r-patched-solaris-x86 2.5.6 257.50 OK
r-release-linux-ix86 2.5.6 4.41 110.29 114.70 OK
r-release-linux-x86_64 2.5.6 3.71 100.13 103.84 OK
r-release-osx-x86_64-mavericks 2.5.6 OK
r-release-osx-x86_64-snowleopard 2.5.6 OK
r-release-windows-ix86+x86_64 2.5.6 10.00 140.00 150.00 OK
r-oldrel-windows-ix86+x86_64 2.5.6 9.00 167.00 176.00 OK

Check Details

Version: 2.5.6
Check: dependencies in R code
Result: NOTE
    'library' or 'require' call to ‘graphics’ in package code.
     Please use :: or requireNamespace() instead.
     See section 'Suggested packages' in the 'Writing R Extensions' manual.
Flavors: r-devel-linux-x86_64-debian-clang, r-devel-linux-x86_64-debian-gcc, r-devel-linux-x86_64-fedora-clang, r-devel-linux-x86_64-fedora-gcc, r-devel-osx-x86_64-clang, r-devel-windows-ix86+x86_64

Version: 2.5.6
Check: S3 generic/method consistency
Result: NOTE
    Found the following apparent S3 methods exported but not registered:
     plot.parfm anova.parfm
    See section ‘Registering S3 methods’ in the ‘Writing R Extensions’
    manual.
Flavors: r-devel-linux-x86_64-debian-clang, r-devel-linux-x86_64-debian-gcc, r-devel-linux-x86_64-fedora-clang, r-devel-linux-x86_64-fedora-gcc, r-devel-osx-x86_64-clang