Last updated on 2022-06-25 21:53:07 CEST.
Flavor | Version | Tinstall | Tcheck | Ttotal | Status | Flags |
---|---|---|---|---|---|---|
r-devel-linux-x86_64-debian-clang | 2.7.6 | 10.54 | 227.05 | 237.59 | NOTE | |
r-devel-linux-x86_64-debian-gcc | 2.7.6 | 7.88 | 164.22 | 172.10 | NOTE | |
r-devel-linux-x86_64-fedora-clang | 2.7.6 | 281.18 | NOTE | |||
r-devel-linux-x86_64-fedora-gcc | 2.7.6 | 283.71 | NOTE | |||
r-devel-windows-x86_64 | 2.7.6 | 24.00 | 263.00 | 287.00 | OK | |
r-patched-linux-x86_64 | 2.7.6 | 13.52 | 210.31 | 223.83 | NOTE | |
r-release-linux-x86_64 | 2.7.6 | 8.68 | 211.76 | 220.44 | NOTE | |
r-release-macos-arm64 | 2.7.6 | 74.00 | OK | |||
r-release-macos-x86_64 | 2.7.6 | 103.00 | OK | |||
r-release-windows-x86_64 | 2.7.6 | 28.00 | 275.00 | 303.00 | OK | |
r-oldrel-macos-arm64 | 2.7.6 | 76.00 | OK | |||
r-oldrel-macos-x86_64 | 2.7.6 | 132.00 | OK | |||
r-oldrel-windows-ix86+x86_64 | 2.7.6 | 21.00 | 261.00 | 282.00 | OK |
Version: 2.7.6
Check: for non-standard things in the check directory
Result: NOTE
Found the following files/directories:
'NUL'
Flavors: r-devel-linux-x86_64-debian-clang, r-devel-linux-x86_64-debian-gcc, r-devel-linux-x86_64-fedora-clang, r-devel-linux-x86_64-fedora-gcc, r-patched-linux-x86_64, r-release-linux-x86_64