CRAN Package Check Results for Package parfm

Last updated on 2014-04-25 05:47:21.

Flavor Version Tinstall Tcheck Ttotal Status Flags
r-devel-linux-x86_64-debian-clang 2.5.6 4.02 96.97 100.99 OK
r-devel-linux-x86_64-debian-gcc 2.5.6 3.99 97.40 101.39 OK
r-devel-linux-x86_64-fedora-clang 2.5.6 226.46 OK
r-devel-linux-x86_64-fedora-gcc 2.5.6 229.08 OK
r-devel-osx-x86_64-clang 2.5.6 170.21 OK
r-devel-osx-x86_64-gcc 2.5.6 OK
r-devel-windows-ix86+x86_64 2.5.6 9.00 148.00 157.00 OK
r-patched-linux-x86_64 2.5.6 4.02 96.47 100.50 OK
r-patched-solaris-sparc 2.5.6 1085.50 OK
r-patched-solaris-x86 2.5.6 254.90 OK
r-release-linux-ix86 2.5.6 6.00 145.00 151.00 OK
r-release-linux-x86_64 2.5.6 4.01 98.69 102.70 OK
r-release-osx-x86_64-mavericks 2.5.6 WARN
r-release-osx-x86_64-snowleopard 2.5.6 OK
r-release-windows-ix86+x86_64 2.5.6 10.00 148.00 158.00 OK
r-oldrel-windows-ix86+x86_64 2.5.6 10.00 149.00 159.00 OK

Check Details

Version: 2.5.6
Check: PDF version of manual
Result: WARNING
    LaTeX errors when creating PDF version.
    This typically indicates Rd problems.
    LaTeX errors found:
    ! LaTeX Error: File `upquote.sty' not found.
    
    Type X to quit or <RETURN> to proceed,
    or enter new name. (Default extension: sty)
    
    7304219d/Rd2.tex:8: ==> Fatal error occurred, no output PDF file produced!
Flavor: r-release-osx-x86_64-mavericks