CRAN Package Check Results for Package parfm

Last updated on 2018-06-25 17:49:50 CEST.

Flavor Version Tinstall Tcheck Ttotal Status Flags
r-devel-linux-x86_64-debian-clang 2.7.5 6.07 173.68 179.75 OK
r-devel-linux-x86_64-debian-gcc 2.7.5 5.82 150.45 156.27 OK
r-devel-linux-x86_64-fedora-clang 2.7.5 239.33 OK
r-devel-linux-x86_64-fedora-gcc 2.7.5 230.74 OK
r-devel-windows-ix86+x86_64 2.7.5 19.00 220.00 239.00 OK
r-patched-linux-x86_64 2.7.5 5.99 173.09 179.08 OK
r-patched-solaris-x86 2.7.5 290.10 OK
r-release-linux-x86_64 2.7.5 5.55 174.12 179.67 OK
r-release-windows-ix86+x86_64 2.7.5 14.00 197.00 211.00 OK
r-release-osx-x86_64 2.7.5 OK
r-oldrel-windows-ix86+x86_64 2.7.5 10.00 279.00 289.00 OK
r-oldrel-osx-x86_64 2.7.5 WARN

Check Details

Version: 2.7.5
Check: re-building of vignette outputs
Result: WARN
    Error in re-building vignettes:
     ...
    Error in texi2dvi(file = file, pdf = TRUE, clean = clean, quiet = quiet, :
     Running 'texi2dvi' on 'parfm.tex' failed.
    LaTeX errors:
    ! LaTeX Error: File `multirow.sty' not found.
    
    Type X to quit or <RETURN> to proceed,
    or enter new name. (Default extension: sty)
    
    ! Emergency stop.
    <read *>
    
    l.12 ^^M
    
    ! ==> Fatal error occurred, no output PDF file produced!
    Calls: buildVignettes -> texi2pdf -> texi2dvi
    Execution halted
Flavor: r-oldrel-osx-x86_64