CRAN Package Check Results for Package parfm

Last updated on 2018-04-25 15:48:20 CEST.

Flavor Version Tinstall Tcheck Ttotal Status Flags
r-devel-linux-x86_64-debian-clang 2.7.5 5.46 184.48 189.94 OK
r-devel-linux-x86_64-debian-gcc 2.7.5 4.84 140.79 145.63 OK
r-devel-linux-x86_64-fedora-clang 2.7.5 231.48 OK
r-devel-linux-x86_64-fedora-gcc 2.7.5 222.79 OK
r-devel-windows-ix86+x86_64 2.7.5 16.00 192.00 208.00 OK
r-patched-linux-x86_64 2.7.5 7.17 181.21 188.38 OK
r-patched-solaris-x86 2.7.5 294.20 OK
r-release-linux-x86_64 2.7.5 6.37 180.45 186.82 OK
r-release-windows-ix86+x86_64 2.7.5 16.00 192.00 208.00 OK
r-release-osx-x86_64 2.7.5 OK
r-oldrel-windows-ix86+x86_64 2.7.5 10.00 278.00 288.00 OK
r-oldrel-osx-x86_64 2.7.5 WARN

Check Details

Version: 2.7.5
Check: re-building of vignette outputs
Result: WARN
    Error in re-building vignettes:
     ...
    Error in texi2dvi(file = file, pdf = TRUE, clean = clean, quiet = quiet, :
     Running 'texi2dvi' on 'parfm.tex' failed.
    LaTeX errors:
    ! LaTeX Error: File `multirow.sty' not found.
    
    Type X to quit or <RETURN> to proceed,
    or enter new name. (Default extension: sty)
    
    ! Emergency stop.
    <read *>
    
    l.12 ^^M
    
    ! ==> Fatal error occurred, no output PDF file produced!
    Calls: buildVignettes -> texi2pdf -> texi2dvi
    Execution halted
Flavor: r-oldrel-osx-x86_64