CRAN Package Check Results for Package parfm

Last updated on 2015-08-01 19:48:25.

Flavor Version Tinstall Tcheck Ttotal Status Flags
r-devel-linux-x86_64-debian-clang 2.5.8 3.52 78.08 81.60 NOTE
r-devel-linux-x86_64-debian-gcc 2.5.8 3.05 75.41 78.46 NOTE
r-devel-linux-x86_64-fedora-clang 2.5.8 164.68 NOTE
r-devel-linux-x86_64-fedora-gcc 2.5.8 159.49 NOTE
r-devel-osx-x86_64-clang 2.5.8 131.04 OK
r-devel-windows-ix86+x86_64 2.5.8 11.00 135.00 146.00 NOTE
r-patched-linux-x86_64 2.5.8 2.85 81.00 83.86 OK
r-patched-solaris-sparc 2.5.8 979.50 OK
r-patched-solaris-x86 2.5.8 205.40 OK
r-release-linux-x86_64 2.5.8 2.76 76.13 78.89 OK
r-release-osx-x86_64-mavericks 2.5.8 OK
r-release-windows-ix86+x86_64 2.5.8 12.00 138.00 150.00 OK
r-oldrel-windows-ix86+x86_64 2.5.8 14.00 154.00 168.00 OK

Check Details

Version: 2.5.8
Check: R code for possible problems
Result: NOTE
    Mloglikelihood: no visible global function definition for ‘aggregate’
    anova.parfm: no visible global function definition for ‘update.formula’
    anova.parfm: no visible global function definition for ‘pchisq’
    anova.parfmlist : <anonymous>: no visible global function definition
     for ‘formula’
    anova.parfmlist : tfun: no visible global function definition for
     ‘delete.response’
    anova.parfmlist : tfun: no visible global function definition for
     ‘terms’
    anova.parfmlist : tfun: no visible global function definition for
     ‘formula’
    anova.parfmlist: no visible global function definition for ‘pchisq’
    ci.parfm: no visible global function definition for ‘qnorm’
    fr.ingau: no visible global function definition for ‘integrate’
    fr.lognormal: no visible global function definition for ‘nlm’
    lognormal: no visible global function definition for ‘plnorm’
    lognormal: no visible global function definition for ‘dlnorm’
    parfm: no visible global function definition for ‘model.matrix’
    parfm: no visible global function definition for ‘aggregate’
    parfm: no visible global function definition for ‘xtabs’
    parfm: no visible global function definition for ‘pnorm’
    parfm: no visible global function definition for ‘terms’
    select.parfm: no visible global function definition for ‘AIC’
    select.parfm: no visible global function definition for ‘BIC’
    Undefined global functions or variables:
     AIC BIC aggregate delete.response dlnorm formula integrate
     model.matrix nlm pchisq plnorm pnorm qnorm terms update.formula xtabs
    Consider adding
     importFrom("stats", "AIC", "BIC", "aggregate", "delete.response",
     "dlnorm", "formula", "integrate", "model.matrix", "nlm",
     "pchisq", "plnorm", "pnorm", "qnorm", "terms",
     "update.formula", "xtabs")
    to your NAMESPACE.
Flavors: r-devel-linux-x86_64-debian-clang, r-devel-linux-x86_64-debian-gcc, r-devel-linux-x86_64-fedora-clang, r-devel-linux-x86_64-fedora-gcc, r-devel-windows-ix86+x86_64