CRAN Package Check Results for Package parfm

Last updated on 2017-04-27 10:48:36.

Flavor Version Tinstall Tcheck Ttotal Status Flags
r-devel-linux-x86_64-debian-clang 2.7.1 3.20 112.21 115.42 OK
r-devel-linux-x86_64-debian-gcc 2.7.1 3.06 109.13 112.19 OK
r-devel-linux-x86_64-fedora-clang 2.7.1 277.25 OK --no-stop-on-test-error
r-devel-linux-x86_64-fedora-gcc 2.7.1 242.49 OK --no-stop-on-test-error
r-devel-windows-ix86+x86_64 2.7.1 8.00 254.00 262.00 OK
r-patched-linux-x86_64 2.7.1 3.01 108.42 111.42 OK
r-patched-solaris-sparc 2.7.1 1373.90 OK
r-patched-solaris-x86 2.7.1 279.40 OK
r-release-linux-x86_64 2.7.1 3.29 109.26 112.55 OK
r-release-windows-ix86+x86_64 2.7.1 11.00 209.00 220.00 OK
r-release-osx-x86_64 2.7.1 WARN
r-oldrel-windows-ix86+x86_64 2.7.1 9.00 243.00 252.00 OK
r-oldrel-osx-x86_64 2.7.1 OK

Check Details

Version: 2.7.1
Check: re-building of vignette outputs
Result: WARN
    Error in re-building vignettes:
     ...
    Error in texi2dvi(file = file, pdf = TRUE, clean = clean, quiet = quiet, :
     Running 'texi2dvi' on 'parfm.tex' failed.
    LaTeX errors:
    ! LaTeX Error: File `multirow.sty' not found.
    
    Type X to quit or <RETURN> to proceed,
    or enter new name. (Default extension: sty)
    
    ! Emergency stop.
    <read *>
    
    l.10 ^^M
    
    ! ==> Fatal error occurred, no output PDF file produced!
    Calls: buildVignettes -> texi2pdf -> texi2dvi
    Execution halted
Flavor: r-release-osx-x86_64