CRAN Package Check Results for Package parfm

Last updated on 2017-06-28 10:48:24.

Flavor Version Tinstall Tcheck Ttotal Status Flags
r-devel-linux-x86_64-debian-clang 2.7.5 2.94 116.39 119.33 OK
r-devel-linux-x86_64-debian-gcc 2.7.5 3.10 113.79 116.88 OK
r-devel-linux-x86_64-fedora-clang 2.7.5 259.08 OK
r-devel-linux-x86_64-fedora-gcc 2.7.5 250.21 OK
r-devel-windows-ix86+x86_64 2.7.5 13.00 200.00 213.00 OK
r-patched-linux-x86_64 2.7.5 3.24 113.54 116.78 OK
r-patched-solaris-sparc 2.7.5 1365.20 OK
r-patched-solaris-x86 2.7.5 291.00 OK
r-release-linux-x86_64 2.7.5 3.46 116.78 120.24 OK
r-release-windows-ix86+x86_64 2.7.5 10.00 265.00 275.00 OK
r-release-osx-x86_64 2.7.5 WARN
r-oldrel-windows-ix86+x86_64 2.7.5 12.00 273.00 285.00 OK
r-oldrel-osx-x86_64 2.7.5 OK

Check Details

Version: 2.7.5
Check: re-building of vignette outputs
Result: WARN
    Error in re-building vignettes:
     ...
    Error in texi2dvi(file = file, pdf = TRUE, clean = clean, quiet = quiet, :
     Running 'texi2dvi' on 'parfm.tex' failed.
    LaTeX errors:
    ! LaTeX Error: File `multirow.sty' not found.
    
    Type X to quit or <RETURN> to proceed,
    or enter new name. (Default extension: sty)
    
    ! Emergency stop.
    <read *>
    
    l.12 ^^M
    
    ! ==> Fatal error occurred, no output PDF file produced!
    Calls: buildVignettes -> texi2pdf -> texi2dvi
    Execution halted
Flavor: r-release-osx-x86_64