CRAN Package Check Results for Package parfm

Last updated on 2017-08-17 09:47:08.

Flavor Version Tinstall Tcheck Ttotal Status Flags
r-devel-linux-x86_64-debian-clang 2.7.5 3.14 113.20 116.34 OK
r-devel-linux-x86_64-debian-gcc 2.7.5 3.42 113.32 116.74 OK
r-devel-linux-x86_64-fedora-clang 2.7.5 254.55 OK
r-devel-linux-x86_64-fedora-gcc 2.7.5 250.64 OK
r-devel-windows-ix86+x86_64 2.7.5 8.00 212.00 220.00 OK
r-patched-linux-x86_64 2.7.5 3.20 115.35 118.55 OK
r-patched-solaris-x86 2.7.5 293.70 OK
r-release-linux-x86_64 2.7.5 3.08 115.51 118.60 OK
r-release-windows-ix86+x86_64 2.7.5 10.00 192.00 202.00 OK
r-release-osx-x86_64 2.7.5 WARN
r-oldrel-windows-ix86+x86_64 2.7.5 8.00 186.00 194.00 OK
r-oldrel-osx-x86_64 2.7.5 OK

Check Details

Version: 2.7.5
Check: re-building of vignette outputs
Result: WARN
    Error in re-building vignettes:
     ...
    Error in texi2dvi(file = file, pdf = TRUE, clean = clean, quiet = quiet, :
     Running 'texi2dvi' on 'parfm.tex' failed.
    LaTeX errors:
    ! LaTeX Error: File `multirow.sty' not found.
    
    Type X to quit or <RETURN> to proceed,
    or enter new name. (Default extension: sty)
    
    ! Emergency stop.
    <read *>
    
    l.12 ^^M
    
    ! ==> Fatal error occurred, no output PDF file produced!
    Calls: buildVignettes -> texi2pdf -> texi2dvi
    Execution halted
Flavor: r-release-osx-x86_64