CRAN Package Check Results for Package parfossil

Last updated on 2015-01-30 11:49:18.

Flavor Version Tinstall Tcheck Ttotal Status Flags
r-devel-linux-x86_64-debian-clang 0.2.0 1.08 14.24 15.32 NOTE
r-devel-linux-x86_64-debian-gcc 0.2.0 1.00 14.98 15.98 NOTE
r-devel-linux-x86_64-fedora-clang 0.2.0 34.11 NOTE
r-devel-linux-x86_64-fedora-gcc 0.2.0 34.20 NOTE
r-devel-osx-x86_64-clang 0.2.0 40.59 NOTE
r-devel-windows-ix86+x86_64 0.2.0 4.00 24.00 28.00 NOTE
r-patched-linux-x86_64 0.2.0 1.17 18.53 19.70 NOTE
r-patched-solaris-sparc 0.2.0 228.30 NOTE
r-patched-solaris-x86 0.2.0 55.60 NOTE
r-release-linux-ix86 0.2.0 1.54 24.20 25.74 NOTE
r-release-linux-x86_64 0.2.0 1.36 17.81 19.17 NOTE
r-release-osx-x86_64-mavericks 0.2.0 NOTE
r-release-osx-x86_64-snowleopard 0.2.0 NOTE
r-release-windows-ix86+x86_64 0.2.0 7.00 36.00 43.00 NOTE
r-oldrel-windows-ix86+x86_64 0.2.0 7.00 33.00 40.00 NOTE

Check Details

Version: 0.2.0
Check: R code for possible problems
Result: NOTE
    par.nmds: no visible binding for global variable ā€˜jā€™
    par.spp.est: no visible binding for global variable ā€˜iā€™
Flavors: r-devel-linux-x86_64-debian-clang, r-devel-linux-x86_64-debian-gcc, r-devel-linux-x86_64-fedora-clang, r-devel-linux-x86_64-fedora-gcc, r-devel-osx-x86_64-clang, r-devel-windows-ix86+x86_64, r-patched-linux-x86_64, r-patched-solaris-sparc, r-patched-solaris-x86, r-release-linux-ix86, r-release-linux-x86_64, r-release-osx-x86_64-mavericks, r-release-osx-x86_64-snowleopard, r-release-windows-ix86+x86_64, r-oldrel-windows-ix86+x86_64

Version: 0.2.0
Check: Rd line widths
Result: NOTE
    Rd file 'par.nmds.Rd':
     \usage lines wider than 90 characters:
     par.nmds(dmat, mindim = 1, maxdim = 2, nits = 10, iconf = 0, epsilon = 1e-12, maxit = 500, trace = FALSE)
    
    These lines will be truncated in the PDF manual.
Flavors: r-devel-linux-x86_64-debian-clang, r-devel-linux-x86_64-debian-gcc, r-devel-linux-x86_64-fedora-clang, r-devel-linux-x86_64-fedora-gcc, r-patched-linux-x86_64, r-release-linux-x86_64