CRAN Package Check Results for Package parfossil

Last updated on 2015-04-25 17:46:54.

Flavor Version Tinstall Tcheck Ttotal Status Flags
r-devel-linux-x86_64-debian-clang 0.2.0 0.25 1.47 1.72 ERROR
r-devel-linux-x86_64-debian-gcc 0.2.0 0.99 14.45 15.44 NOTE
r-devel-linux-x86_64-fedora-clang 0.2.0 30.89 NOTE
r-devel-linux-x86_64-fedora-gcc 0.2.0 29.51 NOTE
r-devel-osx-x86_64-clang 0.2.0 31.12 NOTE
r-devel-windows-ix86+x86_64 0.2.0 4.00 26.00 30.00 NOTE
r-patched-linux-x86_64 0.2.0 0.96 14.41 15.37 NOTE
r-patched-solaris-sparc 0.2.0 190.50 NOTE
r-patched-solaris-x86 0.2.0 42.00 NOTE
r-release-linux-x86_64 0.2.0 0.95 14.47 15.42 NOTE
r-release-osx-x86_64-mavericks 0.2.0 NOTE
r-release-osx-x86_64-snowleopard 0.2.0 NOTE
r-release-windows-ix86+x86_64 0.2.0 4.00 27.00 31.00 NOTE
r-oldrel-windows-ix86+x86_64 0.2.0 5.00 37.00 42.00 NOTE

Check Details

Version: 0.2.0
Check: R code for possible problems
Result: NOTE
    par.nmds: no visible binding for global variable 'j'
    par.spp.est: no visible binding for global variable 'i'
Flavors: r-devel-windows-ix86+x86_64, r-release-windows-ix86+x86_64, r-oldrel-windows-ix86+x86_64