CRAN Package Check Results for Package parfossil

Last updated on 2015-08-02 03:48:19.

Flavor Version Tinstall Tcheck Ttotal Status Flags
r-devel-linux-x86_64-debian-clang 0.2.0 1.03 14.03 15.06 NOTE
r-devel-linux-x86_64-debian-gcc 0.2.0 0.94 13.58 14.52 NOTE
r-devel-linux-x86_64-fedora-clang 0.2.0 30.81 NOTE
r-devel-linux-x86_64-fedora-gcc 0.2.0 28.40 NOTE
r-devel-osx-x86_64-clang 0.2.0 27.77 NOTE
r-devel-windows-ix86+x86_64 0.2.0 3.00 27.00 30.00 NOTE
r-patched-linux-x86_64 0.2.0 1.07 14.04 15.10 NOTE
r-patched-solaris-sparc 0.2.0 189.60 NOTE
r-patched-solaris-x86 0.2.0 45.20 NOTE
r-release-linux-x86_64 0.2.0 1.18 13.88 15.05 NOTE
r-release-osx-x86_64-mavericks 0.2.0 NOTE
r-release-windows-ix86+x86_64 0.2.0 6.00 35.00 41.00 NOTE
r-oldrel-windows-ix86+x86_64 0.2.0 10.00 36.00 46.00 NOTE

Check Details

Version: 0.2.0
Check: R code for possible problems
Result: NOTE
    par.nmds : nmdscalc: no visible global function definition for ‘runif’
    par.nmds : nmdscalc: no visible global function definition for ‘dist’
    par.nmds: no visible binding for global variable ‘j’
    par.nmds: no visible global function definition for ‘cor’
    par.nmds: no visible global function definition for ‘dist’
    par.spp.est: no visible binding for global variable ‘i’
    par.spp.est: no visible global function definition for ‘sd’
    Undefined global functions or variables:
     cor dist i j runif sd
    Consider adding
     importFrom("stats", "cor", "dist", "runif", "sd")
    to your NAMESPACE.
Flavors: r-devel-linux-x86_64-debian-clang, r-devel-linux-x86_64-debian-gcc, r-devel-linux-x86_64-fedora-clang, r-devel-linux-x86_64-fedora-gcc, r-devel-windows-ix86+x86_64

Version: 0.2.0
Check: Rd line widths
Result: NOTE
    Rd file 'par.nmds.Rd':
     \usage lines wider than 90 characters:
     par.nmds(dmat, mindim = 1, maxdim = 2, nits = 10, iconf = 0, epsilon = 1e-12, maxit = 500, trace = FALSE)
    
    These lines will be truncated in the PDF manual.
Flavors: r-devel-linux-x86_64-debian-clang, r-devel-linux-x86_64-debian-gcc, r-devel-linux-x86_64-fedora-clang, r-devel-linux-x86_64-fedora-gcc, r-patched-linux-x86_64, r-release-linux-x86_64

Version: 0.2.0
Check: R code for possible problems
Result: NOTE
    par.nmds: no visible binding for global variable ‘j’
    par.spp.est: no visible binding for global variable ‘i’
    Undefined global functions or variables:
     i j
Flavor: r-devel-osx-x86_64-clang

Version: 0.2.0
Check: R code for possible problems
Result: NOTE
    par.nmds: no visible binding for global variable ‘j’
    par.spp.est: no visible binding for global variable ‘i’
Flavors: r-patched-linux-x86_64, r-patched-solaris-sparc, r-patched-solaris-x86, r-release-linux-x86_64, r-release-osx-x86_64-mavericks, r-release-windows-ix86+x86_64, r-oldrel-windows-ix86+x86_64