CRAN Package Check Results for Package parfossil

Last updated on 2015-05-30 06:46:56.

Flavor Version Tinstall Tcheck Ttotal Status Flags
r-devel-linux-x86_64-debian-clang 0.2.0 0.97 13.86 14.83 NOTE
r-devel-linux-x86_64-debian-gcc 0.2.0 1.06 13.64 14.70 NOTE
r-devel-linux-x86_64-fedora-clang 0.2.0 29.78 NOTE
r-devel-linux-x86_64-fedora-gcc 0.2.0 27.90 NOTE
r-devel-osx-x86_64-clang 0.2.0 31.37 NOTE
r-devel-windows-ix86+x86_64 0.2.0 4.00 25.00 29.00 NOTE
r-patched-linux-x86_64 0.2.0 0.98 14.16 15.14 NOTE
r-patched-solaris-sparc 0.2.0 195.00 NOTE
r-patched-solaris-x86 0.2.0 44.80 NOTE
r-release-linux-x86_64 0.2.0 0.98 13.98 14.96 NOTE
r-release-osx-x86_64-mavericks 0.2.0 NOTE
r-release-osx-x86_64-snowleopard 0.2.0 NOTE
r-release-windows-ix86+x86_64 0.2.0 5.00 25.00 30.00 NOTE
r-oldrel-windows-ix86+x86_64 0.2.0 6.00 56.00 62.00 NOTE

Check Details

Version: 0.2.0
Check: R code for possible problems
Result: NOTE
    par.nmds: no visible binding for global variable ā€˜jā€™
    par.spp.est: no visible binding for global variable ā€˜iā€™
Flavors: r-devel-linux-x86_64-debian-clang, r-devel-linux-x86_64-debian-gcc, r-devel-linux-x86_64-fedora-clang, r-devel-linux-x86_64-fedora-gcc, r-devel-osx-x86_64-clang, r-devel-windows-ix86+x86_64, r-patched-linux-x86_64, r-patched-solaris-sparc, r-patched-solaris-x86, r-release-linux-x86_64, r-release-osx-x86_64-mavericks, r-release-osx-x86_64-snowleopard, r-release-windows-ix86+x86_64, r-oldrel-windows-ix86+x86_64

Version: 0.2.0
Check: Rd line widths
Result: NOTE
    Rd file 'par.nmds.Rd':
     \usage lines wider than 90 characters:
     par.nmds(dmat, mindim = 1, maxdim = 2, nits = 10, iconf = 0, epsilon = 1e-12, maxit = 500, trace = FALSE)
    
    These lines will be truncated in the PDF manual.
Flavors: r-devel-linux-x86_64-debian-clang, r-devel-linux-x86_64-debian-gcc, r-devel-linux-x86_64-fedora-clang, r-devel-linux-x86_64-fedora-gcc, r-patched-linux-x86_64, r-release-linux-x86_64