CRAN Package Check Results for Package parfossil

Last updated on 2014-10-23 05:46:47.

Flavor Version Tinstall Tcheck Ttotal Status Flags
r-devel-linux-x86_64-debian-clang 0.2.0 1.21 18.03 19.24 NOTE
r-devel-linux-x86_64-debian-gcc 0.2.0 1.14 18.33 19.47 NOTE
r-devel-linux-x86_64-fedora-clang 0.2.0 40.78 NOTE
r-devel-linux-x86_64-fedora-gcc 0.2.0 37.24 NOTE
r-devel-osx-x86_64-clang 0.2.0 41.41 NOTE
r-devel-windows-ix86+x86_64 0.2.0 5.00 31.00 36.00 NOTE
r-patched-linux-x86_64 0.2.0 1.40 17.83 19.23 NOTE
r-patched-solaris-sparc 0.2.0 222.60 NOTE
r-patched-solaris-x86 0.2.0 54.70 NOTE
r-release-linux-ix86 0.2.0 1.80 25.58 27.38 NOTE
r-release-linux-x86_64 0.2.0 1.23 18.32 19.55 NOTE
r-release-osx-x86_64-mavericks 0.2.0 NOTE
r-release-osx-x86_64-snowleopard 0.2.0 NOTE
r-release-windows-ix86+x86_64 0.2.0 6.00 31.00 37.00 NOTE
r-oldrel-windows-ix86+x86_64 0.2.0 6.00 33.00 39.00 NOTE

Check Details

Version: 0.2.0
Check: R code for possible problems
Result: NOTE
    par.nmds: no visible binding for global variable ā€˜jā€™
    par.spp.est: no visible binding for global variable ā€˜iā€™
Flavors: r-devel-linux-x86_64-debian-clang, r-devel-linux-x86_64-debian-gcc, r-devel-linux-x86_64-fedora-clang, r-devel-linux-x86_64-fedora-gcc, r-devel-osx-x86_64-clang, r-devel-windows-ix86+x86_64, r-patched-linux-x86_64, r-patched-solaris-sparc, r-patched-solaris-x86, r-release-linux-ix86, r-release-linux-x86_64, r-release-osx-x86_64-mavericks, r-release-osx-x86_64-snowleopard, r-release-windows-ix86+x86_64, r-oldrel-windows-ix86+x86_64

Version: 0.2.0
Check: Rd line widths
Result: NOTE
    Rd file 'par.nmds.Rd':
     \usage lines wider than 90 characters:
     par.nmds(dmat, mindim = 1, maxdim = 2, nits = 10, iconf = 0, epsilon = 1e-12, maxit = 500, trace = FALSE)
    
    These lines will be truncated in the PDF manual.
Flavors: r-devel-linux-x86_64-debian-clang, r-devel-linux-x86_64-debian-gcc, r-devel-linux-x86_64-fedora-clang, r-devel-linux-x86_64-fedora-gcc, r-patched-linux-x86_64, r-release-linux-x86_64