CRAN Package Check Results for Package parma

Last updated on 2018-10-19 23:56:52 CEST.

Flavor Version Tinstall Tcheck Ttotal Status Flags
r-devel-linux-x86_64-debian-clang 1.5-3 11.68 68.24 79.92 OK
r-devel-linux-x86_64-debian-gcc 1.5-3 11.24 52.16 63.40 OK
r-devel-linux-x86_64-fedora-clang 1.5-3 99.36 NOTE
r-devel-linux-x86_64-fedora-gcc 1.5-3 96.07 NOTE
r-devel-windows-ix86+x86_64 1.5-3 27.00 95.00 122.00 OK
r-patched-linux-x86_64 1.5-3 12.67 64.62 77.29 OK
r-patched-solaris-x86 1.5-3 114.40 NOTE
r-release-linux-x86_64 1.5-3 12.62 64.81 77.43 OK
r-release-windows-ix86+x86_64 1.5-3 24.00 115.00 139.00 OK
r-release-osx-x86_64 1.5-3 NOTE
r-oldrel-windows-ix86+x86_64 1.5-3 9.00 120.00 129.00 OK
r-oldrel-osx-x86_64 1.5-3 NOTE

Check Details

Version: 1.5-3
Check: compiled code
Result: NOTE
    File ‘parma/libs/parma.so’:
     Found no calls to: ‘R_registerRoutines’, ‘R_useDynamicSymbols’
    
    It is good practice to register native routines and to disable symbol
    search.
    
    See ‘Writing portable packages’ in the ‘Writing R Extensions’ manual.
Flavors: r-devel-linux-x86_64-fedora-clang, r-devel-linux-x86_64-fedora-gcc

Version: 1.5-3
Check: package dependencies
Result: NOTE
    Package suggested but not available for checking: ‘Rsymphony’
Flavors: r-patched-solaris-x86, r-release-osx-x86_64, r-oldrel-osx-x86_64