CRAN Package Check Results for Package parma

Last updated on 2015-08-28 21:46:51.

Flavor Version Tinstall Tcheck Ttotal Status Flags
r-devel-linux-x86_64-debian-clang 1.5-2 2.02 48.07 50.08 OK
r-devel-linux-x86_64-debian-gcc 1.5-2 2.17 46.04 48.21 OK
r-devel-linux-x86_64-fedora-clang 1.5-2 94.89 OK
r-devel-linux-x86_64-fedora-gcc 1.5-2 92.23 OK
r-devel-osx-x86_64-clang 1.5-2 85.01 OK
r-devel-windows-ix86+x86_64 1.5-2 11.00 106.00 117.00 OK
r-patched-linux-x86_64 1.5-2 2.23 48.28 50.51 OK
r-patched-solaris-sparc 1.5-2 606.90 NOTE
r-patched-solaris-x86 1.5-2 124.00 NOTE
r-release-linux-x86_64 1.5-2 2.13 48.44 50.57 OK
r-release-osx-x86_64-mavericks 1.5-2 NOTE
r-release-windows-ix86+x86_64 1.5-2 9.00 112.00 121.00 OK
r-oldrel-windows-ix86+x86_64 1.5-2 15.00 115.00 130.00 OK

Check Details

Version: 1.5-2
Check: package dependencies
Result: NOTE
    Package suggested but not available for checking: ‘Rsymphony’
Flavors: r-patched-solaris-sparc, r-patched-solaris-x86, r-release-osx-x86_64-mavericks