CRAN Package Check Results for Package parma

Last updated on 2020-06-01 04:47:04 CEST.

Flavor Version Tinstall Tcheck Ttotal Status Flags
r-devel-linux-x86_64-debian-clang 1.5-3 18.97 76.58 95.55 OK
r-devel-linux-x86_64-debian-gcc 1.5-3 16.36 57.93 74.29 OK
r-devel-linux-x86_64-fedora-clang 1.5-3 121.80 NOTE
r-devel-linux-x86_64-fedora-gcc 1.5-3 114.87 NOTE
r-devel-windows-ix86+x86_64 1.5-3 39.00 131.00 170.00 OK
r-patched-linux-x86_64 1.5-3 16.39 76.98 93.37 OK
r-patched-solaris-x86 1.5-3 140.70 NOTE
r-release-linux-x86_64 1.5-3 17.53 78.91 96.44 OK
r-release-osx-x86_64 1.5-3 NOTE
r-release-windows-ix86+x86_64 1.5-3 32.00 128.00 160.00 OK
r-oldrel-osx-x86_64 1.5-3 NOTE
r-oldrel-windows-ix86+x86_64 1.5-3 37.00 95.00 132.00 OK

Check Details

Version: 1.5-3
Check: compiled code
Result: NOTE
    File ‘parma/libs/parma.so’:
     Found no calls to: ‘R_registerRoutines’, ‘R_useDynamicSymbols’
    
    It is good practice to register native routines and to disable symbol
    search.
    
    See ‘Writing portable packages’ in the ‘Writing R Extensions’ manual.
Flavors: r-devel-linux-x86_64-fedora-clang, r-devel-linux-x86_64-fedora-gcc

Version: 1.5-3
Check: package dependencies
Result: NOTE
    Package suggested but not available for checking: ‘Rsymphony’
Flavors: r-patched-solaris-x86, r-release-osx-x86_64, r-oldrel-osx-x86_64