CRAN Package Check Results for Package parma

Last updated on 2016-06-27 08:48:34.

Flavor Version Tinstall Tcheck Ttotal Status Flags
r-devel-linux-x86_64-debian-gcc 1.5-2 1.98 47.19 49.17 OK
r-devel-linux-x86_64-fedora-clang 1.5-2 98.07 OK
r-devel-linux-x86_64-fedora-gcc 1.5-2 87.69 OK
r-devel-osx-x86_64-clang 1.5-2 76.82 OK
r-devel-windows-ix86+x86_64 1.5-2 7.00 84.00 91.00 OK
r-patched-linux-x86_64 1.5-2 2.08 51.07 53.15 OK
r-patched-solaris-sparc 1.5-2 549.60 NOTE
r-patched-solaris-x86 1.5-2 104.50 NOTE
r-release-linux-x86_64 1.5-2 2.13 50.07 52.20 OK
r-release-osx-x86_64-mavericks 1.5-2 NOTE
r-release-windows-ix86+x86_64 1.5-2 6.00 81.00 87.00 OK
r-oldrel-windows-ix86+x86_64 1.5-2 11.00 110.00 121.00 OK

Check Details

Version: 1.5-2
Check: package dependencies
Result: NOTE
    Package suggested but not available for checking: ‘Rsymphony’
Flavors: r-patched-solaris-sparc, r-patched-solaris-x86, r-release-osx-x86_64-mavericks