CRAN Package Check Results for Package parma

Last updated on 2018-01-16 23:49:00 CET.

Flavor Version Tinstall Tcheck Ttotal Status Flags
r-devel-linux-x86_64-debian-clang 1.5-3 2.66 72.32 74.98 NOTE
r-devel-linux-x86_64-debian-gcc 1.5-3 2.24 53.71 55.95 NOTE
r-devel-linux-x86_64-fedora-clang 1.5-3 78.89 NOTE
r-devel-linux-x86_64-fedora-gcc 1.5-3 76.43 NOTE
r-devel-windows-ix86+x86_64 1.5-3 13.00 83.00 96.00 OK
r-patched-linux-x86_64 1.5-3 2.58 67.45 70.03 NOTE
r-patched-solaris-x86 1.5-3 96.70 NOTE
r-release-linux-x86_64 1.5-3 3.14 67.55 70.69 NOTE
r-release-windows-ix86+x86_64 1.5-3 14.00 106.00 120.00 OK
r-release-osx-x86_64 1.5-3 ERROR
r-oldrel-windows-ix86+x86_64 1.5-3 13.00 109.00 122.00 OK
r-oldrel-osx-x86_64 1.5-3 NOTE

Check Details

Version: 1.5-3
Check: compiled code
Result: NOTE
    File ‘parma/libs/parma.so’:
     Found no calls to: ‘R_registerRoutines’, ‘R_useDynamicSymbols’
    
    It is good practice to register native routines and to disable symbol
    search.
    
    See ‘Writing portable packages’ in the ‘Writing R Extensions’ manual.
Flavors: r-devel-linux-x86_64-debian-clang, r-devel-linux-x86_64-debian-gcc, r-devel-linux-x86_64-fedora-clang, r-devel-linux-x86_64-fedora-gcc, r-patched-linux-x86_64, r-release-linux-x86_64

Version: 1.5-3
Check: package dependencies
Result: NOTE
    Package suggested but not available for checking: ‘Rsymphony’
Flavors: r-patched-solaris-x86, r-oldrel-osx-x86_64

Version: 1.5-3
Check: package dependencies
Result: ERROR
    Package required but not available: ‘Rglpk’
    
    Package suggested but not available for checking: ‘Rsymphony’
    
    See section ‘The DESCRIPTION file’ in the ‘Writing R Extensions’
    manual.
Flavor: r-release-osx-x86_64