CRAN Package Check Results for Package parma

Last updated on 2016-07-25 15:48:40.

Flavor Version Tinstall Tcheck Ttotal Status Flags
r-devel-linux-x86_64-debian-clang 1.5-2 2.98 57.49 60.47 OK
r-devel-linux-x86_64-debian-gcc 1.5-2 2.27 55.44 57.71 OK
r-devel-linux-x86_64-fedora-clang 1.5-2 94.21 OK
r-devel-linux-x86_64-fedora-gcc 1.5-2 88.30 OK
r-devel-osx-x86_64-clang 1.5-2 78.13 OK
r-devel-windows-ix86+x86_64 1.5-2 10.00 121.00 131.00 OK
r-patched-linux-x86_64 1.5-2 3.38 53.64 57.03 OK
r-patched-solaris-sparc 1.5-2 549.60 NOTE
r-patched-solaris-x86 1.5-2 102.40 NOTE
r-release-linux-x86_64 1.5-2 2.22 53.98 56.21 OK
r-release-osx-x86_64-mavericks 1.5-2 NOTE
r-release-windows-ix86+x86_64 1.5-2 7.00 93.00 100.00 OK
r-oldrel-windows-ix86+x86_64 1.5-2 10.00 114.00 124.00 OK

Check Details

Version: 1.5-2
Check: package dependencies
Result: NOTE
    Package suggested but not available for checking: ‘Rsymphony’
Flavors: r-patched-solaris-sparc, r-patched-solaris-x86, r-release-osx-x86_64-mavericks