CRAN Package Check Results for Package parma

Last updated on 2016-08-30 22:47:41.

Flavor Version Tinstall Tcheck Ttotal Status Flags
r-devel-linux-x86_64-debian-clang 1.5-3 1.62 40.88 42.51 OK
r-devel-linux-x86_64-debian-gcc 1.5-3 1.83 40.19 42.02 OK
r-devel-linux-x86_64-fedora-clang 1.5-3 76.90 OK
r-devel-linux-x86_64-fedora-gcc 1.5-3 72.65 OK
r-devel-osx-x86_64-clang 1.5-3 43.95 OK
r-devel-windows-ix86+x86_64 1.5-3 11.00 95.00 106.00 OK
r-patched-linux-x86_64 1.5-3 1.52 39.71 41.23 OK
r-patched-solaris-sparc 1.5-3 406.90 NOTE
r-patched-solaris-x86 1.5-3 71.50 NOTE
r-release-linux-x86_64 1.5-3 1.64 40.43 42.07 OK
r-release-osx-x86_64-mavericks 1.5-3 NOTE
r-release-windows-ix86+x86_64 1.5-3 11.00 101.00 112.00 OK
r-oldrel-windows-ix86+x86_64 1.5-3 12.00 102.00 114.00 OK

Check Details

Version: 1.5-3
Check: package dependencies
Result: NOTE
    Package suggested but not available for checking: ‘Rsymphony’
Flavors: r-patched-solaris-sparc, r-patched-solaris-x86, r-release-osx-x86_64-mavericks