CRAN Package Check Results for Package parma

Last updated on 2014-08-30 23:48:29.

Flavor Version Tinstall Tcheck Ttotal Status Flags
r-devel-linux-x86_64-debian-clang 1.5-1 2.94 54.20 57.14 OK
r-devel-linux-x86_64-debian-gcc 1.5-1 2.86 53.88 56.74 OK
r-devel-linux-x86_64-fedora-clang 1.5-1 128.08 OK
r-devel-linux-x86_64-fedora-gcc 1.5-1 117.43 OK
r-devel-osx-x86_64-clang 1.5-1 104.47 OK
r-devel-windows-ix86+x86_64 1.5-1 12.00 75.00 87.00 OK
r-patched-linux-x86_64 1.5-1 3.06 56.14 59.20 OK
r-patched-solaris-sparc 1.5-1 738.20 NOTE
r-patched-solaris-x86 1.5-1 149.50 NOTE
r-release-linux-ix86 1.5-1 3.79 70.86 74.65 OK
r-release-linux-x86_64 1.5-1 3.06 57.03 60.09 OK
r-release-osx-x86_64-mavericks 1.5-1 NOTE
r-release-osx-x86_64-snowleopard 1.5-1 OK
r-release-windows-ix86+x86_64 1.5-1 9.00 82.00 91.00 OK
r-oldrel-windows-ix86+x86_64 1.5-1 13.00 74.00 87.00 OK

Check Details

Version: 1.5-1
Check: package dependencies
Result: NOTE
    Package suggested but not available for checking: ‘Rsymphony’
Flavors: r-patched-solaris-sparc, r-patched-solaris-x86, r-release-osx-x86_64-mavericks