CRAN Package Check Results for Package parma

Last updated on 2015-04-02 05:49:43.

Flavor Version Tinstall Tcheck Ttotal Status Flags
r-devel-linux-x86_64-debian-clang 1.5-1 2.26 48.62 50.88 NOTE
r-devel-linux-x86_64-debian-gcc 1.5-1 2.23 48.54 50.77 NOTE
r-devel-linux-x86_64-fedora-clang 1.5-1 100.09 NOTE
r-devel-linux-x86_64-fedora-gcc 1.5-1 105.08 NOTE
r-devel-osx-x86_64-clang 1.5-1 105.94 NOTE
r-prerel-windows-ix86+x86_64 1.5-1 8.00 74.00 82.00 NOTE
r-prerel-linux-x86_64 1.5-1 2.13 48.64 50.77 NOTE
r-prerel-solaris-sparc 1.5-1 598.40 NOTE
r-prerel-solaris-x86 1.5-1 115.60 NOTE
r-release-linux-x86_64 1.5-1 3.03 58.03 61.06 NOTE
r-release-osx-x86_64-mavericks 1.5-1 NOTE
r-release-osx-x86_64-snowleopard 1.5-1 OK
r-release-windows-ix86+x86_64 1.5-1 9.00 88.00 97.00 NOTE
r-oldrel-windows-ix86+x86_64 1.5-1 10.00 87.00 97.00 OK

Check Details

Version: 1.5-1
Check: DESCRIPTION meta-information
Result: NOTE
    Malformed Description field: should contain one or more complete sentences.
Flavors: r-devel-linux-x86_64-debian-clang, r-devel-linux-x86_64-debian-gcc, r-devel-linux-x86_64-fedora-clang, r-devel-linux-x86_64-fedora-gcc, r-devel-osx-x86_64-clang, r-prerel-windows-ix86+x86_64, r-prerel-linux-x86_64, r-prerel-solaris-sparc, r-prerel-solaris-x86

Version: 1.5-1
Check: dependencies in R code
Result: NOTE
    'library' or 'require' calls in package code:
     ‘Rsymphony’ ‘truncnorm’
     Please use :: or requireNamespace() instead.
     See section 'Suggested packages' in the 'Writing R Extensions' manual.
Flavors: r-devel-linux-x86_64-debian-clang, r-devel-linux-x86_64-debian-gcc, r-devel-linux-x86_64-fedora-clang, r-devel-linux-x86_64-fedora-gcc, r-devel-osx-x86_64-clang, r-prerel-windows-ix86+x86_64, r-prerel-linux-x86_64, r-prerel-solaris-sparc, r-prerel-solaris-x86, r-release-linux-x86_64, r-release-windows-ix86+x86_64

Version: 1.5-1
Check: package dependencies
Result: NOTE
    Package suggested but not available for checking: ‘Rsymphony’
Flavors: r-prerel-solaris-sparc, r-prerel-solaris-x86, r-release-osx-x86_64-mavericks