CRAN Package Check Results for Package parma

Last updated on 2017-02-20 20:48:06.

Flavor Version Tinstall Tcheck Ttotal Status Flags
r-devel-linux-x86_64-debian-clang 1.5-3 1.91 42.23 44.14 NOTE
r-devel-linux-x86_64-debian-gcc 1.5-3 1.83 41.12 42.95 NOTE
r-devel-linux-x86_64-fedora-clang 1.5-3 78.05 NOTE --no-stop-on-test-error
r-devel-linux-x86_64-fedora-gcc 1.5-3 75.54 NOTE --no-stop-on-test-error
r-devel-macos-x86_64-clang 1.5-3 64.83 NOTE --no-stop-on-test-error
r-devel-windows-ix86+x86_64 1.5-3 8.00 110.00 118.00 OK
r-patched-linux-x86_64 1.5-3 1.66 40.59 42.25 OK
r-patched-solaris-sparc 1.5-3 429.00 NOTE
r-patched-solaris-x86 1.5-3 81.60 NOTE
r-release-linux-x86_64 1.5-3 1.77 39.93 41.69 OK
r-release-osx-x86_64-mavericks 1.5-3 NOTE
r-release-windows-ix86+x86_64 1.5-3 7.00 86.00 93.00 OK
r-oldrel-windows-ix86+x86_64 1.5-3 10.00 116.00 126.00 OK

Check Details

Version: 1.5-3
Check: compiled code
Result: NOTE
    File ‘parma/libs/parma.so’:
     Found no calls to: ‘R_registerRoutines’, ‘R_useDynamicSymbols’
    
    It is good practice to register native routines and to disable symbol
    search.
    
    See ‘Writing portable packages’ in the ‘Writing R Extensions’ manual.
Flavors: r-devel-linux-x86_64-debian-clang, r-devel-linux-x86_64-debian-gcc

Version: 1.5-3
Flags: --no-stop-on-test-error
Check: compiled code
Result: NOTE
    File ‘parma/libs/parma.so’:
     Found no calls to: ‘R_registerRoutines’, ‘R_useDynamicSymbols’
    
    It is good practice to register native routines and to disable symbol
    search.
    
    See ‘Writing portable packages’ in the ‘Writing R Extensions’ manual.
Flavors: r-devel-linux-x86_64-fedora-clang, r-devel-linux-x86_64-fedora-gcc, r-devel-macos-x86_64-clang

Version: 1.5-3
Check: package dependencies
Result: NOTE
    Package suggested but not available for checking: ‘Rsymphony’
Flavors: r-patched-solaris-sparc, r-patched-solaris-x86, r-release-osx-x86_64-mavericks