CRAN Package Check Results for Package parma

Last updated on 2014-10-24 09:55:01.

Flavor Version Tinstall Tcheck Ttotal Status Flags
r-devel-linux-x86_64-debian-clang 1.5-1 2.98 56.77 59.75 NOTE
r-devel-linux-x86_64-debian-gcc 1.5-1 2.85 56.52 59.37 OK
r-devel-linux-x86_64-fedora-clang 1.5-1 127.24 OK
r-devel-linux-x86_64-fedora-gcc 1.5-1 116.60 OK
r-devel-osx-x86_64-clang 1.5-1 110.60 OK
r-devel-windows-ix86+x86_64 1.5-1 10.00 69.00 79.00 OK
r-patched-linux-x86_64 1.5-1 3.03 58.45 61.48 OK
r-patched-solaris-sparc 1.5-1 738.20 NOTE
r-patched-solaris-x86 1.5-1 143.20 NOTE
r-release-linux-ix86 1.5-1 4.08 71.90 75.98 OK
r-release-linux-x86_64 1.5-1 3.06 61.84 64.90 OK
r-release-osx-x86_64-mavericks 1.5-1 NOTE
r-release-osx-x86_64-snowleopard 1.5-1 OK
r-release-windows-ix86+x86_64 1.5-1 9.00 78.00 87.00 OK
r-oldrel-windows-ix86+x86_64 1.5-1 11.00 77.00 88.00 OK

Check Details

Version: 1.5-1
Check: package dependencies
Result: NOTE
    Package suggested but not available for checking: ‘Rsymphony’
Flavors: r-devel-linux-x86_64-debian-clang, r-patched-solaris-sparc, r-patched-solaris-x86, r-release-osx-x86_64-mavericks