CRAN Package Check Results for Package parma

Last updated on 2014-07-31 03:48:37.

Flavor Version Tinstall Tcheck Ttotal Status Flags
r-devel-linux-x86_64-debian-clang 1.5-1 3.07 56.79 59.86 OK
r-devel-linux-x86_64-debian-gcc 1.5-1 2.96 56.58 59.54 OK
r-devel-linux-x86_64-fedora-clang 1.5-1 135.78 OK
r-devel-linux-x86_64-fedora-gcc 1.5-1 122.69 OK
r-devel-osx-x86_64-clang 1.5-1 108.58 OK
r-devel-windows-ix86+x86_64 1.5-1 9.00 82.00 91.00 OK
r-patched-linux-x86_64 1.5-1 3.02 56.25 59.27 OK
r-patched-solaris-sparc 1.5-1 738.20 NOTE
r-patched-solaris-x86 1.5-1 151.40 NOTE
r-release-linux-ix86 1.5-1 3.76 69.82 73.58 OK
r-release-linux-x86_64 1.5-1 3.09 58.66 61.74 OK
r-release-osx-x86_64-mavericks 1.5-1 NOTE
r-release-osx-x86_64-snowleopard 1.5-1 OK
r-release-windows-ix86+x86_64 1.5-1 13.00 117.00 130.00 OK
r-oldrel-windows-ix86+x86_64 1.5-1 13.00 111.00 124.00 OK

Check Details

Version: 1.5-1
Check: package dependencies
Result: NOTE
    Package suggested but not available for checking: Rsymphony
Flavors: r-patched-solaris-sparc, r-patched-solaris-x86, r-release-osx-x86_64-mavericks