CRAN Package Check Results for Package parma

Last updated on 2017-08-16 20:48:10.

Flavor Version Tinstall Tcheck Ttotal Status Flags
r-devel-linux-x86_64-debian-clang 1.5-3 2.07 41.51 43.58 NOTE
r-devel-linux-x86_64-debian-gcc 1.5-3 1.82 40.40 42.22 NOTE
r-devel-linux-x86_64-fedora-clang 1.5-3 77.18 NOTE
r-devel-linux-x86_64-fedora-gcc 1.5-3 76.18 NOTE
r-devel-windows-ix86+x86_64 1.5-3 9.00 82.00 91.00 OK
r-patched-linux-x86_64 1.5-3 1.79 42.53 44.31 NOTE
r-patched-solaris-x86 1.5-3 88.90 NOTE
r-release-linux-x86_64 1.5-3 2.02 41.35 43.37 NOTE
r-release-windows-ix86+x86_64 1.5-3 12.00 102.00 114.00 OK
r-release-osx-x86_64 1.5-3 ERROR
r-oldrel-windows-ix86+x86_64 1.5-3 13.00 78.00 91.00 OK
r-oldrel-osx-x86_64 1.5-3 NOTE

Check Details

Version: 1.5-3
Check: compiled code
Result: NOTE
    File ‘parma/libs/parma.so’:
     Found no calls to: ‘R_registerRoutines’, ‘R_useDynamicSymbols’
    
    It is good practice to register native routines and to disable symbol
    search.
    
    See ‘Writing portable packages’ in the ‘Writing R Extensions’ manual.
Flavors: r-devel-linux-x86_64-debian-clang, r-devel-linux-x86_64-debian-gcc, r-devel-linux-x86_64-fedora-clang, r-devel-linux-x86_64-fedora-gcc, r-patched-linux-x86_64, r-release-linux-x86_64

Version: 1.5-3
Check: package dependencies
Result: NOTE
    Package suggested but not available for checking: ‘Rsymphony’
Flavors: r-patched-solaris-x86, r-oldrel-osx-x86_64

Version: 1.5-3
Check: package dependencies
Result: ERROR
    Package required but not available: ‘Rglpk’
    
    Package suggested but not available for checking: ‘Rsymphony’
    
    See section ‘The DESCRIPTION file’ in the ‘Writing R Extensions’
    manual.
Flavor: r-release-osx-x86_64