CRAN Package Check Results for Package parma

Last updated on 2017-03-29 06:48:23.

Flavor Version Tinstall Tcheck Ttotal Status Flags
r-devel-linux-x86_64-debian-clang 1.5-3 2.07 41.10 43.17 NOTE
r-devel-linux-x86_64-debian-gcc 1.5-3 1.97 41.05 43.03 NOTE
r-devel-linux-x86_64-fedora-clang 1.5-3 78.48 NOTE --no-stop-on-test-error
r-devel-linux-x86_64-fedora-gcc 1.5-3 77.27 NOTE --no-stop-on-test-error
r-devel-macos-x86_64-clang 1.5-3 62.69 NOTE --no-stop-on-test-error
r-devel-windows-ix86+x86_64 1.5-3 9.00 116.00 125.00 OK
r-patched-linux-x86_64 1.5-3 1.86 40.81 42.67 NOTE
r-patched-solaris-sparc 1.5-3 483.50 NOTE
r-patched-solaris-x86 1.5-3 89.00 NOTE
r-release-linux-x86_64 1.5-3 1.68 41.59 43.27 OK
r-release-osx-x86_64-mavericks 1.5-3 NOTE
r-release-windows-ix86+x86_64 1.5-3 12.00 159.00 171.00 OK
r-oldrel-windows-ix86+x86_64 1.5-3 8.00 111.00 119.00 OK

Check Details

Version: 1.5-3
Check: compiled code
Result: NOTE
    File ‘parma/libs/parma.so’:
     Found no calls to: ‘R_registerRoutines’, ‘R_useDynamicSymbols’
    
    It is good practice to register native routines and to disable symbol
    search.
    
    See ‘Writing portable packages’ in the ‘Writing R Extensions’ manual.
Flavors: r-devel-linux-x86_64-debian-clang, r-devel-linux-x86_64-debian-gcc, r-patched-linux-x86_64

Version: 1.5-3
Flags: --no-stop-on-test-error
Check: compiled code
Result: NOTE
    File ‘parma/libs/parma.so’:
     Found no calls to: ‘R_registerRoutines’, ‘R_useDynamicSymbols’
    
    It is good practice to register native routines and to disable symbol
    search.
    
    See ‘Writing portable packages’ in the ‘Writing R Extensions’ manual.
Flavors: r-devel-linux-x86_64-fedora-clang, r-devel-linux-x86_64-fedora-gcc, r-devel-macos-x86_64-clang

Version: 1.5-3
Check: package dependencies
Result: NOTE
    Package suggested but not available for checking: ‘Rsymphony’
Flavors: r-patched-solaris-sparc, r-patched-solaris-x86, r-release-osx-x86_64-mavericks