CRAN Package Check Results for Package parma

Last updated on 2014-12-21 11:46:40.

Flavor Version Tinstall Tcheck Ttotal Status Flags
r-devel-linux-x86_64-debian-clang 1.5-1 2.96 56.71 59.67 OK
r-devel-linux-x86_64-debian-gcc 1.5-1 2.93 54.10 57.03 OK
r-devel-linux-x86_64-fedora-clang 1.5-1 122.15 OK
r-devel-linux-x86_64-fedora-gcc 1.5-1 110.24 OK
r-devel-osx-x86_64-clang 1.5-1 118.63 OK
r-devel-windows-ix86+x86_64 1.5-1 10.00 78.00 88.00 OK
r-patched-linux-x86_64 1.5-1 3.19 58.68 61.86 OK
r-patched-solaris-sparc 1.5-1 738.20 NOTE
r-patched-solaris-x86 1.5-1 144.40 NOTE
r-release-linux-ix86 1.5-1 3.58 68.05 71.63 OK
r-release-linux-x86_64 1.5-1 3.04 58.77 61.81 OK
r-release-osx-x86_64-mavericks 1.5-1 NOTE
r-release-osx-x86_64-snowleopard 1.5-1 OK
r-release-windows-ix86+x86_64 1.5-1 9.00 85.00 94.00 OK
r-oldrel-windows-ix86+x86_64 1.5-1 9.00 86.00 95.00 OK

Check Details

Version: 1.5-1
Check: package dependencies
Result: NOTE
    Package suggested but not available for checking: ‘Rsymphony’
Flavors: r-patched-solaris-sparc, r-patched-solaris-x86, r-release-osx-x86_64-mavericks