CRAN Package Check Results for Package parma

Last updated on 2017-05-25 06:48:03.

Flavor Version Tinstall Tcheck Ttotal Status Flags
r-devel-linux-x86_64-debian-clang 1.5-3 2.04 41.05 43.09 NOTE
r-devel-linux-x86_64-debian-gcc 1.5-3 2.11 41.27 43.38 NOTE
r-devel-linux-x86_64-fedora-clang 1.5-3 78.98 NOTE --no-stop-on-test-error
r-devel-linux-x86_64-fedora-gcc 1.5-3 75.44 NOTE --no-stop-on-test-error
r-devel-windows-ix86+x86_64 1.5-3 9.00 121.00 130.00 OK
r-patched-linux-x86_64 1.5-3 1.94 41.01 42.94 NOTE
r-patched-solaris-sparc 1.5-3 483.50 NOTE
r-patched-solaris-x86 1.5-3 86.80 NOTE
r-release-linux-x86_64 1.5-3 1.93 40.81 42.75 NOTE
r-release-windows-ix86+x86_64 1.5-3 14.00 262.00 276.00 OK
r-release-osx-x86_64 1.5-3 ERROR
r-oldrel-windows-ix86+x86_64 1.5-3 14.00 102.00 116.00 OK
r-oldrel-osx-x86_64 1.5-3 NOTE

Check Details

Version: 1.5-3
Check: compiled code
Result: NOTE
    File ‘parma/libs/parma.so’:
     Found no calls to: ‘R_registerRoutines’, ‘R_useDynamicSymbols’
    
    It is good practice to register native routines and to disable symbol
    search.
    
    See ‘Writing portable packages’ in the ‘Writing R Extensions’ manual.
Flavors: r-devel-linux-x86_64-debian-clang, r-devel-linux-x86_64-debian-gcc, r-patched-linux-x86_64, r-release-linux-x86_64

Version: 1.5-3
Flags: --no-stop-on-test-error
Check: compiled code
Result: NOTE
    File ‘parma/libs/parma.so’:
     Found no calls to: ‘R_registerRoutines’, ‘R_useDynamicSymbols’
    
    It is good practice to register native routines and to disable symbol
    search.
    
    See ‘Writing portable packages’ in the ‘Writing R Extensions’ manual.
Flavors: r-devel-linux-x86_64-fedora-clang, r-devel-linux-x86_64-fedora-gcc

Version: 1.5-3
Check: package dependencies
Result: NOTE
    Package suggested but not available for checking: ‘Rsymphony’
Flavors: r-patched-solaris-sparc, r-patched-solaris-x86, r-oldrel-osx-x86_64

Version: 1.5-3
Check: package dependencies
Result: ERROR
    Package required but not available: ‘Rglpk’
    
    Package suggested but not available for checking: ‘Rsymphony’
    
    See section ‘The DESCRIPTION file’ in the ‘Writing R Extensions’
    manual.
Flavor: r-release-osx-x86_64