CRAN Package Check Results for Package parma

Last updated on 2017-10-22 22:48:58.

Flavor Version Tinstall Tcheck Ttotal Status Flags
r-devel-linux-x86_64-debian-clang 1.5-3 1.88 41.43 43.30 NOTE
r-devel-linux-x86_64-debian-gcc 1.5-3 2.30 44.45 46.74 NOTE
r-devel-linux-x86_64-fedora-clang 1.5-3 80.66 NOTE
r-devel-linux-x86_64-fedora-gcc 1.5-3 79.45 NOTE
r-devel-windows-ix86+x86_64 1.5-3 8.00 108.00 116.00 OK
r-patched-linux-x86_64 1.5-3 2.01 42.21 44.21 NOTE
r-patched-solaris-x86 1.5-3 88.20 NOTE
r-release-linux-x86_64 1.5-3 1.82 41.34 43.15 NOTE
r-release-windows-ix86+x86_64 1.5-3 14.00 113.00 127.00 OK
r-release-osx-x86_64 1.5-3 ERROR
r-oldrel-windows-ix86+x86_64 1.5-3 8.00 99.00 107.00 OK
r-oldrel-osx-x86_64 1.5-3 NOTE

Check Details

Version: 1.5-3
Check: compiled code
Result: NOTE
    File ‘parma/libs/parma.so’:
     Found no calls to: ‘R_registerRoutines’, ‘R_useDynamicSymbols’
    
    It is good practice to register native routines and to disable symbol
    search.
    
    See ‘Writing portable packages’ in the ‘Writing R Extensions’ manual.
Flavors: r-devel-linux-x86_64-debian-clang, r-devel-linux-x86_64-debian-gcc, r-devel-linux-x86_64-fedora-clang, r-devel-linux-x86_64-fedora-gcc, r-patched-linux-x86_64, r-release-linux-x86_64

Version: 1.5-3
Check: package dependencies
Result: NOTE
    Package suggested but not available for checking: ‘Rsymphony’
Flavors: r-patched-solaris-x86, r-oldrel-osx-x86_64

Version: 1.5-3
Check: package dependencies
Result: ERROR
    Package required but not available: ‘Rglpk’
    
    Package suggested but not available for checking: ‘Rsymphony’
    
    See section ‘The DESCRIPTION file’ in the ‘Writing R Extensions’
    manual.
Flavor: r-release-osx-x86_64