CRAN Package Check Results for Package parma

Last updated on 2014-11-29 03:51:59.

Flavor Version Tinstall Tcheck Ttotal Status Flags
r-devel-linux-x86_64-debian-clang 1.5-1 3.10 56.56 59.66 OK
r-devel-linux-x86_64-debian-gcc 1.5-1 2.83 56.80 59.62 OK
r-devel-linux-x86_64-fedora-clang 1.5-1 123.47 OK
r-devel-linux-x86_64-fedora-gcc 1.5-1 121.75 OK
r-devel-osx-x86_64-clang 1.5-1 111.93 OK
r-devel-windows-ix86+x86_64 1.5-1 8.00 75.00 83.00 OK
r-patched-linux-x86_64 1.5-1 3.18 59.46 62.64 OK
r-patched-solaris-sparc 1.5-1 738.20 NOTE
r-patched-solaris-x86 1.5-1 142.20 NOTE
r-release-linux-ix86 1.5-1 3.61 67.83 71.44 OK
r-release-linux-x86_64 1.5-1 3.04 59.92 62.96 OK
r-release-osx-x86_64-mavericks 1.5-1 NOTE
r-release-osx-x86_64-snowleopard 1.5-1 OK
r-release-windows-ix86+x86_64 1.5-1 11.00 92.00 103.00 OK
r-oldrel-windows-ix86+x86_64 1.5-1 9.00 86.00 95.00 OK

Check Details

Version: 1.5-1
Check: package dependencies
Result: NOTE
    Package suggested but not available for checking: ‘Rsymphony’
Flavors: r-patched-solaris-sparc, r-patched-solaris-x86, r-release-osx-x86_64-mavericks