CRAN Package Check Results for Package parma

Last updated on 2017-06-23 01:47:16.

Flavor Version Tinstall Tcheck Ttotal Status Flags
r-devel-linux-x86_64-debian-clang 1.5-3 2.05 42.22 44.27 NOTE
r-devel-linux-x86_64-debian-gcc 1.5-3 1.98 41.49 43.47 NOTE
r-devel-linux-x86_64-fedora-clang 1.5-3 78.41 NOTE
r-devel-linux-x86_64-fedora-gcc 1.5-3 75.47 NOTE
r-devel-windows-ix86+x86_64 1.5-3 12.00 110.00 122.00 OK
r-patched-linux-x86_64 1.5-3 2.16 41.67 43.83 NOTE
r-patched-solaris-sparc 1.5-3 483.50 NOTE
r-patched-solaris-x86 1.5-3 88.20 NOTE
r-release-linux-x86_64 1.5-3 2.14 41.65 43.79 NOTE
r-release-windows-ix86+x86_64 1.5-3 12.00 122.00 134.00 OK
r-release-osx-x86_64 1.5-3 ERROR
r-oldrel-windows-ix86+x86_64 1.5-3 12.00 81.00 93.00 OK
r-oldrel-osx-x86_64 1.5-3 NOTE

Check Details

Version: 1.5-3
Check: compiled code
Result: NOTE
    File ‘parma/libs/parma.so’:
     Found no calls to: ‘R_registerRoutines’, ‘R_useDynamicSymbols’
    
    It is good practice to register native routines and to disable symbol
    search.
    
    See ‘Writing portable packages’ in the ‘Writing R Extensions’ manual.
Flavors: r-devel-linux-x86_64-debian-clang, r-devel-linux-x86_64-debian-gcc, r-devel-linux-x86_64-fedora-clang, r-devel-linux-x86_64-fedora-gcc, r-patched-linux-x86_64, r-release-linux-x86_64

Version: 1.5-3
Check: package dependencies
Result: NOTE
    Package suggested but not available for checking: ‘Rsymphony’
Flavors: r-patched-solaris-sparc, r-patched-solaris-x86, r-oldrel-osx-x86_64

Version: 1.5-3
Check: package dependencies
Result: ERROR
    Package required but not available: ‘Rglpk’
    
    Package suggested but not available for checking: ‘Rsymphony’
    
    See section ‘The DESCRIPTION file’ in the ‘Writing R Extensions’
    manual.
Flavor: r-release-osx-x86_64