CRAN Package Check Results for Package parma

Last updated on 2015-05-29 23:48:10.

Flavor Version Tinstall Tcheck Ttotal Status Flags
r-devel-linux-x86_64-debian-clang 1.5-1 2.34 49.73 52.07 NOTE
r-devel-linux-x86_64-debian-gcc 1.5-1 2.16 47.36 49.52 NOTE
r-devel-linux-x86_64-fedora-clang 1.5-1 100.35 NOTE
r-devel-linux-x86_64-fedora-gcc 1.5-1 92.60 NOTE
r-devel-osx-x86_64-clang 1.5-1 96.97 NOTE
r-devel-windows-ix86+x86_64 1.5-1 7.00 63.00 70.00 NOTE
r-patched-linux-x86_64 1.5-1 2.29 47.80 50.09 NOTE
r-patched-solaris-sparc 1.5-1 601.30 NOTE
r-patched-solaris-x86 1.5-1 121.20 NOTE
r-release-linux-x86_64 1.5-1 2.10 48.26 50.36 NOTE
r-release-osx-x86_64-mavericks 1.5-1 NOTE
r-release-osx-x86_64-snowleopard 1.5-1 NOTE
r-release-windows-ix86+x86_64 1.5-1 6.00 74.00 80.00 NOTE
r-oldrel-windows-ix86+x86_64 1.5-1 10.00 81.00 91.00 NOTE

Check Details

Version: 1.5-1
Check: DESCRIPTION meta-information
Result: NOTE
    Malformed Description field: should contain one or more complete sentences.
Flavors: r-devel-linux-x86_64-debian-clang, r-devel-linux-x86_64-debian-gcc, r-devel-linux-x86_64-fedora-clang, r-devel-linux-x86_64-fedora-gcc, r-devel-osx-x86_64-clang, r-devel-windows-ix86+x86_64, r-patched-linux-x86_64, r-patched-solaris-sparc, r-patched-solaris-x86, r-release-linux-x86_64, r-release-osx-x86_64-mavericks, r-release-osx-x86_64-snowleopard, r-release-windows-ix86+x86_64

Version: 1.5-1
Check: dependencies in R code
Result: NOTE
    'library' or 'require' calls in package code:
     ‘Rsymphony’ ‘truncnorm’
     Please use :: or requireNamespace() instead.
     See section 'Suggested packages' in the 'Writing R Extensions' manual.
Flavors: r-devel-linux-x86_64-debian-clang, r-devel-linux-x86_64-debian-gcc, r-devel-linux-x86_64-fedora-clang, r-devel-linux-x86_64-fedora-gcc, r-devel-osx-x86_64-clang, r-devel-windows-ix86+x86_64, r-patched-linux-x86_64, r-patched-solaris-sparc, r-patched-solaris-x86, r-release-linux-x86_64, r-release-osx-x86_64-mavericks, r-release-osx-x86_64-snowleopard, r-release-windows-ix86+x86_64, r-oldrel-windows-ix86+x86_64

Version: 1.5-1
Check: package dependencies
Result: NOTE
    Package suggested but not available for checking: ‘Rsymphony’
Flavors: r-patched-solaris-sparc, r-patched-solaris-x86, r-release-osx-x86_64-mavericks

Version: 1.5-1
Check: package dependencies
Result: NOTE
    Package suggested but not available for checking: ‘xts’
Flavor: r-release-osx-x86_64-snowleopard