CRAN Package Check Results for Package parma

Last updated on 2018-07-19 18:49:29 CEST.

Flavor Version Tinstall Tcheck Ttotal Status Flags
r-devel-linux-x86_64-debian-clang 1.5-3 12.45 58.85 71.30 NOTE
r-devel-linux-x86_64-debian-gcc 1.5-3 12.36 51.64 64.00 NOTE
r-devel-linux-x86_64-fedora-clang 1.5-3 96.43 NOTE
r-devel-linux-x86_64-fedora-gcc 1.5-3 92.90 NOTE
r-devel-windows-ix86+x86_64 1.5-3 20.00 81.00 101.00 OK
r-patched-linux-x86_64 1.5-3 12.15 65.48 77.63 NOTE
r-patched-solaris-x86 1.5-3 116.80 NOTE
r-release-linux-x86_64 1.5-3 11.43 64.91 76.34 NOTE
r-release-windows-ix86+x86_64 1.5-3 28.00 113.00 141.00 OK
r-release-osx-x86_64 1.5-3 ERROR
r-oldrel-windows-ix86+x86_64 1.5-3 12.00 84.00 96.00 OK
r-oldrel-osx-x86_64 1.5-3 ERROR

Check Details

Version: 1.5-3
Check: compiled code
Result: NOTE
    File ‘parma/libs/parma.so’:
     Found no calls to: ‘R_registerRoutines’, ‘R_useDynamicSymbols’
    
    It is good practice to register native routines and to disable symbol
    search.
    
    See ‘Writing portable packages’ in the ‘Writing R Extensions’ manual.
Flavors: r-devel-linux-x86_64-debian-clang, r-devel-linux-x86_64-debian-gcc, r-devel-linux-x86_64-fedora-clang, r-devel-linux-x86_64-fedora-gcc, r-patched-linux-x86_64, r-release-linux-x86_64

Version: 1.5-3
Check: package dependencies
Result: NOTE
    Package suggested but not available for checking: ‘Rsymphony’
Flavor: r-patched-solaris-x86

Version: 1.5-3
Check: package dependencies
Result: ERROR
    Package required but not available: ‘Rglpk’
    
    Package suggested but not available for checking: ‘Rsymphony’
    
    See section ‘The DESCRIPTION file’ in the ‘Writing R Extensions’
    manual.
Flavors: r-release-osx-x86_64, r-oldrel-osx-x86_64