CRAN Package Check Results for Package parma

Last updated on 2016-10-01 10:47:46.

Flavor Version Tinstall Tcheck Ttotal Status Flags
r-devel-linux-x86_64-debian-clang 1.5-3 1.77 43.18 44.95 OK
r-devel-linux-x86_64-debian-gcc 1.5-3 1.73 41.48 43.21 OK
r-devel-linux-x86_64-fedora-clang 1.5-3 79.22 OK
r-devel-linux-x86_64-fedora-gcc 1.5-3 70.22 OK
r-devel-macos-x86_64-clang 1.5-3 59.62 OK
r-devel-windows-ix86+x86_64 1.5-3 8.00 100.00 108.00 OK
r-patched-linux-x86_64 1.5-3 1.76 40.33 42.09 OK
r-patched-solaris-sparc 1.5-3 406.90 NOTE
r-patched-solaris-x86 1.5-3 78.30 NOTE
r-release-linux-x86_64 1.5-3 1.76 40.81 42.57 OK
r-release-osx-x86_64-mavericks 1.5-3 NOTE
r-release-windows-ix86+x86_64 1.5-3 7.00 74.00 81.00 OK
r-oldrel-windows-ix86+x86_64 1.5-3 16.00 106.00 122.00 OK

Check Details

Version: 1.5-3
Check: package dependencies
Result: NOTE
    Package suggested but not available for checking: ‘Rsymphony’
Flavors: r-patched-solaris-sparc, r-patched-solaris-x86, r-release-osx-x86_64-mavericks