CRAN Package Check Results for Package parma

Last updated on 2019-11-11 20:46:25 CET.

Flavor Version Tinstall Tcheck Ttotal Status Flags
r-devel-linux-x86_64-debian-clang 1.5-3 16.72 70.26 86.98 OK
r-devel-linux-x86_64-debian-gcc 1.5-3 12.38 53.98 66.36 OK
r-devel-linux-x86_64-fedora-clang 1.5-3 105.39 NOTE
r-devel-linux-x86_64-fedora-gcc 1.5-3 106.54 NOTE
r-devel-windows-ix86+x86_64 1.5-3 28.00 91.00 119.00 OK
r-patched-linux-x86_64 1.5-3 13.72 68.03 81.75 OK
r-patched-solaris-x86 1.5-3 131.50 NOTE
r-release-linux-x86_64 1.5-3 14.45 69.33 83.78 OK
r-release-windows-ix86+x86_64 1.5-3 35.00 93.00 128.00 OK
r-release-osx-x86_64 1.5-3 NOTE
r-oldrel-windows-ix86+x86_64 1.5-3 29.00 91.00 120.00 OK
r-oldrel-osx-x86_64 1.5-3 NOTE

Check Details

Version: 1.5-3
Check: compiled code
Result: NOTE
    File ‘parma/libs/parma.so’:
     Found no calls to: ‘R_registerRoutines’, ‘R_useDynamicSymbols’
    
    It is good practice to register native routines and to disable symbol
    search.
    
    See ‘Writing portable packages’ in the ‘Writing R Extensions’ manual.
Flavors: r-devel-linux-x86_64-fedora-clang, r-devel-linux-x86_64-fedora-gcc

Version: 1.5-3
Check: package dependencies
Result: NOTE
    Package suggested but not available for checking: ‘Rsymphony’
Flavors: r-patched-solaris-x86, r-release-osx-x86_64, r-oldrel-osx-x86_64