CRAN Package Check Results for Package parma

Last updated on 2015-01-28 15:47:16.

Flavor Version Tinstall Tcheck Ttotal Status Flags
r-devel-linux-x86_64-debian-clang 1.5-1 2.82 52.42 55.24 NOTE
r-devel-linux-x86_64-debian-gcc 1.5-1 2.48 50.70 53.18 NOTE
r-devel-linux-x86_64-fedora-clang 1.5-1 123.49 NOTE
r-devel-linux-x86_64-fedora-gcc 1.5-1 114.08 NOTE
r-devel-osx-x86_64-clang 1.5-1 112.56 NOTE
r-devel-windows-ix86+x86_64 1.5-1 11.00 68.00 79.00 NOTE
r-patched-linux-x86_64 1.5-1 3.03 58.23 61.26 OK
r-patched-solaris-sparc 1.5-1 696.00 NOTE
r-patched-solaris-x86 1.5-1 144.70 NOTE
r-release-linux-ix86 1.5-1 3.61 68.02 71.62 OK
r-release-linux-x86_64 1.5-1 3.04 58.21 61.25 OK
r-release-osx-x86_64-mavericks 1.5-1 NOTE
r-release-osx-x86_64-snowleopard 1.5-1 OK
r-release-windows-ix86+x86_64 1.5-1 10.00 92.00 102.00 OK
r-oldrel-windows-ix86+x86_64 1.5-1 10.00 85.00 95.00 OK

Check Details

Version: 1.5-1
Check: dependencies in R code
Result: NOTE
    'library' or 'require' calls in package code:
     ‘Rsymphony’ ‘truncnorm’
     Please use :: or requireNamespace() instead.
     See section 'Suggested packages' in the 'Writing R Extensions' manual.
Flavors: r-devel-linux-x86_64-debian-clang, r-devel-linux-x86_64-debian-gcc, r-devel-linux-x86_64-fedora-clang, r-devel-linux-x86_64-fedora-gcc, r-devel-osx-x86_64-clang, r-devel-windows-ix86+x86_64

Version: 1.5-1
Check: package dependencies
Result: NOTE
    Package suggested but not available for checking: ‘Rsymphony’
Flavors: r-patched-solaris-sparc, r-patched-solaris-x86, r-release-osx-x86_64-mavericks