CRAN Package Check Results for Package parma

Last updated on 2014-04-23 12:48:23.

Flavor Version Tinstall Tcheck Ttotal Status Flags
r-devel-linux-x86_64-debian-clang 1.5-1 3.38 60.45 63.83 OK
r-devel-linux-x86_64-debian-gcc 1.5-1 3.32 61.33 64.66 OK
r-devel-linux-x86_64-fedora-clang 1.5-1 133.49 OK
r-devel-linux-x86_64-fedora-gcc 1.5-1 128.78 OK
r-devel-osx-x86_64-clang 1.5-1 112.90 OK
r-devel-osx-x86_64-gcc 1.5-1 NOTE
r-devel-windows-ix86+x86_64 1.5-1 9.00 81.00 90.00 OK
r-patched-linux-x86_64 1.5-1 3.31 60.45 63.76 OK
r-patched-solaris-sparc 1.5-1 711.40 NOTE
r-patched-solaris-x86 1.5-1 146.40 NOTE
r-release-linux-ix86 1.5-1 5.00 93.00 98.00 OK
r-release-linux-x86_64 1.5-1 3.16 59.81 62.97 OK
r-release-osx-x86_64-mavericks 1.5-1 WARN
r-release-osx-x86_64-snowleopard 1.5-1 OK
r-release-windows-ix86+x86_64 1.5-1 10.00 80.00 90.00 OK
r-oldrel-windows-ix86+x86_64 1.5-1 10.00 85.00 95.00 OK

Check Details

Version: 1.5-1
Check: package dependencies
Result: NOTE
    Package suggested but not available for checking: ‘xts’
Flavor: r-devel-osx-x86_64-gcc

Version: 1.5-1
Check: package dependencies
Result: NOTE
    Package suggested but not available for checking: ‘Rsymphony’
Flavors: r-patched-solaris-sparc, r-patched-solaris-x86, r-release-osx-x86_64-mavericks

Version: 1.5-1
Check: PDF version of manual
Result: WARNING
    LaTeX errors when creating PDF version.
    This typically indicates Rd problems.
    LaTeX errors found:
    ! LaTeX Error: File `upquote.sty' not found.
    
    Type X to quit or <RETURN> to proceed,
    or enter new name. (Default extension: sty)
    
    39395dfc/Rd2.tex:8: ==> Fatal error occurred, no output PDF file produced!
Flavor: r-release-osx-x86_64-mavericks