CRAN Package Check Results for Package parma

Last updated on 2015-07-04 09:48:08.

Flavor Version Tinstall Tcheck Ttotal Status Flags
r-devel-linux-x86_64-debian-clang 1.5-2 2.67 49.54 52.21 OK
r-devel-linux-x86_64-debian-gcc 1.5-2 2.09 48.24 50.32 OK
r-devel-linux-x86_64-fedora-clang 1.5-2 98.41 OK
r-devel-linux-x86_64-fedora-gcc 1.5-2 93.27 OK
r-devel-osx-x86_64-clang 1.5-2 86.27 OK
r-devel-windows-ix86+x86_64 1.5-2 12.00 99.00 111.00 OK
r-patched-linux-x86_64 1.5-1 2.08 48.08 50.16 NOTE
r-patched-solaris-sparc 1.5-2 570.00 NOTE
r-patched-solaris-x86 1.5-2 120.70 NOTE
r-release-linux-x86_64 1.5-2 2.11 48.82 50.93 OK
r-release-osx-x86_64-mavericks 1.5-2 NOTE
r-release-windows-ix86+x86_64 1.5-2 11.00 102.00 113.00 OK
r-oldrel-windows-ix86+x86_64 1.5-2 14.00 120.00 134.00 OK

Check Details

Version: 1.5-1
Check: DESCRIPTION meta-information
Result: NOTE
    Malformed Description field: should contain one or more complete sentences.
Flavor: r-patched-linux-x86_64

Version: 1.5-1
Check: dependencies in R code
Result: NOTE
    'library' or 'require' calls in package code:
     ‘Rsymphony’ ‘truncnorm’
     Please use :: or requireNamespace() instead.
     See section 'Suggested packages' in the 'Writing R Extensions' manual.
Flavor: r-patched-linux-x86_64

Version: 1.5-2
Check: package dependencies
Result: NOTE
    Package suggested but not available for checking: ‘Rsymphony’
Flavors: r-patched-solaris-sparc, r-patched-solaris-x86, r-release-osx-x86_64-mavericks