CRAN Package Check Results for Package parma

Last updated on 2017-01-24 03:47:38.

Flavor Version Tinstall Tcheck Ttotal Status Flags
r-devel-linux-x86_64-debian-clang 1.5-3 2.07 42.22 44.29 OK
r-devel-linux-x86_64-debian-gcc 1.5-3 1.94 40.89 42.82 OK
r-devel-linux-x86_64-fedora-clang 1.5-3 77.57 OK --no-stop-on-test-error
r-devel-linux-x86_64-fedora-gcc 1.5-3 78.32 OK --no-stop-on-test-error
r-devel-macos-x86_64-clang 1.5-3 62.89 OK --no-stop-on-test-error
r-devel-windows-ix86+x86_64 1.5-3 10.00 86.00 96.00 OK
r-patched-linux-x86_64 1.5-3 1.86 40.09 41.95 OK
r-patched-solaris-sparc 1.5-3 429.00 NOTE
r-patched-solaris-x86 1.5-3 82.60 NOTE
r-release-linux-x86_64 1.5-3 1.72 41.35 43.07 OK
r-release-osx-x86_64-mavericks 1.5-3 NOTE
r-release-windows-ix86+x86_64 1.5-3 20.00 86.00 106.00 OK
r-oldrel-windows-ix86+x86_64 1.5-3 18.00 107.00 125.00 OK

Check Details

Version: 1.5-3
Check: package dependencies
Result: NOTE
    Package suggested but not available for checking: ‘Rsymphony’
Flavors: r-patched-solaris-sparc, r-patched-solaris-x86, r-release-osx-x86_64-mavericks