CRAN Package Check Results for Package parma

Last updated on 2015-03-04 03:46:54.

Flavor Version Tinstall Tcheck Ttotal Status Flags
r-devel-linux-x86_64-debian-clang 1.5-1 2.25 49.90 52.15 NOTE
r-devel-linux-x86_64-debian-gcc 1.5-1 2.13 49.76 51.89 NOTE
r-devel-linux-x86_64-fedora-clang 1.5-1 101.90 NOTE
r-devel-linux-x86_64-fedora-gcc 1.5-1 95.02 NOTE
r-devel-osx-x86_64-clang 1.5-1 99.19 NOTE
r-devel-windows-ix86+x86_64 1.5-1 6.00 65.00 71.00 NOTE
r-patched-linux-x86_64 1.5-1 3.08 58.95 62.03 NOTE
r-patched-solaris-sparc 1.5-1 732.30 NOTE
r-patched-solaris-x86 1.5-1 143.30 NOTE
r-release-linux-ix86 1.5-1 3.96 71.01 74.97 OK
r-release-linux-x86_64 1.5-1 3.16 59.54 62.69 OK
r-release-osx-x86_64-mavericks 1.5-1 NOTE
r-release-osx-x86_64-snowleopard 1.5-1 OK
r-release-windows-ix86+x86_64 1.5-1 16.00 123.00 139.00 OK
r-oldrel-windows-ix86+x86_64 1.5-1 9.00 88.00 97.00 OK

Check Details

Version: 1.5-1
Check: DESCRIPTION meta-information
Result: NOTE
    Malformed Description field: should contain one or more complete sentences.
Flavors: r-devel-linux-x86_64-debian-clang, r-devel-linux-x86_64-debian-gcc, r-devel-linux-x86_64-fedora-clang, r-devel-linux-x86_64-fedora-gcc, r-devel-osx-x86_64-clang, r-devel-windows-ix86+x86_64

Version: 1.5-1
Check: dependencies in R code
Result: NOTE
    'library' or 'require' calls in package code:
     ‘Rsymphony’ ‘truncnorm’
     Please use :: or requireNamespace() instead.
     See section 'Suggested packages' in the 'Writing R Extensions' manual.
Flavors: r-devel-linux-x86_64-debian-clang, r-devel-linux-x86_64-debian-gcc, r-devel-linux-x86_64-fedora-clang, r-devel-linux-x86_64-fedora-gcc, r-devel-osx-x86_64-clang, r-devel-windows-ix86+x86_64, r-patched-linux-x86_64, r-patched-solaris-sparc, r-patched-solaris-x86

Version: 1.5-1
Check: package dependencies
Result: NOTE
    Package suggested but not available for checking: ‘Rsymphony’
Flavors: r-patched-solaris-sparc, r-patched-solaris-x86, r-release-osx-x86_64-mavericks