CRAN Package Check Results for Package parma

Last updated on 2016-05-04 11:39:01.

Flavor Version Tinstall Tcheck Ttotal Status Flags
r-devel-linux-x86_64-debian-gcc 1.5-2 2.24 48.39 50.63 OK
r-devel-linux-x86_64-fedora-clang 1.5-2 95.06 OK
r-devel-linux-x86_64-fedora-gcc 1.5-2 89.27 OK
r-devel-osx-x86_64-clang 1.5-2 104.22 OK
r-devel-windows-ix86+x86_64 1.5-2 7.00 87.00 94.00 OK
r-patched-linux-x86_64 1.5-2 2.16 49.28 51.44 OK
r-patched-solaris-sparc 1.5-2 548.70 NOTE
r-patched-solaris-x86 1.5-2 105.60 NOTE
r-release-linux-x86_64 1.5-2 2.05 48.44 50.49 OK
r-release-osx-x86_64-mavericks 1.5-2 NOTE
r-release-windows-ix86+x86_64 1.5-2 7.00 111.00 118.00 OK
r-oldrel-windows-ix86+x86_64 1.5-2 12.00 105.00 117.00 OK

Check Details

Version: 1.5-2
Check: package dependencies
Result: NOTE
    Package suggested but not available for checking: ‘Rsymphony’
Flavors: r-patched-solaris-sparc, r-patched-solaris-x86, r-release-osx-x86_64-mavericks