CRAN Package Check Results for Package parma

Last updated on 2016-12-03 23:47:49.

Flavor Version Tinstall Tcheck Ttotal Status Flags
r-devel-linux-x86_64-debian-clang 1.5-3 1.93 43.10 45.03 OK
r-devel-linux-x86_64-debian-gcc 1.5-3 1.86 42.51 44.36 OK
r-devel-linux-x86_64-fedora-clang 1.5-3 82.34 OK
r-devel-linux-x86_64-fedora-gcc 1.5-3 80.33 OK
r-devel-macos-x86_64-clang 1.5-3 65.56 OK
r-devel-windows-ix86+x86_64 1.5-3 7.00 77.00 84.00 OK
r-patched-linux-x86_64 1.5-3 1.76 40.67 42.43 OK
r-patched-solaris-sparc 1.5-3 406.90 NOTE
r-patched-solaris-x86 1.5-3 78.80 NOTE
r-release-linux-x86_64 1.5-3 1.65 40.38 42.03 OK
r-release-osx-x86_64-mavericks 1.5-3 NOTE
r-release-windows-ix86+x86_64 1.5-3 14.00 105.00 119.00 OK
r-oldrel-windows-ix86+x86_64 1.5-3 13.00 111.00 124.00 OK

Check Details

Version: 1.5-3
Check: package dependencies
Result: NOTE
    Package suggested but not available for checking: ‘Rsymphony’
Flavors: r-patched-solaris-sparc, r-patched-solaris-x86, r-release-osx-x86_64-mavericks