CRAN Package Check Results for Package parsnip

Last updated on 2020-08-06 08:48:58 CEST.

Flavor Version Tinstall Tcheck Ttotal Status Flags
r-devel-linux-x86_64-debian-clang 0.1.2 12.38 151.02 163.40 OK
r-devel-linux-x86_64-debian-gcc 0.1.3 10.64 117.17 127.81 OK
r-devel-linux-x86_64-fedora-clang 0.1.3 199.18 OK
r-devel-linux-x86_64-fedora-gcc 0.1.3 207.68 OK
r-devel-windows-ix86+x86_64 0.1.3 30.00 191.00 221.00 OK
r-patched-linux-x86_64 0.1.3 11.79 141.73 153.52 OK
r-patched-solaris-x86 0.1.3 256.70 OK
r-release-linux-x86_64 0.1.2 12.53 147.63 160.16 OK
r-release-macos-x86_64 0.1.2 ERROR
r-release-windows-ix86+x86_64 0.1.2 27.00 159.00 186.00 OK
r-oldrel-macos-x86_64 0.1.3 OK
r-oldrel-windows-ix86+x86_64 0.1.2 20.00 149.00 169.00 OK

Check Details

Version: 0.1.2
Check: tests
Result: ERROR
     Running ‘testthat.R’ [59s/77s]
    Running the tests in ‘tests/testthat.R’ failed.
    Last 13 lines of output:
     > library(parsnip)
     >
     > test_check("parsnip")
     ── 1. Error: glmnet probabilities, mulitiple lambda (@test_multinom_reg_glmnet.R
     no applicable method for 'slice' applied to an object of class "c('tbl_df', 'tbl', 'data.frame')"
     Backtrace:
     1. testthat::expect_equal(...)
     9. xgboost::slice(., i)
    
     ══ testthat results ═══════════════════════════════════════════════════════════
     [ OK: 953 | SKIPPED: 27 | WARNINGS: 0 | FAILED: 1 ]
     1. Error: glmnet probabilities, mulitiple lambda (@test_multinom_reg_glmnet.R#145)
    
     Error: testthat unit tests failed
     Execution halted
Flavor: r-release-macos-x86_64