CRAN Package Check Results for Package parspatstat

Last updated on 2014-08-20 17:47:48.

Flavor Version Tinstall Tcheck Ttotal Status Flags
r-devel-linux-x86_64-debian-clang 0.1-4 4.17 47.35 51.52 NOTE
r-devel-linux-x86_64-debian-gcc 0.1-4 4.10 46.01 50.10 NOTE
r-devel-osx-x86_64-clang 0.1-4 89.79 NOTE
r-patched-linux-x86_64 0.1-4 4.61 50.24 54.85 NOTE
r-release-linux-ix86 0.1-4 4.86 57.08 61.94 NOTE
r-release-linux-x86_64 0.1-4 4.19 49.25 53.44 NOTE
r-release-osx-x86_64-mavericks 0.1-4 ERROR
r-release-osx-x86_64-snowleopard 0.1-4 OK

Check Details

Version: 0.1-4
Check: dependencies in R code
Result: NOTE
    Packages in Depends field not imported from:
     ‘Rmpi’ ‘methods’ ‘spatstat’
     These packages need to be imported from (in the NAMESPACE file)
     for when this namespace is loaded but not attached.
    See the information on DESCRIPTION files in the chapter ‘Creating R
    packages’ of the ‘Writing R Extensions’ manual.
Flavors: r-devel-linux-x86_64-debian-clang, r-devel-linux-x86_64-debian-gcc, r-devel-osx-x86_64-clang, r-patched-linux-x86_64, r-release-linux-ix86, r-release-linux-x86_64

Version: 0.1-4
Check: R code for possible problems
Result: NOTE
    owin.divide: no visible global function definition for ‘owin’
    owin.divide: no visible global function definition for ‘intersect.owin’
    parKest.parppp: no visible global function definition for ‘verifyclass’
    parKest.parppp: no visible global function definition for
     ‘mpi.bcast.cmd’
    parKest.parppp: no visible global function definition for
     ‘mpi.recv.Robj’
    parKest.parppp: no visible global function definition for
     ‘mpi.any.source’
    parKest.parppp: no visible global function definition for ‘mpi.any.tag’
    parKest.parppp: no visible global function definition for
     ‘mpi.get.sourcetag’
    parKest.ppp: no visible global function definition for ‘mpi.comm.size’
    parKest.ppp: no visible global function definition for ‘verifyclass’
    parKest.ppp: no visible global function definition for
     ‘mpi.bcast.Robj2slave’
    parKest.ppp: no visible global function definition for ‘mpi.bcast.cmd’
    parKest.ppp: no visible global function definition for ‘mpi.recv.Robj’
    parKest.ppp: no visible global function definition for ‘mpi.any.source’
    parKest.ppp: no visible global function definition for ‘mpi.any.tag’
    parKest.ppp: no visible global function definition for
     ‘mpi.get.sourcetag’
    parKest.ppp: no visible global function definition for ‘mpi.send.Robj’
    parLest: no visible global function definition for ‘eval.fv’
    parLest: no visible global function definition for ‘rebadge.fv’
    parenvelope: no visible binding for global variable ‘Kest’
    parenvelope: no visible global function definition for ‘mpi.comm.size’
    parenvelope: no visible global function definition for
     ‘mpi.bcast.Robj2slave’
    parenvelope: no visible global function definition for ‘mpi.bcast.cmd’
    parenvelope: no visible global function definition for ‘mpi.recv.Robj’
    parenvelope: no visible global function definition for ‘mpi.any.source’
    parenvelope: no visible global function definition for ‘mpi.any.tag’
    parenvelope: no visible global function definition for
     ‘mpi.get.sourcetag’
    parenvelope: no visible global function definition for ‘mpi.send.Robj’
    parenvelope: no visible binding for global variable ‘pool.envelope’
    parread.ppp: no visible global function definition for ‘mpi.comm.size’
    parread.ppp: no visible global function definition for
     ‘bounding.box.xy’
    parread.ppp: no visible global function definition for ‘mpi.bcast.cmd’
    parread.ppp: no visible global function definition for ‘mpi.bcast.Robj’
    parread.ppp: no visible global function definition for ‘mpi.send.Robj’
    parread.ppp: no visible global function definition for ‘mpi.recv.Robj’
    parread.ppp: no visible global function definition for ‘mpi.any.source’
    parread.ppp: no visible global function definition for ‘mpi.any.tag’
    parread.ppp: no visible global function definition for
     ‘mpi.get.sourcetag’
    parread.ppp: no visible global function definition for ‘inside.owin’
    plot.parppp: no visible global function definition for
     ‘mpi.remote.exec’
    poissonVar: no visible global function definition for ‘runifpoint’
    poissonVar: no visible global function definition for ‘Kest’
    pool.K: no visible global function definition for ‘vanilla.fv’
    pool.K : Add: no visible global function definition for ‘eval.fv’
    pool.K: no visible global function definition for ‘eval.fv’
    print.parppp: no visible global function definition for
     ‘mpi.remote.exec’
    reconstruct: no visible global function definition for ‘area.owin’
    reconstruct: no visible global function definition for ‘runifpoint’
    reconstruct: no visible global function definition for ‘superimpose’
    reconstruct: no visible global function definition for ‘ppp’
    slave.parKest.parppp: no visible global function definition for
     ‘mpi.send.Robj’
    slave.parKest.parppp: no visible global function definition for ‘Kest’
    slave.parKest.parppp: no visible global function definition for
     ‘mpi.comm.rank’
    slave.parKest.ppp: no visible global function definition for
     ‘mpi.send.Robj’
    slave.parKest.ppp: no visible global function definition for
     ‘mpi.recv.Robj’
    slave.parKest.ppp: no visible global function definition for
     ‘mpi.any.tag’
    slave.parKest.ppp: no visible global function definition for
     ‘mpi.get.sourcetag’
    slave.parKest.ppp: no visible global function definition for ‘Kest’
    slave.parenvelope: no visible global function definition for
     ‘mpi.send.Robj’
    slave.parenvelope: no visible global function definition for
     ‘mpi.recv.Robj’
    slave.parenvelope: no visible global function definition for
     ‘mpi.any.tag’
    slave.parenvelope: no visible global function definition for
     ‘mpi.get.sourcetag’
    slave.parenvelope: no visible global function definition for ‘envelope’
    slave.parread.ppp: no visible global function definition for
     ‘mpi.bcast.Robj’
    slave.parread.ppp: no visible global function definition for
     ‘mpi.recv.Robj’
    slave.parread.ppp: no visible global function definition for
     ‘mpi.any.tag’
    slave.parread.ppp: no visible global function definition for
     ‘mpi.send.Robj’
    slave.parread.ppp: no visible global function definition for
     ‘mpi.get.sourcetag’
    slave.parread.ppp: no visible global function definition for ‘ppp’
Flavor: r-devel-osx-x86_64-clang

Version: 0.1-4
Check: package dependencies
Result: ERROR
    Package required but not available: ‘Rmpi’
    
    See the information on DESCRIPTION files in the chapter ‘Creating R
    packages’ of the ‘Writing R Extensions’ manual.
Flavor: r-release-osx-x86_64-mavericks