CRAN Package Check Results for Package parspatstat

Last updated on 2014-07-24 03:48:52.

Flavor Version Tinstall Tcheck Ttotal Status Flags
r-devel-linux-x86_64-debian-clang 0.1-4 4.14 47.74 51.88 NOTE
r-devel-linux-x86_64-debian-gcc 0.1-4 4.07 45.80 49.87 NOTE
r-devel-linux-x86_64-fedora-clang 0.1-4 119.15 NOTE
r-devel-linux-x86_64-fedora-gcc 0.1-4 115.10 NOTE
r-devel-osx-x86_64-clang 0.1-4 94.25 NOTE
r-patched-linux-x86_64 0.1-4 4.36 46.74 51.10 NOTE
r-patched-solaris-sparc 0.1-4 623.40 NOTE
r-patched-solaris-x86 0.1-4 150.50 NOTE
r-release-linux-ix86 0.1-4 5.12 56.23 61.34 NOTE
r-release-linux-x86_64 0.1-4 4.23 49.92 54.16 NOTE
r-release-osx-x86_64-mavericks 0.1-4 ERROR
r-release-osx-x86_64-snowleopard 0.1-4 OK

Check Details

Version: 0.1-4
Check: dependencies in R code
Result: NOTE
    Packages in Depends field not imported from:
     ‘Rmpi’ ‘methods’ ‘spatstat’
     These packages need to be imported from (in the NAMESPACE file)
     for when this namespace is loaded but not attached.
    See the information on DESCRIPTION files in the chapter ‘Creating R
    packages’ of the ‘Writing R Extensions’ manual.
Flavors: r-devel-linux-x86_64-debian-clang, r-devel-linux-x86_64-debian-gcc, r-devel-linux-x86_64-fedora-clang, r-devel-linux-x86_64-fedora-gcc, r-devel-osx-x86_64-clang, r-patched-linux-x86_64, r-patched-solaris-sparc, r-patched-solaris-x86, r-release-linux-ix86, r-release-linux-x86_64

Version: 0.1-4
Check: package dependencies
Result: ERROR
    Package required but not available: ‘Rmpi’
    
    See the information on DESCRIPTION files in the chapter ‘Creating R
    packages’ of the ‘Writing R Extensions’ manual.
Flavor: r-release-osx-x86_64-mavericks