CRAN Package Check Results for Package parspatstat

Last updated on 2014-04-21 01:48:08.

Flavor Version Tinstall Tcheck Ttotal Status Flags
r-devel-linux-x86_64-debian-clang 0.1-4 4.72 51.33 56.05 NOTE
r-devel-linux-x86_64-debian-gcc 0.1-4 4.62 50.98 55.60 NOTE
r-devel-linux-x86_64-fedora-clang 0.1-4 120.60 NOTE
r-devel-linux-x86_64-fedora-gcc 0.1-4 116.97 NOTE
r-devel-macosx-x86_64-clang 0.1-4 96.29 NOTE
r-devel-macosx-x86_64-gcc 0.1-4 ERROR
r-patched-linux-x86_64 0.1-4 4.83 51.08 55.91 NOTE
r-patched-solaris-sparc 0.1-4 623.40 NOTE
r-patched-solaris-x86 0.1-4 153.80 NOTE
r-release-linux-ix86 NOTE
r-release-linux-x86_64 0.1-4 4.42 50.58 55.00 NOTE
r-release-macosx-x86_64 0.1-4 OK

Check Details

Version: 0.1-4
Check: dependencies in R code
Result: NOTE
    Packages in Depends field not imported from:
     ‘Rmpi’ ‘methods’ ‘spatstat’
     These packages need to be imported from (in the NAMESPACE file)
     for when this namespace is loaded but not attached.
    See the information on DESCRIPTION files in the chapter ‘Creating R
    packages’ of the ‘Writing R Extensions’ manual.
Flavors: r-devel-linux-x86_64-debian-clang, r-devel-linux-x86_64-debian-gcc, r-devel-linux-x86_64-fedora-clang, r-devel-linux-x86_64-fedora-gcc, r-devel-macosx-x86_64-clang, r-patched-linux-x86_64, r-patched-solaris-sparc, r-patched-solaris-x86, r-release-linux-ix86, r-release-linux-x86_64

Version: 0.1-4
Check: package dependencies
Result: ERROR
    Package required but not available: ‘Rmpi’
    
    See the information on DESCRIPTION files in the chapter ‘Creating R
    packages’ of the ‘Writing R Extensions’ manual.
Flavor: r-devel-macosx-x86_64-gcc