CRAN Package Check Results for Package partDSA

Last updated on 2017-10-20 00:52:49.

Flavor Version Tinstall Tcheck Ttotal Status Flags
r-devel-linux-x86_64-debian-clang 0.9.14 2.59 138.60 141.20 OK
r-devel-linux-x86_64-debian-gcc 0.9.14 3.26 136.57 139.83 OK
r-devel-linux-x86_64-fedora-clang 0.9.14 282.27 OK
r-devel-linux-x86_64-fedora-gcc 0.9.14 275.73 OK
r-devel-windows-ix86+x86_64 0.9.14 7.00 201.00 208.00 OK
r-patched-linux-x86_64 0.9.14 2.70 133.77 136.48 OK
r-patched-solaris-x86 0.9.14 321.90 OK
r-release-linux-x86_64 0.9.14 2.60 133.75 136.35 OK
r-release-windows-ix86+x86_64 0.9.14 10.00 210.00 220.00 OK
r-release-osx-x86_64 0.9.14 NOTE
r-oldrel-windows-ix86+x86_64 0.9.14 5.00 275.00 280.00 OK
r-oldrel-osx-x86_64 0.9.14 OK

Check Details

Version: 0.9.14
Check: re-building of vignette outputs
Result: NOTE
    Error in re-building vignettes:
     ...
    Loading required package: survival
    Error in texi2dvi(file = file, pdf = TRUE, clean = clean, quiet = quiet, :
     Running 'texi2dvi' on 'partDSAvig.tex' failed.
    LaTeX errors:
    ! LaTeX Error: File `subfigure.sty' not found.
    
    Type X to quit or <RETURN> to proceed,
    or enter new name. (Default extension: sty)
    
    ! Emergency stop.
    <read *>
    
    l.11 ^^M
    
    ! ==> Fatal error occurred, no output PDF file produced!
    Calls: buildVignettes -> texi2pdf -> texi2dvi
    Execution halted
Flavor: r-release-osx-x86_64