CRAN Package Check Results for Package partDSA

Last updated on 2017-12-12 06:47:24 CET.

Flavor Version Tinstall Tcheck Ttotal Status Flags
r-devel-linux-x86_64-debian-clang 0.9.14 3.15 172.77 175.92 OK
r-devel-linux-x86_64-debian-gcc 0.9.14 3.01 154.25 157.26 OK
r-devel-linux-x86_64-fedora-clang 0.9.14 254.09 OK
r-devel-linux-x86_64-fedora-gcc 0.9.14 259.25 OK
r-devel-windows-ix86+x86_64 0.9.14 9.00 239.00 248.00 OK
r-patched-linux-x86_64 0.9.14 3.66 222.28 225.94 OK
r-patched-solaris-x86 0.9.14 325.10 OK
r-release-linux-x86_64 0.9.14 3.83 217.85 221.68 OK
r-release-windows-ix86+x86_64 0.9.14 7.00 296.00 303.00 OK
r-release-osx-x86_64 0.9.14 NOTE
r-oldrel-windows-ix86+x86_64 0.9.14 9.00 262.00 271.00 OK
r-oldrel-osx-x86_64 0.9.14 OK

Check Details

Version: 0.9.14
Check: re-building of vignette outputs
Result: NOTE
    Error in re-building vignettes:
     ...
    Loading required package: survival
    Error in texi2dvi(file = file, pdf = TRUE, clean = clean, quiet = quiet, :
     Running 'texi2dvi' on 'partDSAvig.tex' failed.
    LaTeX errors:
    ! LaTeX Error: File `subfigure.sty' not found.
    
    Type X to quit or <RETURN> to proceed,
    or enter new name. (Default extension: sty)
    
    ! Emergency stop.
    <read *>
    
    l.11 ^^M
    
    ! ==> Fatal error occurred, no output PDF file produced!
    Calls: buildVignettes -> texi2pdf -> texi2dvi
    Execution halted
Flavor: r-release-osx-x86_64