CRAN Package Check Results for Package partDSA

Last updated on 2018-06-22 03:49:37 CEST.

Flavor Version Tinstall Tcheck Ttotal Status Flags
r-devel-linux-x86_64-debian-clang 0.9.14 9.79 194.38 204.17 OK
r-devel-linux-x86_64-debian-gcc 0.9.14 7.15 175.48 182.63 OK
r-devel-linux-x86_64-fedora-clang 0.9.14 272.68 OK
r-devel-linux-x86_64-fedora-gcc 0.9.14 261.27 OK
r-devel-windows-ix86+x86_64 0.9.14 12.00 313.00 325.00 OK
r-patched-linux-x86_64 0.9.14 5.63 205.91 211.54 OK
r-patched-solaris-x86 0.9.14 352.60 OK
r-release-linux-x86_64 0.9.14 6.83 207.85 214.68 OK
r-release-windows-ix86+x86_64 0.9.14 12.00 310.00 322.00 OK
r-release-osx-x86_64 0.9.14 OK
r-oldrel-windows-ix86+x86_64 0.9.14 9.00 208.00 217.00 OK
r-oldrel-osx-x86_64 0.9.14 NOTE

Check Details

Version: 0.9.14
Check: re-building of vignette outputs
Result: NOTE
    Error in re-building vignettes:
     ...
    Loading required package: survival
    Error in texi2dvi(file = file, pdf = TRUE, clean = clean, quiet = quiet, :
     Running 'texi2dvi' on 'partDSAvig.tex' failed.
    LaTeX errors:
    ! LaTeX Error: File `subfigure.sty' not found.
    
    Type X to quit or <RETURN> to proceed,
    or enter new name. (Default extension: sty)
    
    ! Emergency stop.
    <read *>
    
    l.11 ^^M
    
    ! ==> Fatal error occurred, no output PDF file produced!
    Calls: buildVignettes -> texi2pdf -> texi2dvi
    Execution halted
Flavor: r-oldrel-osx-x86_64