CRAN Package Check Results for Package partDSA

Last updated on 2014-04-23 07:55:04.

Flavor Version Tinstall Tcheck Ttotal Status Flags
r-devel-linux-x86_64-debian-clang 0.9.5 0.89 209.96 210.85 OK
r-devel-linux-x86_64-debian-gcc 0.9.5 0.84 211.08 211.92 OK
r-devel-linux-x86_64-fedora-clang 0.9.5 426.64 OK
r-devel-linux-x86_64-fedora-gcc 0.9.5 420.78 OK
r-devel-osx-x86_64-clang 0.9.5 307.21 OK
r-devel-osx-x86_64-gcc 0.9.5 OK
r-devel-windows-ix86+x86_64 0.9.5 3.00 302.00 305.00 OK
r-patched-linux-x86_64 0.9.5 0.84 207.79 208.64 OK
r-patched-solaris-sparc 0.9.5 2100.70 OK
r-patched-solaris-x86 0.9.5 393.20 OK
r-release-linux-ix86 0.9.5 2.00 269.00 271.00 OK
r-release-linux-x86_64 0.9.5 0.85 211.70 212.56 OK
r-release-osx-x86_64-mavericks 0.9.5 WARN
r-release-osx-x86_64-snowleopard 0.9.5 OK
r-release-windows-ix86+x86_64 0.9.5 3.00 296.00 299.00 OK
r-oldrel-windows-ix86+x86_64 0.9.5 3.00 272.00 275.00 OK

Check Details

Version: 0.9.5
Check: re-building of vignette outputs
Result: NOTE
    Error in re-building vignettes:
     ...
    Loading required package: survival
    Loading required package: splines
    Error in texi2dvi(file = file, pdf = TRUE, clean = clean, quiet = quiet, :
     Running 'texi2dvi' on 'partDSA.tex' failed.
    LaTeX errors:
    ! LaTeX Error: File `subfigure.sty' not found.
    
    Type X to quit or <RETURN> to proceed,
    or enter new name. (Default extension: sty)
    
    _test/partDSA/vignettes/partDSA.tex:11: ==> Fatal error occurred, no output PD
    F file produced!
    Calls: buildVignettes -> texi2pdf -> texi2dvi
    Execution halted
Flavor: r-release-osx-x86_64-mavericks

Version: 0.9.5
Check: PDF version of manual
Result: WARNING
    LaTeX errors when creating PDF version.
    This typically indicates Rd problems.
    LaTeX errors found:
    ! LaTeX Error: File `upquote.sty' not found.
    
    Type X to quit or <RETURN> to proceed,
    or enter new name. (Default extension: sty)
    
    09dec93/Rd2.tex:8: ==> Fatal error occurred, no output PDF file produced!
Flavor: r-release-osx-x86_64-mavericks