CRAN Package Check Results for Package partDSA

Last updated on 2014-08-21 19:48:52.

Flavor Version Tinstall Tcheck Ttotal Status Flags
r-devel-linux-x86_64-debian-clang 0.9.5 0.76 198.41 199.17 OK
r-devel-linux-x86_64-debian-gcc 0.9.5 0.78 192.59 193.38 OK
r-devel-linux-x86_64-fedora-clang 0.9.5 397.89 NOTE
r-devel-linux-x86_64-fedora-gcc 0.9.5 386.95 NOTE
r-devel-osx-x86_64-clang 0.9.5 291.87 NOTE
r-devel-windows-ix86+x86_64 0.9.5 3.00 277.00 280.00 OK
r-patched-linux-x86_64 0.9.5 0.80 206.90 207.70 OK
r-patched-solaris-sparc 0.9.5 2136.30 OK
r-patched-solaris-x86 0.9.5 395.80 OK
r-release-linux-ix86 0.9.5 1.22 230.72 231.94 OK
r-release-linux-x86_64 0.9.5 2.83 212.10 214.94 OK
r-release-osx-x86_64-mavericks 0.9.5 NOTE
r-release-osx-x86_64-snowleopard 0.9.5 OK
r-release-windows-ix86+x86_64 0.9.5 3.00 310.00 313.00 OK
r-oldrel-windows-ix86+x86_64 0.9.5 3.00 270.00 273.00 OK

Check Details

Version: 0.9.5
Check: R code for possible problems
Result: NOTE
    partDSA: no visible global function definition for ‘makePSOCKcluster’
    partDSA: no visible global function definition for ‘clusterCall’
    partDSA: no visible global function definition for ‘clusterApplyLB’
    partDSA: no visible global function definition for ‘stopCluster’
    partDSA: no visible global function definition for ‘mclapply’
Flavors: r-devel-linux-x86_64-fedora-clang, r-devel-linux-x86_64-fedora-gcc, r-devel-osx-x86_64-clang

Version: 0.9.5
Check: re-building of vignette outputs
Result: NOTE
    Error in re-building vignettes:
     ...
    Loading required package: survival
    Loading required package: splines
    Error in texi2dvi(file = file, pdf = TRUE, clean = clean, quiet = quiet, :
     Running 'texi2dvi' on 'partDSA.tex' failed.
    LaTeX errors:
    ! LaTeX Error: File `subfigure.sty' not found.
    
    Type X to quit or <RETURN> to proceed,
    or enter new name. (Default extension: sty)
    
    _test/partDSA/vignettes/partDSA.tex:11: ==> Fatal error occurred, no output PD
    F file produced!
    Calls: buildVignettes -> texi2pdf -> texi2dvi
    Execution halted
Flavor: r-release-osx-x86_64-mavericks