CRAN Package Check Results for Package partDSA

Last updated on 2014-11-01 08:48:22.

Flavor Version Tinstall Tcheck Ttotal Status Flags
r-devel-linux-x86_64-debian-clang 0.9.5 0.96 197.77 198.73 NOTE
r-devel-linux-x86_64-debian-gcc 0.9.5 0.84 194.64 195.48 NOTE
r-devel-linux-x86_64-fedora-clang 0.9.5 402.95 WARN
r-devel-linux-x86_64-fedora-gcc 0.9.5 282.62 WARN
r-devel-osx-x86_64-clang 0.9.5 153.37 NOTE
r-devel-windows-ix86+x86_64 0.9.5 3.00 263.00 266.00 NOTE
r-patched-linux-x86_64 0.9.5 0.84 202.77 203.60 NOTE
r-patched-solaris-sparc 0.9.5 2107.60 NOTE
r-patched-solaris-x86 0.9.5 398.70 NOTE
r-release-linux-ix86 0.9.5 1.24 234.61 235.85 OK
r-release-linux-x86_64 0.9.5 0.83 212.80 213.62 OK
r-release-osx-x86_64-mavericks 0.9.5 NOTE
r-release-osx-x86_64-snowleopard 0.9.5 OK
r-release-windows-ix86+x86_64 0.9.5 3.00 278.00 281.00 OK
r-oldrel-windows-ix86+x86_64 0.9.5 3.00 272.00 275.00 OK

Check Details

Version: 0.9.5
Check: R code for possible problems
Result: NOTE
    partDSA: no visible global function definition for ‘makePSOCKcluster’
    partDSA: no visible global function definition for ‘clusterCall’
    partDSA: no visible global function definition for ‘clusterApplyLB’
    partDSA: no visible global function definition for ‘stopCluster’
    partDSA: no visible global function definition for ‘mclapply’
Flavors: r-devel-linux-x86_64-debian-clang, r-devel-linux-x86_64-debian-gcc, r-devel-linux-x86_64-fedora-clang, r-devel-linux-x86_64-fedora-gcc, r-devel-osx-x86_64-clang, r-devel-windows-ix86+x86_64, r-patched-linux-x86_64, r-patched-solaris-sparc, r-patched-solaris-x86

Version: 0.9.5
Check: sizes of PDF files under ‘inst/doc’
Result: WARN
     ‘gs+qpdf’ made some significant size reductions:
     compacted ‘partDSA.pdf’ from 735Kb to 329Kb
     consider running tools::compactPDF(gs_quality = "ebook") on these files
Flavors: r-devel-linux-x86_64-fedora-clang, r-devel-linux-x86_64-fedora-gcc

Version: 0.9.5
Check: re-building of vignette outputs
Result: NOTE
    Error in re-building vignettes:
     ...
    Loading required package: survival
    Loading required package: splines
    Error in texi2dvi(file = file, pdf = TRUE, clean = clean, quiet = quiet, :
     Running 'texi2dvi' on 'partDSA.tex' failed.
    LaTeX errors:
    ! LaTeX Error: File `subfigure.sty' not found.
    
    Type X to quit or <RETURN> to proceed,
    or enter new name. (Default extension: sty)
    
    _test/partDSA/vignettes/partDSA.tex:11: ==> Fatal error occurred, no output PD
    F file produced!
    Calls: buildVignettes -> texi2pdf -> texi2dvi
    Execution halted
Flavor: r-release-osx-x86_64-mavericks