CRAN Package Check Results for Package partDSA

Last updated on 2017-08-19 16:46:29.

Flavor Version Tinstall Tcheck Ttotal Status Flags
r-devel-linux-x86_64-debian-clang 0.9.14 2.59 137.06 139.65 OK
r-devel-linux-x86_64-debian-gcc 0.9.14 2.54 128.35 130.89 OK
r-devel-linux-x86_64-fedora-clang 0.9.14 273.84 OK
r-devel-linux-x86_64-fedora-gcc 0.9.14 289.19 OK
r-devel-windows-ix86+x86_64 0.9.14 10.00 214.00 224.00 OK
r-patched-linux-x86_64 0.9.14 2.88 136.76 139.63 OK
r-patched-solaris-x86 0.9.14 329.90 OK
r-release-linux-x86_64 0.9.14 2.74 138.13 140.87 OK
r-release-windows-ix86+x86_64 0.9.14 10.00 218.00 228.00 OK
r-release-osx-x86_64 0.9.14 NOTE
r-oldrel-windows-ix86+x86_64 0.9.14 6.00 233.00 239.00 OK
r-oldrel-osx-x86_64 0.9.14 OK

Check Details

Version: 0.9.14
Check: re-building of vignette outputs
Result: NOTE
    Error in re-building vignettes:
     ...
    Loading required package: survival
    Error in texi2dvi(file = file, pdf = TRUE, clean = clean, quiet = quiet, :
     Running 'texi2dvi' on 'partDSAvig.tex' failed.
    LaTeX errors:
    ! LaTeX Error: File `subfigure.sty' not found.
    
    Type X to quit or <RETURN> to proceed,
    or enter new name. (Default extension: sty)
    
    ! Emergency stop.
    <read *>
    
    l.11 ^^M
    
    ! ==> Fatal error occurred, no output PDF file produced!
    Calls: buildVignettes -> texi2pdf -> texi2dvi
    Execution halted
Flavor: r-release-osx-x86_64