CRAN Package Check Results for Package partDSA

Last updated on 2014-09-30 23:47:47.

Flavor Version Tinstall Tcheck Ttotal Status Flags
r-devel-linux-x86_64-debian-clang 0.9.5 0.83 189.59 190.42 NOTE
r-devel-linux-x86_64-debian-gcc 0.9.5 0.80 190.94 191.74 NOTE
r-devel-linux-x86_64-fedora-clang 0.9.5 393.97 NOTE
r-devel-linux-x86_64-fedora-gcc 0.9.5 377.59 NOTE
r-devel-osx-x86_64-clang 0.9.5 268.54 NOTE
r-devel-windows-ix86+x86_64 0.9.5 3.00 263.00 266.00 NOTE
r-patched-linux-x86_64 0.9.5 0.84 214.15 214.99 OK
r-patched-solaris-sparc 0.9.5 2136.30 OK
r-patched-solaris-x86 0.9.5 403.30 OK
r-release-linux-ix86 0.9.5 1.23 231.24 232.47 OK
r-release-linux-x86_64 0.9.5 0.81 222.83 223.64 OK
r-release-osx-x86_64-mavericks 0.9.5 NOTE
r-release-osx-x86_64-snowleopard 0.9.5 OK
r-release-windows-ix86+x86_64 0.9.5 3.00 302.00 305.00 OK
r-oldrel-windows-ix86+x86_64 0.9.5 3.00 266.00 269.00 OK

Check Details

Version: 0.9.5
Check: R code for possible problems
Result: NOTE
    partDSA: no visible global function definition for ‘makePSOCKcluster’
    partDSA: no visible global function definition for ‘clusterCall’
    partDSA: no visible global function definition for ‘clusterApplyLB’
    partDSA: no visible global function definition for ‘stopCluster’
    partDSA: no visible global function definition for ‘mclapply’
Flavors: r-devel-linux-x86_64-debian-clang, r-devel-linux-x86_64-debian-gcc, r-devel-linux-x86_64-fedora-clang, r-devel-linux-x86_64-fedora-gcc, r-devel-osx-x86_64-clang, r-devel-windows-ix86+x86_64

Version: 0.9.5
Check: re-building of vignette outputs
Result: NOTE
    Error in re-building vignettes:
     ...
    Loading required package: survival
    Loading required package: splines
    Error in texi2dvi(file = file, pdf = TRUE, clean = clean, quiet = quiet, :
     Running 'texi2dvi' on 'partDSA.tex' failed.
    LaTeX errors:
    ! LaTeX Error: File `subfigure.sty' not found.
    
    Type X to quit or <RETURN> to proceed,
    or enter new name. (Default extension: sty)
    
    _test/partDSA/vignettes/partDSA.tex:11: ==> Fatal error occurred, no output PD
    F file produced!
    Calls: buildVignettes -> texi2pdf -> texi2dvi
    Execution halted
Flavor: r-release-osx-x86_64-mavericks