CRAN Package Check Results for Package partDSA

Last updated on 2018-02-21 13:50:54 CET.

Flavor Version Tinstall Tcheck Ttotal Status Flags
r-devel-linux-x86_64-debian-clang 0.9.14 8.15 213.95 222.10 OK
r-devel-linux-x86_64-debian-gcc 0.9.14 6.86 181.43 188.29 OK
r-devel-linux-x86_64-fedora-clang 0.9.14 257.63 OK
r-devel-linux-x86_64-fedora-gcc 0.9.14 254.31 OK
r-devel-windows-ix86+x86_64 0.9.14 13.00 206.00 219.00 OK
r-patched-linux-x86_64 0.9.14 3.80 213.11 216.91 OK
r-patched-solaris-x86 0.9.14 318.00 OK
r-release-linux-x86_64 0.9.14 3.65 209.07 212.72 OK
r-release-windows-ix86+x86_64 0.9.14 10.00 280.00 290.00 OK
r-release-osx-x86_64 0.9.14 NOTE
r-oldrel-windows-ix86+x86_64 0.9.14 6.00 267.00 273.00 OK
r-oldrel-osx-x86_64 0.9.14 OK

Check Details

Version: 0.9.14
Check: re-building of vignette outputs
Result: NOTE
    Error in re-building vignettes:
     ...
    Loading required package: survival
    Error in texi2dvi(file = file, pdf = TRUE, clean = clean, quiet = quiet, :
     Running 'texi2dvi' on 'partDSAvig.tex' failed.
    LaTeX errors:
    ! LaTeX Error: File `subfigure.sty' not found.
    
    Type X to quit or <RETURN> to proceed,
    or enter new name. (Default extension: sty)
    
    ! Emergency stop.
    <read *>
    
    l.11 ^^M
    
    ! ==> Fatal error occurred, no output PDF file produced!
    Calls: buildVignettes -> texi2pdf -> texi2dvi
    Execution halted
Flavor: r-release-osx-x86_64