CRAN Package Check Results for Package partDSA

Last updated on 2017-04-27 05:51:56.

Flavor Version Tinstall Tcheck Ttotal Status Flags
r-devel-linux-x86_64-debian-clang 0.9.14 2.68 130.67 133.35 OK
r-devel-linux-x86_64-debian-gcc 0.9.14 2.46 141.97 144.43 OK
r-devel-linux-x86_64-fedora-clang 0.9.14 317.20 OK --no-stop-on-test-error
r-devel-linux-x86_64-fedora-gcc 0.9.14 271.43 OK --no-stop-on-test-error
r-devel-windows-ix86+x86_64 0.9.14 8.00 286.00 294.00 OK
r-patched-linux-x86_64 0.9.14 2.83 129.21 132.04 OK
r-patched-solaris-sparc 0.9.14 1540.10 OK
r-patched-solaris-x86 0.9.14 311.10 OK
r-release-linux-x86_64 0.9.14 2.52 138.90 141.43 OK
r-release-windows-ix86+x86_64 0.9.14 9.00 245.00 254.00 OK
r-release-osx-x86_64 0.9.14 NOTE
r-oldrel-windows-ix86+x86_64 0.9.14 6.00 269.00 275.00 OK
r-oldrel-osx-x86_64 0.9.14 OK

Check Details

Version: 0.9.14
Check: re-building of vignette outputs
Result: NOTE
    Error in re-building vignettes:
     ...
    Loading required package: survival
    Error in texi2dvi(file = file, pdf = TRUE, clean = clean, quiet = quiet, :
     Running 'texi2dvi' on 'partDSAvig.tex' failed.
    LaTeX errors:
    ! LaTeX Error: File `subfigure.sty' not found.
    
    Type X to quit or <RETURN> to proceed,
    or enter new name. (Default extension: sty)
    
    ! Emergency stop.
    <read *>
    
    l.11 ^^M
    
    ! ==> Fatal error occurred, no output PDF file produced!
    Calls: buildVignettes -> texi2pdf -> texi2dvi
    Execution halted
Flavor: r-release-osx-x86_64