CRAN Package Check Results for Package partDSA

Last updated on 2014-12-22 07:48:08.

Flavor Version Tinstall Tcheck Ttotal Status Flags
r-devel-linux-x86_64-debian-clang 0.9.5 0.84 187.26 188.10 WARN
r-devel-linux-x86_64-debian-gcc 0.9.5 0.78 184.60 185.39 WARN
r-devel-linux-x86_64-fedora-clang 0.9.5 371.00 WARN
r-devel-linux-x86_64-fedora-gcc 0.9.5 363.86 WARN
r-devel-osx-x86_64-clang 0.9.5 302.35 NOTE
r-devel-windows-ix86+x86_64 0.9.5 3.00 257.00 260.00 NOTE
r-patched-linux-x86_64 0.9.5 0.83 209.73 210.56 WARN
r-patched-solaris-sparc 0.9.5 2064.70 NOTE
r-patched-solaris-x86 0.9.5 401.70 NOTE
r-release-linux-ix86 0.9.5 1.24 223.07 224.31 NOTE
r-release-linux-x86_64 0.9.5 0.83 207.09 207.92 WARN
r-release-osx-x86_64-mavericks 0.9.5 NOTE
r-release-osx-x86_64-snowleopard 0.9.5 OK
r-release-windows-ix86+x86_64 0.9.5 4.00 313.00 317.00 NOTE
r-oldrel-windows-ix86+x86_64 0.9.5 3.00 267.00 270.00 OK

Check Details

Version: 0.9.5
Check: R code for possible problems
Result: NOTE
    partDSA: no visible global function definition for ‘makePSOCKcluster’
    partDSA: no visible global function definition for ‘clusterCall’
    partDSA: no visible global function definition for ‘clusterApplyLB’
    partDSA: no visible global function definition for ‘stopCluster’
    partDSA: no visible global function definition for ‘mclapply’
Flavors: r-devel-linux-x86_64-debian-clang, r-devel-linux-x86_64-debian-gcc, r-devel-linux-x86_64-fedora-clang, r-devel-linux-x86_64-fedora-gcc, r-devel-osx-x86_64-clang, r-devel-windows-ix86+x86_64, r-patched-linux-x86_64, r-patched-solaris-sparc, r-patched-solaris-x86, r-release-linux-ix86, r-release-linux-x86_64, r-release-windows-ix86+x86_64

Version: 0.9.5
Check: sizes of PDF files under ‘inst/doc’
Result: WARN
     ‘gs+qpdf’ made some significant size reductions:
     compacted ‘partDSA.pdf’ from 735Kb to 329Kb
     consider running tools::compactPDF(gs_quality = "ebook") on these files
Flavors: r-devel-linux-x86_64-debian-clang, r-devel-linux-x86_64-debian-gcc, r-devel-linux-x86_64-fedora-clang, r-devel-linux-x86_64-fedora-gcc, r-patched-linux-x86_64, r-release-linux-x86_64

Version: 0.9.5
Check: re-building of vignette outputs
Result: NOTE
    Error in re-building vignettes:
     ...
    Loading required package: survival
    Loading required package: splines
    Error in texi2dvi(file = file, pdf = TRUE, clean = clean, quiet = quiet, :
     Running 'texi2dvi' on 'partDSA.tex' failed.
    LaTeX errors:
    ! LaTeX Error: File `subfigure.sty' not found.
    
    Type X to quit or <RETURN> to proceed,
    or enter new name. (Default extension: sty)
    
    _test/partDSA/vignettes/partDSA.tex:11: ==> Fatal error occurred, no output PD
    F file produced!
    Calls: buildVignettes -> texi2pdf -> texi2dvi
    Execution halted
Flavor: r-release-osx-x86_64-mavericks