CRAN Package Check Results for Package partDSA

Last updated on 2017-06-23 23:50:52.

Flavor Version Tinstall Tcheck Ttotal Status Flags
r-devel-linux-x86_64-debian-clang 0.9.14 2.72 132.53 135.25 OK
r-devel-linux-x86_64-debian-gcc 0.9.14 2.79 136.93 139.72 OK
r-devel-linux-x86_64-fedora-clang 0.9.14 276.67 OK
r-devel-linux-x86_64-fedora-gcc 0.9.14 274.65 OK
r-devel-windows-ix86+x86_64 0.9.14 11.00 284.00 295.00 OK
r-patched-linux-x86_64 0.9.14 2.52 131.89 134.41 OK
r-patched-solaris-sparc 0.9.14 1540.10 OK
r-patched-solaris-x86 0.9.14 320.10 OK
r-release-linux-x86_64 0.9.14 2.60 128.19 130.79 OK
r-release-windows-ix86+x86_64 0.9.14 6.00 291.00 297.00 OK
r-release-osx-x86_64 0.9.14 NOTE
r-oldrel-windows-ix86+x86_64 0.9.14 11.00 278.00 289.00 OK
r-oldrel-osx-x86_64 0.9.14 OK

Check Details

Version: 0.9.14
Check: re-building of vignette outputs
Result: NOTE
    Error in re-building vignettes:
     ...
    Loading required package: survival
    Error in texi2dvi(file = file, pdf = TRUE, clean = clean, quiet = quiet, :
     Running 'texi2dvi' on 'partDSAvig.tex' failed.
    LaTeX errors:
    ! LaTeX Error: File `subfigure.sty' not found.
    
    Type X to quit or <RETURN> to proceed,
    or enter new name. (Default extension: sty)
    
    ! Emergency stop.
    <read *>
    
    l.11 ^^M
    
    ! ==> Fatal error occurred, no output PDF file produced!
    Calls: buildVignettes -> texi2pdf -> texi2dvi
    Execution halted
Flavor: r-release-osx-x86_64