CRAN Package Check Results for Package partDSA

Last updated on 2014-07-28 20:47:01.

Flavor Version Tinstall Tcheck Ttotal Status Flags
r-devel-linux-x86_64-debian-clang 0.9.5 0.80 213.08 213.88 OK
r-devel-linux-x86_64-debian-gcc 0.9.5 0.96 220.66 221.62 OK
r-devel-linux-x86_64-fedora-clang 0.9.5 435.67 OK
r-devel-linux-x86_64-fedora-gcc 0.9.5 416.17 OK
r-devel-osx-x86_64-clang 0.9.5 304.99 OK
r-devel-windows-ix86+x86_64 0.9.5 3.00 292.00 295.00 OK
r-patched-linux-x86_64 0.9.5 1.14 199.67 200.80 OK
r-patched-solaris-sparc 0.9.5 2100.70 OK
r-patched-solaris-x86 0.9.5 407.70 OK
r-release-linux-ix86 0.9.5 1.24 225.46 226.70 OK
r-release-linux-x86_64 0.9.5 0.82 203.35 204.17 OK
r-release-osx-x86_64-mavericks 0.9.5 NOTE
r-release-osx-x86_64-snowleopard 0.9.5 OK
r-release-windows-ix86+x86_64 0.9.5 2.00 299.00 301.00 OK
r-oldrel-windows-ix86+x86_64 0.9.5 3.00 265.00 268.00 OK

Check Details

Version: 0.9.5
Check: re-building of vignette outputs
Result: NOTE
    Error in re-building vignettes:
     ...
    Loading required package: survival
    Loading required package: splines
    Error in texi2dvi(file = file, pdf = TRUE, clean = clean, quiet = quiet, :
     Running 'texi2dvi' on 'partDSA.tex' failed.
    LaTeX errors:
    ! LaTeX Error: File `subfigure.sty' not found.
    
    Type X to quit or <RETURN> to proceed,
    or enter new name. (Default extension: sty)
    
    _test/partDSA/vignettes/partDSA.tex:11: ==> Fatal error occurred, no output PD
    F file produced!
    Calls: buildVignettes -> texi2pdf -> texi2dvi
    Execution halted
Flavor: r-release-osx-x86_64-mavericks