CRAN Package Check Results for Package partDSA

Last updated on 2015-07-29 10:47:50.

Flavor Version Tinstall Tcheck Ttotal Status Flags
r-devel-linux-x86_64-debian-clang 0.9.10 0.82 166.20 167.02 NOTE
r-devel-linux-x86_64-debian-gcc 0.9.10 0.90 162.49 163.39 NOTE
r-devel-linux-x86_64-fedora-clang 0.9.10 325.84 NOTE
r-devel-linux-x86_64-fedora-gcc 0.9.10 313.49 NOTE
r-devel-osx-x86_64-clang 0.9.10 239.01 OK
r-devel-windows-ix86+x86_64 0.9.10 3.00 253.00 256.00 NOTE
r-patched-linux-x86_64 0.9.10 0.82 166.04 166.86 OK
r-patched-solaris-sparc 0.9.10 1916.90 OK
r-patched-solaris-x86 0.9.10 352.50 OK
r-release-linux-x86_64 0.9.10 1.13 166.99 168.12 OK
r-release-osx-x86_64-mavericks 0.9.10 OK
r-release-windows-ix86+x86_64 0.9.10 4.00 257.00 261.00 OK
r-oldrel-windows-ix86+x86_64 0.9.10 5.00 385.00 390.00 OK

Check Details

Version: 0.9.10
Check: R code for possible problems
Result: NOTE
    assign.surv.wts: no visible global function definition for
     ‘model.matrix’
    bincartsplit: no visible global function definition for ‘runif’
    genImageData: no visible global function definition for ‘png’
    genImageData: no visible global function definition for ‘plot’
    genImageData: no visible global function definition for ‘barplot’
    genImageData: no visible global function definition for ‘axis’
    genImageData: no visible global function definition for ‘hist’
    genImageData: no visible global function definition for ‘title’
    genImageData: no visible global function definition for ‘dev.off’
    get.coefs: no visible global function definition for ‘lm’
    partDSA: no visible global function definition for ‘median’
    partDSA: no visible global function definition for ‘predict’
    partDSA: no visible binding for global variable ‘sd’
    predict.LeafyDSA: no visible binding for global variable ‘predict’
    rss.risk: no visible global function definition for ‘lm’
    worker: no visible global function definition for ‘predict’
    worker.leafy: no visible global function definition for ‘predict’
    Undefined global functions or variables:
     axis barplot dev.off hist lm median model.matrix plot png predict
     runif sd title
    Consider adding
     importFrom("grDevices", "dev.off", "png")
     importFrom("graphics", "axis", "barplot", "hist", "plot", "title")
     importFrom("stats", "lm", "median", "model.matrix", "predict", "runif",
     "sd")
    to your NAMESPACE.
Flavors: r-devel-linux-x86_64-debian-clang, r-devel-linux-x86_64-debian-gcc, r-devel-linux-x86_64-fedora-clang, r-devel-linux-x86_64-fedora-gcc, r-devel-windows-ix86+x86_64