Last updated on 2021-04-17 00:48:19 CEST.
Flavor | Version | Tinstall | Tcheck | Ttotal | Status | Flags |
---|---|---|---|---|---|---|
r-devel-linux-x86_64-debian-clang | 0.9.1 | 4.16 | 183.31 | 187.47 | OK | |
r-devel-linux-x86_64-debian-gcc | 0.9.1 | 3.15 | 133.46 | 136.61 | OK | |
r-devel-linux-x86_64-fedora-clang | 0.9.1 | 217.09 | NOTE | |||
r-devel-linux-x86_64-fedora-gcc | 0.9.1 | 233.08 | NOTE | |||
r-devel-windows-ix86+x86_64 | 0.9.1 | 8.00 | 192.00 | 200.00 | OK | |
r-devel-windows-x86_64-gcc10-UCRT | 0.9.1 | NOTE | ||||
r-patched-linux-x86_64 | 0.9.1 | 4.04 | 174.05 | 178.09 | OK | |
r-patched-solaris-x86 | 0.9.1 | 291.60 | NOTE | |||
r-release-linux-x86_64 | 0.9.1 | 3.91 | 179.46 | 183.37 | OK | |
r-release-macos-x86_64 | 0.9.1 | NOTE | ||||
r-release-windows-ix86+x86_64 | 0.9.1 | 10.00 | 232.00 | 242.00 | OK | |
r-oldrel-macos-x86_64 | 0.9.1 | NOTE | ||||
r-oldrel-windows-ix86+x86_64 | 0.9.1 | 5.00 | 212.00 | 217.00 | OK |
Version: 0.9.1
Check: dependencies in R code
Result: NOTE
Namespace in Imports field not imported from: ‘methods’
All declared Imports should be used.
Flavors: r-devel-linux-x86_64-fedora-clang, r-devel-linux-x86_64-fedora-gcc, r-devel-windows-x86_64-gcc10-UCRT, r-patched-solaris-x86, r-release-macos-x86_64, r-oldrel-macos-x86_64