CRAN Package Check Results for Package partitionMap

Last updated on 2015-05-22 12:46:33.

Flavor Version Tinstall Tcheck Ttotal Status Flags
r-devel-linux-x86_64-debian-clang 0.5 0.55 20.10 20.66 NOTE
r-devel-linux-x86_64-debian-gcc 0.5 0.52 19.40 19.92 NOTE
r-devel-linux-x86_64-fedora-gcc 0.5 38.97 NOTE
r-devel-osx-x86_64-clang 0.5 41.08 NOTE
r-devel-windows-ix86+x86_64 0.5 3.00 36.00 39.00 NOTE
r-patched-linux-x86_64 0.5 0.52 19.64 20.16 NOTE
r-patched-solaris-sparc 0.5 325.10 NOTE
r-patched-solaris-x86 0.5 60.00 NOTE
r-release-linux-x86_64 0.5 0.60 20.22 20.82 NOTE
r-release-osx-x86_64-mavericks 0.5 NOTE
r-release-osx-x86_64-snowleopard 0.5 NOTE
r-release-windows-ix86+x86_64 0.5 2.00 34.00 36.00 NOTE
r-oldrel-windows-ix86+x86_64 0.5 3.00 51.00 54.00 NOTE

Check Details

Version: 0.5
Check: DESCRIPTION meta-information
Result: NOTE
    Malformed Description field: should contain one or more complete sentences.
Flavors: r-devel-linux-x86_64-debian-clang, r-devel-linux-x86_64-debian-gcc, r-devel-linux-x86_64-fedora-gcc, r-devel-osx-x86_64-clang, r-devel-windows-ix86+x86_64, r-patched-linux-x86_64, r-patched-solaris-sparc, r-patched-solaris-x86, r-release-linux-x86_64, r-release-osx-x86_64-mavericks, r-release-osx-x86_64-snowleopard, r-release-windows-ix86+x86_64

Version: 0.5
Check: dependencies in R code
Result: NOTE
    Namespace in Imports field not imported from: ‘stats’
     All declared Imports should be used.
Flavors: r-devel-linux-x86_64-debian-clang, r-devel-linux-x86_64-debian-gcc, r-devel-linux-x86_64-fedora-gcc, r-devel-osx-x86_64-clang, r-devel-windows-ix86+x86_64, r-patched-linux-x86_64, r-patched-solaris-sparc, r-patched-solaris-x86, r-release-linux-x86_64, r-release-osx-x86_64-mavericks, r-release-osx-x86_64-snowleopard, r-release-windows-ix86+x86_64, r-oldrel-windows-ix86+x86_64