CRAN Package Check Results for Package partitionMap

Last updated on 2015-04-24 23:46:45.

Flavor Version Tinstall Tcheck Ttotal Status Flags
r-devel-linux-x86_64-debian-clang 0.5 0.53 21.04 21.56 NOTE
r-devel-linux-x86_64-debian-gcc 0.5 0.53 21.58 22.11 NOTE
r-devel-linux-x86_64-fedora-clang 0.5 42.92 NOTE
r-devel-linux-x86_64-fedora-gcc 0.5 40.47 NOTE
r-devel-osx-x86_64-clang 0.5 41.72 NOTE
r-devel-windows-ix86+x86_64 0.5 2.00 38.00 40.00 NOTE
r-patched-linux-x86_64 0.5 0.54 20.11 20.65 NOTE
r-patched-solaris-sparc 0.5 325.10 NOTE
r-patched-solaris-x86 0.5 59.90 NOTE
r-release-linux-x86_64 0.5 0.58 21.01 21.60 NOTE
r-release-osx-x86_64-mavericks 0.5 NOTE
r-release-osx-x86_64-snowleopard 0.5 NOTE
r-release-windows-ix86+x86_64 0.5 2.00 37.00 39.00 NOTE
r-oldrel-windows-ix86+x86_64 0.5 2.00 48.00 50.00 NOTE

Check Details

Version: 0.5
Check: DESCRIPTION meta-information
Result: NOTE
    Malformed Description field: should contain one or more complete sentences.
Flavors: r-devel-linux-x86_64-debian-gcc, r-devel-windows-ix86+x86_64, r-patched-linux-x86_64, r-release-windows-ix86+x86_64

Version: 0.5
Check: dependencies in R code
Result: NOTE
    Namespace in Imports field not imported from: ‘stats’
     All declared Imports should be used.
Flavors: r-devel-linux-x86_64-debian-gcc, r-devel-windows-ix86+x86_64, r-patched-linux-x86_64, r-release-windows-ix86+x86_64, r-oldrel-windows-ix86+x86_64