CRAN Package Check Results for Package partitionMap

Last updated on 2017-07-22 08:48:15.

Flavor Version Tinstall Tcheck Ttotal Status Flags
r-devel-linux-x86_64-debian-clang 0.5 0.58 27.26 27.84 NOTE
r-devel-linux-x86_64-debian-gcc 0.5 0.56 26.94 27.50 NOTE
r-devel-linux-x86_64-fedora-clang 0.5 40.61 NOTE
r-devel-linux-x86_64-fedora-gcc 0.5 40.51 NOTE
r-devel-windows-ix86+x86_64 0.5 6.00 46.00 52.00 NOTE
r-patched-linux-x86_64 0.5 0.62 26.70 27.32 NOTE
r-patched-solaris-x86 0.5 60.20 NOTE
r-release-linux-x86_64 0.5 0.66 26.66 27.32 NOTE
r-release-windows-ix86+x86_64 0.5 3.00 56.00 59.00 NOTE
r-release-osx-x86_64 0.5 NOTE
r-oldrel-windows-ix86+x86_64 0.5 2.00 55.00 57.00 NOTE
r-oldrel-osx-x86_64 0.5 NOTE

Check Details

Version: 0.5
Check: DESCRIPTION meta-information
Result: NOTE
    Malformed Description field: should contain one or more complete sentences.
Flavors: r-devel-linux-x86_64-debian-clang, r-devel-linux-x86_64-debian-gcc, r-devel-linux-x86_64-fedora-clang, r-devel-linux-x86_64-fedora-gcc, r-devel-windows-ix86+x86_64, r-patched-linux-x86_64, r-patched-solaris-x86, r-release-linux-x86_64, r-release-windows-ix86+x86_64, r-release-osx-x86_64, r-oldrel-windows-ix86+x86_64, r-oldrel-osx-x86_64

Version: 0.5
Check: R code for possible problems
Result: NOTE
    partitionMap: no visible global function definition for ‘predict’
    partitionMap: no visible global function definition for ‘rnorm’
    partitionMap: no visible binding for global variable ‘sd’
    partitionMap: no visible global function definition for ‘sd’
    partitionMap: no visible global function definition for ‘quantile’
    Undefined global functions or variables:
     predict quantile rnorm sd
    Consider adding
     importFrom("stats", "predict", "quantile", "rnorm", "sd")
    to your NAMESPACE file.
Flavors: r-devel-linux-x86_64-debian-clang, r-devel-linux-x86_64-debian-gcc, r-devel-linux-x86_64-fedora-clang, r-devel-linux-x86_64-fedora-gcc, r-devel-windows-ix86+x86_64, r-patched-linux-x86_64, r-patched-solaris-x86, r-release-linux-x86_64, r-release-windows-ix86+x86_64, r-release-osx-x86_64, r-oldrel-windows-ix86+x86_64, r-oldrel-osx-x86_64

Version: 0.5
Check: dependencies in R code
Result: NOTE
    Namespace in Imports field not imported from: ‘stats’
     All declared Imports should be used.
Flavors: r-devel-linux-x86_64-fedora-clang, r-devel-linux-x86_64-fedora-gcc, r-patched-solaris-x86, r-release-osx-x86_64, r-oldrel-osx-x86_64