CRAN Package Check Results for Package partitionMap

Last updated on 2014-11-24 16:47:17.

Flavor Version Tinstall Tcheck Ttotal Status Flags
r-devel-linux-x86_64-debian-clang 0.5 0.57 21.46 22.03 NOTE
r-devel-linux-x86_64-debian-gcc 0.5 0.56 20.50 21.06 NOTE
r-devel-linux-x86_64-fedora-clang 0.5 47.78 NOTE
r-devel-linux-x86_64-fedora-gcc 0.5 45.49 NOTE
r-devel-osx-x86_64-clang 0.5 43.89 NOTE
r-devel-windows-ix86+x86_64 0.5 2.00 31.00 33.00 NOTE
r-patched-linux-x86_64 0.5 0.59 21.56 22.15 NOTE
r-patched-solaris-sparc 0.5 330.70 NOTE
r-patched-solaris-x86 0.5 67.90 NOTE
r-release-linux-ix86 0.5 0.84 30.85 31.70 NOTE
r-release-linux-x86_64 0.5 0.59 21.51 22.10 NOTE
r-release-osx-x86_64-mavericks 0.5 NOTE
r-release-osx-x86_64-snowleopard 0.5 NOTE
r-release-windows-ix86+x86_64 0.5 3.00 34.00 37.00 NOTE
r-oldrel-windows-ix86+x86_64 0.5 2.00 38.00 40.00 NOTE

Check Details

Version: 0.5
Check: dependencies in R code
Result: NOTE
    Namespace in Imports field not imported from: ‘stats’
     All declared Imports should be used.
    See the information on DESCRIPTION files in the chapter ‘Creating R
    packages’ of the ‘Writing R Extensions’ manual.
Flavors: r-devel-linux-x86_64-debian-clang, r-devel-linux-x86_64-debian-gcc, r-devel-linux-x86_64-fedora-clang, r-devel-linux-x86_64-fedora-gcc, r-devel-osx-x86_64-clang, r-devel-windows-ix86+x86_64, r-patched-linux-x86_64, r-patched-solaris-sparc, r-patched-solaris-x86, r-release-linux-ix86, r-release-linux-x86_64, r-release-osx-x86_64-mavericks, r-release-osx-x86_64-snowleopard, r-release-windows-ix86+x86_64, r-oldrel-windows-ix86+x86_64