CRAN Package Check Results for Package partitionMap

Last updated on 2018-06-24 16:48:59 CEST.

Flavor Version Tinstall Tcheck Ttotal Status Flags
r-devel-linux-x86_64-debian-clang 0.5 1.03 44.03 45.06 NOTE
r-devel-linux-x86_64-debian-gcc 0.5 0.85 31.80 32.65 NOTE
r-devel-linux-x86_64-fedora-clang 0.5 51.38 NOTE
r-devel-linux-x86_64-fedora-gcc 0.5 47.90 NOTE
r-devel-windows-ix86+x86_64 0.5 4.00 54.00 58.00 NOTE
r-patched-linux-x86_64 0.5 0.90 41.80 42.70 NOTE
r-patched-solaris-x86 0.5 84.60 NOTE
r-release-linux-x86_64 0.5 0.97 41.43 42.40 NOTE
r-release-windows-ix86+x86_64 0.5 3.00 69.00 72.00 NOTE
r-release-osx-x86_64 0.5 NOTE
r-oldrel-windows-ix86+x86_64 0.5 4.00 83.00 87.00 NOTE
r-oldrel-osx-x86_64 0.5 NOTE

Check Details

Version: 0.5
Check: DESCRIPTION meta-information
Result: NOTE
    Malformed Description field: should contain one or more complete sentences.
Flavors: r-devel-linux-x86_64-debian-clang, r-devel-linux-x86_64-debian-gcc, r-devel-linux-x86_64-fedora-clang, r-devel-linux-x86_64-fedora-gcc, r-devel-windows-ix86+x86_64, r-patched-linux-x86_64, r-patched-solaris-x86, r-release-linux-x86_64, r-release-windows-ix86+x86_64, r-release-osx-x86_64, r-oldrel-windows-ix86+x86_64, r-oldrel-osx-x86_64

Version: 0.5
Check: R code for possible problems
Result: NOTE
    partitionMap: no visible global function definition for ‘predict’
    partitionMap: no visible global function definition for ‘rnorm’
    partitionMap: no visible binding for global variable ‘sd’
    partitionMap: no visible global function definition for ‘sd’
    partitionMap: no visible global function definition for ‘quantile’
    Undefined global functions or variables:
     predict quantile rnorm sd
    Consider adding
     importFrom("stats", "predict", "quantile", "rnorm", "sd")
    to your NAMESPACE file.
Flavors: r-devel-linux-x86_64-debian-clang, r-devel-linux-x86_64-debian-gcc, r-devel-linux-x86_64-fedora-clang, r-devel-linux-x86_64-fedora-gcc, r-devel-windows-ix86+x86_64, r-patched-linux-x86_64, r-patched-solaris-x86, r-release-linux-x86_64, r-release-windows-ix86+x86_64, r-release-osx-x86_64, r-oldrel-windows-ix86+x86_64, r-oldrel-osx-x86_64

Version: 0.5
Check: dependencies in R code
Result: NOTE
    Namespace in Imports field not imported from: ‘stats’
     All declared Imports should be used.
Flavors: r-devel-linux-x86_64-fedora-clang, r-devel-linux-x86_64-fedora-gcc, r-patched-solaris-x86, r-release-osx-x86_64, r-oldrel-osx-x86_64