CRAN Package Check Results for Package partitionMap

Last updated on 2014-04-24 15:50:43.

Flavor Version Tinstall Tcheck Ttotal Status Flags
r-devel-linux-x86_64-debian-clang 0.5 0.57 22.52 23.09 NOTE
r-devel-linux-x86_64-debian-gcc 0.5 0.60 22.14 22.74 NOTE
r-devel-linux-x86_64-fedora-clang 0.5 48.94 NOTE
r-devel-linux-x86_64-fedora-gcc 0.5 47.02 NOTE
r-devel-osx-x86_64-clang 0.5 44.21 NOTE
r-devel-osx-x86_64-gcc 0.5 NOTE
r-devel-windows-ix86+x86_64 0.5 3.00 37.00 40.00 NOTE
r-patched-linux-x86_64 0.5 0.56 22.05 22.61 NOTE
r-patched-solaris-sparc 0.5 323.10 NOTE
r-patched-solaris-x86 0.5 66.00 NOTE
r-release-linux-ix86 0.5 1.00 43.00 44.00 NOTE
r-release-linux-x86_64 0.5 0.56 21.91 22.48 NOTE
r-release-osx-x86_64-mavericks 0.5 WARN
r-release-osx-x86_64-snowleopard 0.5 NOTE
r-release-windows-ix86+x86_64 0.5 2.00 33.00 35.00 NOTE
r-oldrel-windows-ix86+x86_64 0.5 3.00 36.00 39.00 NOTE

Check Details

Version: 0.5
Check: dependencies in R code
Result: NOTE
    Namespace in Imports field not imported from: ‘stats’
     All declared Imports should be used.
    See the information on DESCRIPTION files in the chapter ‘Creating R
    packages’ of the ‘Writing R Extensions’ manual.
Flavors: r-devel-linux-x86_64-debian-clang, r-devel-linux-x86_64-debian-gcc, r-devel-linux-x86_64-fedora-clang, r-devel-linux-x86_64-fedora-gcc, r-devel-osx-x86_64-clang, r-devel-osx-x86_64-gcc, r-devel-windows-ix86+x86_64, r-patched-linux-x86_64, r-patched-solaris-sparc, r-patched-solaris-x86, r-release-linux-ix86, r-release-linux-x86_64, r-release-osx-x86_64-mavericks, r-release-osx-x86_64-snowleopard, r-release-windows-ix86+x86_64, r-oldrel-windows-ix86+x86_64

Version: 0.5
Check: PDF version of manual
Result: WARNING
    LaTeX errors when creating PDF version.
    This typically indicates Rd problems.
    LaTeX errors found:
    ! LaTeX Error: File `upquote.sty' not found.
    
    Type X to quit or <RETURN> to proceed,
    or enter new name. (Default extension: sty)
    
    42b2b4bb/Rd2.tex:8: ==> Fatal error occurred, no output PDF file produced!
Flavor: r-release-osx-x86_64-mavericks