CRAN Package Check Results for Package partitionMap

Last updated on 2016-12-10 18:49:41.

Flavor Version Tinstall Tcheck Ttotal Status Flags
r-devel-linux-x86_64-debian-clang 0.5 0.57 22.96 23.53 NOTE
r-devel-linux-x86_64-debian-gcc 0.5 0.62 20.83 21.45 NOTE
r-devel-linux-x86_64-fedora-clang 0.5 41.92 NOTE --no-stop-on-test-error
r-devel-linux-x86_64-fedora-gcc 0.5 39.50 NOTE --no-stop-on-test-error
r-devel-macos-x86_64-clang 0.5 34.53 NOTE --no-stop-on-test-error
r-devel-windows-ix86+x86_64 0.5 3.00 55.00 58.00 NOTE
r-patched-linux-x86_64 0.5 0.58 18.99 19.57 NOTE
r-patched-solaris-sparc 0.5 285.20 NOTE
r-patched-solaris-x86 0.5 50.00 NOTE
r-release-linux-x86_64 0.5 0.58 19.14 19.72 NOTE
r-release-osx-x86_64-mavericks 0.5 NOTE
r-release-windows-ix86+x86_64 0.5 4.00 43.00 47.00 NOTE
r-oldrel-windows-ix86+x86_64 0.5 5.00 38.00 43.00 NOTE

Check Details

Version: 0.5
Check: DESCRIPTION meta-information
Result: NOTE
    Malformed Description field: should contain one or more complete sentences.
Flavors: r-devel-linux-x86_64-debian-clang, r-devel-linux-x86_64-debian-gcc, r-devel-windows-ix86+x86_64, r-patched-linux-x86_64, r-patched-solaris-sparc, r-patched-solaris-x86, r-release-linux-x86_64, r-release-osx-x86_64-mavericks, r-release-windows-ix86+x86_64, r-oldrel-windows-ix86+x86_64

Version: 0.5
Check: R code for possible problems
Result: NOTE
    partitionMap: no visible global function definition for ‘predict’
    partitionMap: no visible global function definition for ‘rnorm’
    partitionMap: no visible binding for global variable ‘sd’
    partitionMap: no visible global function definition for ‘sd’
    partitionMap: no visible global function definition for ‘quantile’
    Undefined global functions or variables:
     predict quantile rnorm sd
    Consider adding
     importFrom("stats", "predict", "quantile", "rnorm", "sd")
    to your NAMESPACE file.
Flavors: r-devel-linux-x86_64-debian-clang, r-devel-linux-x86_64-debian-gcc, r-devel-windows-ix86+x86_64, r-patched-linux-x86_64, r-patched-solaris-sparc, r-patched-solaris-x86, r-release-linux-x86_64, r-release-osx-x86_64-mavericks, r-release-windows-ix86+x86_64

Version: 0.5
Flags: --no-stop-on-test-error
Check: DESCRIPTION meta-information
Result: NOTE
    Malformed Description field: should contain one or more complete sentences.
Flavors: r-devel-linux-x86_64-fedora-clang, r-devel-linux-x86_64-fedora-gcc, r-devel-macos-x86_64-clang

Version: 0.5
Flags: --no-stop-on-test-error
Check: dependencies in R code
Result: NOTE
    Namespace in Imports field not imported from: ‘stats’
     All declared Imports should be used.
Flavors: r-devel-linux-x86_64-fedora-clang, r-devel-linux-x86_64-fedora-gcc, r-devel-macos-x86_64-clang

Version: 0.5
Flags: --no-stop-on-test-error
Check: R code for possible problems
Result: NOTE
    partitionMap: no visible global function definition for ‘predict’
    partitionMap: no visible global function definition for ‘rnorm’
    partitionMap: no visible binding for global variable ‘sd’
    partitionMap: no visible global function definition for ‘sd’
    partitionMap: no visible global function definition for ‘quantile’
    Undefined global functions or variables:
     predict quantile rnorm sd
    Consider adding
     importFrom("stats", "predict", "quantile", "rnorm", "sd")
    to your NAMESPACE file.
Flavors: r-devel-linux-x86_64-fedora-clang, r-devel-linux-x86_64-fedora-gcc, r-devel-macos-x86_64-clang

Version: 0.5
Check: dependencies in R code
Result: NOTE
    Namespace in Imports field not imported from: ‘stats’
     All declared Imports should be used.
Flavors: r-patched-solaris-sparc, r-patched-solaris-x86, r-release-osx-x86_64-mavericks, r-oldrel-windows-ix86+x86_64