CRAN Package Check Results for Package partitionMap

Last updated on 2015-08-31 17:48:27.

Flavor Version Tinstall Tcheck Ttotal Status Flags
r-devel-linux-x86_64-debian-clang 0.5 0.58 18.70 19.28 NOTE
r-devel-linux-x86_64-debian-gcc 0.5 0.48 18.25 18.72 NOTE
r-devel-linux-x86_64-fedora-clang 0.5 37.79 NOTE
r-devel-linux-x86_64-fedora-gcc 0.5 36.85 NOTE
r-devel-osx-x86_64-clang 0.5 36.25 NOTE
r-devel-windows-ix86+x86_64 0.5 4.00 39.00 43.00 NOTE
r-patched-linux-x86_64 0.5 0.53 19.02 19.56 NOTE
r-patched-solaris-sparc 0.5 312.00 NOTE
r-patched-solaris-x86 0.5 65.40 NOTE
r-release-linux-x86_64 0.5 0.56 19.63 20.20 NOTE
r-release-osx-x86_64-mavericks 0.5 NOTE
r-release-windows-ix86+x86_64 0.5 3.00 54.00 57.00 NOTE
r-oldrel-windows-ix86+x86_64 0.5 4.00 51.00 55.00 NOTE

Check Details

Version: 0.5
Check: DESCRIPTION meta-information
Result: NOTE
    Malformed Description field: should contain one or more complete sentences.
Flavors: r-devel-linux-x86_64-debian-clang, r-devel-linux-x86_64-debian-gcc, r-devel-linux-x86_64-fedora-clang, r-devel-linux-x86_64-fedora-gcc, r-devel-osx-x86_64-clang, r-devel-windows-ix86+x86_64, r-patched-linux-x86_64, r-patched-solaris-sparc, r-patched-solaris-x86, r-release-linux-x86_64, r-release-osx-x86_64-mavericks, r-release-windows-ix86+x86_64

Version: 0.5
Check: R code for possible problems
Result: NOTE
    partitionMap: no visible global function definition for ‘predict’
    partitionMap: no visible global function definition for ‘rnorm’
    partitionMap: no visible binding for global variable ‘sd’
    partitionMap: no visible global function definition for ‘sd’
    partitionMap: no visible global function definition for ‘quantile’
    Undefined global functions or variables:
     predict quantile rnorm sd
    Consider adding
     importFrom("stats", "predict", "quantile", "rnorm", "sd")
    to your NAMESPACE.
Flavors: r-devel-linux-x86_64-debian-clang, r-devel-linux-x86_64-debian-gcc, r-devel-linux-x86_64-fedora-clang, r-devel-linux-x86_64-fedora-gcc, r-devel-windows-ix86+x86_64

Version: 0.5
Check: dependencies in R code
Result: NOTE
    Namespace in Imports field not imported from: ‘stats’
     All declared Imports should be used.
Flavors: r-devel-linux-x86_64-fedora-clang, r-devel-linux-x86_64-fedora-gcc, r-devel-osx-x86_64-clang, r-patched-linux-x86_64, r-patched-solaris-sparc, r-patched-solaris-x86, r-release-linux-x86_64, r-release-osx-x86_64-mavericks, r-release-windows-ix86+x86_64, r-oldrel-windows-ix86+x86_64