CRAN Package Check Results for Package partitionMap

Last updated on 2015-03-29 17:51:41.

Flavor Version Tinstall Tcheck Ttotal Status Flags
r-devel-linux-x86_64-debian-clang 0.5 0.54 20.30 20.84 NOTE
r-devel-linux-x86_64-debian-gcc 0.5 0.53 19.92 20.45 NOTE
r-devel-linux-x86_64-fedora-clang 0.5 42.43 NOTE
r-devel-linux-x86_64-fedora-gcc 0.5 44.37 NOTE
r-devel-osx-x86_64-clang 0.5 45.53 NOTE
r-prerel-windows-ix86+x86_64 0.5 4.00 35.00 39.00 NOTE
r-prerel-linux-x86_64 0.5 0.52 19.91 20.44 NOTE
r-prerel-solaris-sparc 0.5 325.10 NOTE
r-prerel-solaris-x86 0.5 60.00 NOTE
r-release-linux-x86_64 0.5 0.64 21.68 22.32 NOTE
r-release-osx-x86_64-mavericks 0.5 NOTE
r-release-osx-x86_64-snowleopard 0.5 NOTE
r-release-windows-ix86+x86_64 0.5 3.00 37.00 40.00 NOTE
r-oldrel-windows-ix86+x86_64 0.5 3.00 41.00 44.00 NOTE

Check Details

Version: 0.5
Check: DESCRIPTION meta-information
Result: NOTE
    Malformed Description field: should contain one or more complete sentences.
Flavors: r-devel-linux-x86_64-debian-clang, r-devel-linux-x86_64-debian-gcc, r-devel-linux-x86_64-fedora-clang, r-devel-linux-x86_64-fedora-gcc, r-devel-osx-x86_64-clang, r-prerel-windows-ix86+x86_64, r-prerel-linux-x86_64, r-prerel-solaris-sparc, r-prerel-solaris-x86

Version: 0.5
Check: dependencies in R code
Result: NOTE
    Namespace in Imports field not imported from: ‘stats’
     All declared Imports should be used.
Flavors: r-devel-linux-x86_64-debian-clang, r-devel-linux-x86_64-debian-gcc, r-devel-linux-x86_64-fedora-clang, r-devel-linux-x86_64-fedora-gcc, r-devel-osx-x86_64-clang, r-prerel-windows-ix86+x86_64, r-prerel-linux-x86_64, r-prerel-solaris-sparc, r-prerel-solaris-x86, r-release-linux-x86_64, r-release-windows-ix86+x86_64

Version: 0.5
Check: dependencies in R code
Result: NOTE
    Namespace in Imports field not imported from: ‘stats’
     All declared Imports should be used.
    See the information on DESCRIPTION files in the chapter ‘Creating R
    packages’ of the ‘Writing R Extensions’ manual.
Flavors: r-release-osx-x86_64-mavericks, r-release-osx-x86_64-snowleopard, r-oldrel-windows-ix86+x86_64