CRAN Package Check Results for Package partitionMap

Last updated on 2016-09-30 20:47:42.

Flavor Version Tinstall Tcheck Ttotal Status Flags
r-devel-linux-x86_64-debian-clang 0.5 0.74 20.99 21.73 NOTE
r-devel-linux-x86_64-debian-gcc 0.5 0.68 19.76 20.44 NOTE
r-devel-linux-x86_64-fedora-clang 0.5 39.47 NOTE
r-devel-linux-x86_64-fedora-gcc 0.5 35.40 NOTE
r-devel-macos-x86_64-clang 0.5 31.40 NOTE
r-devel-windows-ix86+x86_64 0.5 2.00 51.00 53.00 NOTE
r-patched-linux-x86_64 0.5 0.55 18.97 19.52 NOTE
r-patched-solaris-sparc 0.5 285.20 NOTE
r-patched-solaris-x86 0.5 49.70 NOTE
r-release-linux-x86_64 0.5 0.55 19.17 19.71 NOTE
r-release-osx-x86_64-mavericks 0.5 NOTE
r-release-windows-ix86+x86_64 0.5 2.00 62.00 64.00 NOTE
r-oldrel-windows-ix86+x86_64 0.5 5.00 43.00 48.00 NOTE

Check Details

Version: 0.5
Check: DESCRIPTION meta-information
Result: NOTE
    Malformed Description field: should contain one or more complete sentences.
Flavors: r-devel-linux-x86_64-debian-clang, r-devel-linux-x86_64-debian-gcc, r-devel-linux-x86_64-fedora-clang, r-devel-linux-x86_64-fedora-gcc, r-devel-macos-x86_64-clang, r-devel-windows-ix86+x86_64, r-patched-linux-x86_64, r-patched-solaris-sparc, r-patched-solaris-x86, r-release-linux-x86_64, r-release-osx-x86_64-mavericks, r-release-windows-ix86+x86_64, r-oldrel-windows-ix86+x86_64

Version: 0.5
Check: R code for possible problems
Result: NOTE
    partitionMap: no visible global function definition for ‘predict’
    partitionMap: no visible global function definition for ‘rnorm’
    partitionMap: no visible binding for global variable ‘sd’
    partitionMap: no visible global function definition for ‘sd’
    partitionMap: no visible global function definition for ‘quantile’
    Undefined global functions or variables:
     predict quantile rnorm sd
    Consider adding
     importFrom("stats", "predict", "quantile", "rnorm", "sd")
    to your NAMESPACE file.
Flavors: r-devel-linux-x86_64-debian-clang, r-devel-linux-x86_64-debian-gcc, r-devel-linux-x86_64-fedora-clang, r-devel-linux-x86_64-fedora-gcc, r-devel-macos-x86_64-clang, r-devel-windows-ix86+x86_64, r-patched-linux-x86_64, r-patched-solaris-sparc, r-patched-solaris-x86, r-release-linux-x86_64, r-release-osx-x86_64-mavericks, r-release-windows-ix86+x86_64

Version: 0.5
Check: dependencies in R code
Result: NOTE
    Namespace in Imports field not imported from: ‘stats’
     All declared Imports should be used.
Flavors: r-devel-linux-x86_64-fedora-clang, r-devel-linux-x86_64-fedora-gcc, r-devel-macos-x86_64-clang, r-patched-solaris-sparc, r-patched-solaris-x86, r-release-osx-x86_64-mavericks, r-oldrel-windows-ix86+x86_64