CRAN Package Check Results for Package partitionMap

Last updated on 2014-10-22 05:47:25.

Flavor Version Tinstall Tcheck Ttotal Status Flags
r-devel-linux-x86_64-debian-clang 0.5 0.60 21.62 22.22 NOTE
r-devel-linux-x86_64-debian-gcc 0.5 0.58 21.04 21.62 NOTE
r-devel-linux-x86_64-fedora-clang 0.5 47.45 NOTE
r-devel-linux-x86_64-fedora-gcc 0.5 44.73 NOTE
r-devel-osx-x86_64-clang 0.5 46.14 NOTE
r-devel-windows-ix86+x86_64 0.5 2.00 38.00 40.00 NOTE
r-patched-linux-x86_64 0.5 0.76 21.68 22.44 NOTE
r-patched-solaris-sparc 0.5 330.70 NOTE
r-patched-solaris-x86 0.5 66.90 NOTE
r-release-linux-ix86 0.5 0.83 31.95 32.78 NOTE
r-release-linux-x86_64 0.5 0.54 21.94 22.49 NOTE
r-release-osx-x86_64-mavericks 0.5 NOTE
r-release-osx-x86_64-snowleopard 0.5 NOTE
r-release-windows-ix86+x86_64 0.5 3.00 32.00 35.00 NOTE
r-oldrel-windows-ix86+x86_64 0.5 2.00 37.00 39.00 NOTE

Check Details

Version: 0.5
Check: dependencies in R code
Result: NOTE
    Namespace in Imports field not imported from: ‘stats’
     All declared Imports should be used.
    See the information on DESCRIPTION files in the chapter ‘Creating R
    packages’ of the ‘Writing R Extensions’ manual.
Flavors: r-devel-linux-x86_64-debian-clang, r-devel-linux-x86_64-debian-gcc, r-devel-linux-x86_64-fedora-clang, r-devel-linux-x86_64-fedora-gcc, r-devel-osx-x86_64-clang, r-devel-windows-ix86+x86_64, r-patched-linux-x86_64, r-patched-solaris-sparc, r-patched-solaris-x86, r-release-linux-ix86, r-release-linux-x86_64, r-release-osx-x86_64-mavericks, r-release-osx-x86_64-snowleopard, r-release-windows-ix86+x86_64, r-oldrel-windows-ix86+x86_64