CRAN Package Check Results for Package partitionMap

Last updated on 2014-12-18 23:47:55.

Flavor Version Tinstall Tcheck Ttotal Status Flags
r-devel-linux-x86_64-debian-clang 0.5 0.58 21.09 21.67 NOTE
r-devel-linux-x86_64-debian-gcc 0.5 0.58 20.56 21.14 NOTE
r-devel-linux-x86_64-fedora-clang 0.5 48.09 NOTE
r-devel-linux-x86_64-fedora-gcc 0.5 44.87 NOTE
r-devel-osx-x86_64-clang 0.5 46.48 NOTE
r-devel-windows-ix86+x86_64 0.5 3.00 33.00 36.00 NOTE
r-patched-linux-x86_64 0.5 0.60 21.40 22.00 NOTE
r-patched-solaris-sparc 0.5 330.70 NOTE
r-patched-solaris-x86 0.5 66.20 NOTE
r-release-linux-ix86 0.5 0.85 30.71 31.56 NOTE
r-release-linux-x86_64 0.5 0.59 27.68 28.28 NOTE
r-release-osx-x86_64-mavericks 0.5 NOTE
r-release-osx-x86_64-snowleopard 0.5 NOTE
r-release-windows-ix86+x86_64 0.5 3.00 35.00 38.00 NOTE
r-oldrel-windows-ix86+x86_64 0.5 3.00 38.00 41.00 NOTE

Check Details

Version: 0.5
Check: dependencies in R code
Result: NOTE
    Namespace in Imports field not imported from: ‘stats’
     All declared Imports should be used.
    See the information on DESCRIPTION files in the chapter ‘Creating R
    packages’ of the ‘Writing R Extensions’ manual.
Flavors: r-devel-linux-x86_64-debian-clang, r-devel-linux-x86_64-debian-gcc, r-devel-linux-x86_64-fedora-clang, r-devel-linux-x86_64-fedora-gcc, r-devel-osx-x86_64-clang, r-devel-windows-ix86+x86_64, r-patched-linux-x86_64, r-patched-solaris-sparc, r-patched-solaris-x86, r-release-linux-ix86, r-release-linux-x86_64, r-release-osx-x86_64-mavericks, r-release-osx-x86_64-snowleopard, r-release-windows-ix86+x86_64, r-oldrel-windows-ix86+x86_64