CRAN Package Check Results for Package partitionMap

Last updated on 2014-09-01 14:46:34.

Flavor Version Tinstall Tcheck Ttotal Status Flags
r-devel-linux-x86_64-debian-clang 0.5 0.50 21.14 21.64 NOTE
r-devel-linux-x86_64-debian-gcc 0.5 0.49 20.07 20.56 NOTE
r-devel-linux-x86_64-fedora-clang 0.5 46.15 NOTE
r-devel-linux-x86_64-fedora-gcc 0.5 42.72 NOTE
r-devel-osx-x86_64-clang 0.5 41.21 NOTE
r-devel-windows-ix86+x86_64 0.5 2.00 32.00 34.00 NOTE
r-patched-linux-x86_64 0.5 0.53 21.64 22.17 NOTE
r-patched-solaris-sparc 0.5 330.70 NOTE
r-patched-solaris-x86 0.5 66.50 NOTE
r-release-linux-ix86 0.5 0.83 31.40 32.24 NOTE
r-release-linux-x86_64 0.5 0.54 21.01 21.55 NOTE
r-release-osx-x86_64-mavericks 0.5 NOTE
r-release-osx-x86_64-snowleopard 0.5 NOTE
r-release-windows-ix86+x86_64 0.5 2.00 53.00 55.00 NOTE
r-oldrel-windows-ix86+x86_64 0.5 4.00 37.00 41.00 NOTE

Check Details

Version: 0.5
Check: dependencies in R code
Result: NOTE
    Namespace in Imports field not imported from: ‘stats’
     All declared Imports should be used.
    See the information on DESCRIPTION files in the chapter ‘Creating R
    packages’ of the ‘Writing R Extensions’ manual.
Flavors: r-devel-linux-x86_64-debian-clang, r-devel-linux-x86_64-debian-gcc, r-devel-linux-x86_64-fedora-clang, r-devel-linux-x86_64-fedora-gcc, r-devel-osx-x86_64-clang, r-devel-windows-ix86+x86_64, r-patched-linux-x86_64, r-patched-solaris-sparc, r-patched-solaris-x86, r-release-linux-ix86, r-release-linux-x86_64, r-release-osx-x86_64-mavericks, r-release-osx-x86_64-snowleopard, r-release-windows-ix86+x86_64, r-oldrel-windows-ix86+x86_64