CRAN Package Check Results for Package partitionMap

Last updated on 2014-07-29 03:48:43.

Flavor Version Tinstall Tcheck Ttotal Status Flags
r-devel-linux-x86_64-debian-clang 0.5 0.54 21.23 21.76 NOTE
r-devel-linux-x86_64-debian-gcc 0.5 0.51 20.68 21.19 NOTE
r-devel-linux-x86_64-fedora-clang 0.5 47.11 NOTE
r-devel-linux-x86_64-fedora-gcc 0.5 44.77 NOTE
r-devel-osx-x86_64-clang 0.5 43.69 NOTE
r-devel-windows-ix86+x86_64 0.5 2.00 34.00 36.00 NOTE
r-patched-linux-x86_64 0.5 0.51 21.34 21.85 NOTE
r-patched-solaris-sparc 0.5 323.10 NOTE
r-patched-solaris-x86 0.5 63.20 NOTE
r-release-linux-ix86 0.5 0.86 31.21 32.07 NOTE
r-release-linux-x86_64 0.5 0.54 21.16 21.70 NOTE
r-release-osx-x86_64-mavericks 0.5 NOTE
r-release-osx-x86_64-snowleopard 0.5 NOTE
r-release-windows-ix86+x86_64 0.5 2.00 35.00 37.00 NOTE
r-oldrel-windows-ix86+x86_64 0.5 3.00 37.00 40.00 NOTE

Check Details

Version: 0.5
Check: dependencies in R code
Result: NOTE
    Namespace in Imports field not imported from: stats
     All declared Imports should be used.
    See the information on DESCRIPTION files in the chapter Creating R
    packages of the Writing R Extensions manual.
Flavors: r-devel-linux-x86_64-debian-clang, r-devel-linux-x86_64-debian-gcc, r-devel-linux-x86_64-fedora-clang, r-devel-linux-x86_64-fedora-gcc, r-devel-osx-x86_64-clang, r-devel-windows-ix86+x86_64, r-patched-linux-x86_64, r-patched-solaris-sparc, r-patched-solaris-x86, r-release-linux-ix86, r-release-linux-x86_64, r-release-osx-x86_64-mavericks, r-release-osx-x86_64-snowleopard, r-release-windows-ix86+x86_64, r-oldrel-windows-ix86+x86_64