CRAN Package Check Results for Package partitions

Last updated on 2014-08-23 10:48:07.

Flavor Version Tinstall Tcheck Ttotal Status Flags
r-devel-linux-x86_64-debian-clang 1.9-15 1.95 26.56 28.51 OK
r-devel-linux-x86_64-debian-gcc 1.9-15 1.92 26.47 28.39 OK
r-devel-linux-x86_64-fedora-clang 1.9-15 60.42 OK
r-devel-linux-x86_64-fedora-gcc 1.9-15 57.24 OK
r-devel-osx-x86_64-clang 1.9-15 67.93 OK
r-devel-windows-ix86+x86_64 1.9-15 9.00 65.00 74.00 OK
r-patched-linux-x86_64 1.9-15 1.95 27.23 29.18 OK
r-patched-solaris-sparc 1.9-15 367.90 OK
r-patched-solaris-x86 1.9-15 80.80 OK
r-release-linux-ix86 1.9-15 2.75 40.47 43.22 OK
r-release-linux-x86_64 1.9-15 2.00 28.01 30.01 OK
r-release-osx-x86_64-mavericks 1.9-15 NOTE
r-release-osx-x86_64-snowleopard 1.9-15 NOTE
r-release-windows-ix86+x86_64 1.9-15 9.00 62.00 71.00 OK
r-oldrel-windows-ix86+x86_64 1.9-15 10.00 63.00 73.00 OK

Check Details

Version: 1.9-15
Check: re-building of vignette outputs
Result: NOTE
    Error in re-building vignettes:
     ...
    Loading required package: partitions
    Error in texi2dvi(file = file, pdf = TRUE, clean = clean, quiet = quiet, :
     Running 'texi2dvi' on 'partitionspaper.tex' failed.
    LaTeX errors:
    ! LaTeX Error: File `dsfont.sty' not found.
    
    Type X to quit or <RETURN> to proceed,
    or enter new name. (Default extension: sty)
    
    ign_test/partitions/vignettes/partitionspaper.tex:4: ==> Fatal error occurred,
     no output PDF file produced!
    Calls: buildVignettes -> texi2pdf -> texi2dvi
    Execution halted
Flavor: r-release-osx-x86_64-mavericks

Version: 1.9-15
Check: re-building of vignette outputs
Result: NOTE
    Error in re-building vignettes:
     ...
    Loading required package: partitions
    Error in texi2dvi(file = file, pdf = TRUE, clean = clean, quiet = quiet, :
     Running 'texi2dvi' on 'partitionspaper.tex' failed.
    LaTeX errors:
    ! LaTeX Error: File `dsfont.sty' not found.
    
    Type X to quit or <RETURN> to proceed,
    or enter new name. (Default extension: sty)
    Calls: buildVignettes -> texi2pdf -> texi2dvi
    Execution halted
Flavor: r-release-osx-x86_64-snowleopard