CRAN Package Check Results for Package partitions

Last updated on 2015-01-28 01:48:10.

Flavor Version Tinstall Tcheck Ttotal Status Flags
r-devel-linux-x86_64-debian-clang 1.9-15 1.66 27.76 29.42 NOTE
r-devel-linux-x86_64-debian-gcc 1.9-15 1.71 27.18 28.89 NOTE
r-devel-linux-x86_64-fedora-clang 1.9-15 62.50 NOTE
r-devel-linux-x86_64-fedora-gcc 1.9-15 59.42 NOTE
r-devel-osx-x86_64-clang 1.9-15 72.24 NOTE
r-devel-windows-ix86+x86_64 1.9-15 12.00 58.00 70.00 OK
r-patched-linux-x86_64 1.9-15 1.94 29.14 31.08 OK
r-patched-solaris-sparc 1.9-15 344.60 OK
r-patched-solaris-x86 1.9-15 79.90 OK
r-release-linux-ix86 1.9-15 2.60 39.69 42.28 OK
r-release-linux-x86_64 1.9-15 1.89 30.95 32.84 OK
r-release-osx-x86_64-mavericks 1.9-15 OK
r-release-osx-x86_64-snowleopard 1.9-15 NOTE
r-release-windows-ix86+x86_64 1.9-15 10.00 65.00 75.00 OK
r-oldrel-windows-ix86+x86_64 1.9-15 10.00 99.00 109.00 OK

Check Details

Version: 1.9-15
Check: S3 generic/method consistency
Result: NOTE
    Found the following apparent S3 methods exported but not registered:
     as.matrix.partition print.equivalence print.partition
     print.summary.partition summary.partition
    See section ‘Registering S3 methods’ in the ‘Writing R Extensions’
    manual.
Flavors: r-devel-linux-x86_64-debian-clang, r-devel-linux-x86_64-debian-gcc, r-devel-linux-x86_64-fedora-clang, r-devel-linux-x86_64-fedora-gcc, r-devel-osx-x86_64-clang

Version: 1.9-15
Check: re-building of vignette outputs
Result: NOTE
    Error in re-building vignettes:
     ...
    Loading required package: partitions
    Error in texi2dvi(file = file, pdf = TRUE, clean = clean, quiet = quiet, :
     Running 'texi2dvi' on 'partitionspaper.tex' failed.
    LaTeX errors:
    ! LaTeX Error: File `dsfont.sty' not found.
    
    Type X to quit or <RETURN> to proceed,
    or enter new name. (Default extension: sty)
    Calls: buildVignettes -> texi2pdf -> texi2dvi
    Execution halted
Flavor: r-release-osx-x86_64-snowleopard