CRAN Package Check Results for Package partitions

Last updated on 2018-05-25 07:51:22 CEST.

Flavor Version Tinstall Tcheck Ttotal Status Flags
r-devel-linux-x86_64-debian-clang 1.9-19 3.08 37.95 41.03 OK
r-devel-linux-x86_64-debian-gcc 1.9-19 3.76 33.07 36.83 OK
r-devel-linux-x86_64-fedora-clang 1.9-19 58.33 OK
r-devel-linux-x86_64-fedora-gcc 1.9-19 57.56 OK
r-devel-windows-ix86+x86_64 1.9-19 13.00 94.00 107.00 OK
r-patched-linux-x86_64 1.9-19 4.81 40.11 44.92 OK
r-patched-solaris-x86 1.9-19 79.80 OK
r-release-linux-x86_64 1.9-19 4.38 40.28 44.66 OK
r-release-windows-ix86+x86_64 1.9-19 18.00 99.00 117.00 OK
r-release-osx-x86_64 1.9-19 OK
r-oldrel-windows-ix86+x86_64 1.9-19 17.00 97.00 114.00 OK
r-oldrel-osx-x86_64 1.9-19 NOTE

Check Details

Version: 1.9-19
Check: re-building of vignette outputs
Result: NOTE
    Error in re-building vignettes:
     ...
    Loading required package: partitions
    Error in texi2dvi(file = file, pdf = TRUE, clean = clean, quiet = quiet, :
     Running 'texi2dvi' on 'partitionspaper.tex' failed.
    LaTeX errors:
    ! LaTeX Error: File `dsfont.sty' not found.
    
    Type X to quit or <RETURN> to proceed,
    or enter new name. (Default extension: sty)
    
    ! Emergency stop.
    <read *>
    
    l.4 \usepackage
     {bbm}^^M
    ! ==> Fatal error occurred, no output PDF file produced!
    Calls: buildVignettes -> texi2pdf -> texi2dvi
    Execution halted
Flavor: r-oldrel-osx-x86_64