CRAN Package Check Results for Package partitions

Last updated on 2017-10-21 00:51:54.

Flavor Version Tinstall Tcheck Ttotal Status Flags
r-devel-linux-x86_64-debian-clang 1.9-19 2.14 27.08 29.22 OK
r-devel-linux-x86_64-debian-gcc 1.9-19 2.66 29.16 31.82 OK
r-devel-linux-x86_64-fedora-clang 1.9-19 54.98 OK
r-devel-linux-x86_64-fedora-gcc 1.9-19 53.78 OK
r-devel-windows-ix86+x86_64 1.9-19 12.00 118.00 130.00 OK
r-patched-linux-x86_64 1.9-19 2.16 26.93 29.09 OK
r-patched-solaris-x86 1.9-19 67.30 OK
r-release-linux-x86_64 1.9-19 2.14 26.77 28.92 OK
r-release-windows-ix86+x86_64 1.9-19 20.00 88.00 108.00 OK
r-release-osx-x86_64 1.9-19 NOTE
r-oldrel-windows-ix86+x86_64 1.9-19 11.00 103.00 114.00 OK
r-oldrel-osx-x86_64 1.9-19 OK

Check Details

Version: 1.9-19
Check: re-building of vignette outputs
Result: NOTE
    Error in re-building vignettes:
     ...
    Loading required package: partitions
    Error in texi2dvi(file = file, pdf = TRUE, clean = clean, quiet = quiet, :
     Running 'texi2dvi' on 'partitionspaper.tex' failed.
    LaTeX errors:
    ! LaTeX Error: File `dsfont.sty' not found.
    
    Type X to quit or <RETURN> to proceed,
    or enter new name. (Default extension: sty)
    
    ! Emergency stop.
    <read *>
    
    l.4 \usepackage
     {bbm}^^M
    ! ==> Fatal error occurred, no output PDF file produced!
    Calls: buildVignettes -> texi2pdf -> texi2dvi
    Execution halted
Flavor: r-release-osx-x86_64