CRAN Package Check Results for Package partitions

Last updated on 2017-12-14 17:48:44 CET.

Flavor Version Tinstall Tcheck Ttotal Status Flags
r-devel-linux-x86_64-debian-clang 1.9-19 2.70 16.08 18.78 FAIL
r-devel-linux-x86_64-debian-gcc 1.9-19 2.92 14.13 17.05 FAIL
r-devel-linux-x86_64-fedora-clang 1.9-19 53.92 OK
r-devel-linux-x86_64-fedora-gcc 1.9-19 52.89 OK
r-devel-windows-ix86+x86_64 1.9-19 22.00 89.00 111.00 OK
r-patched-linux-x86_64 1.9-19 2.62 38.63 41.25 OK
r-patched-solaris-x86 1.9-19 66.60 OK
r-release-linux-x86_64 1.9-19 2.66 38.58 41.24 OK
r-release-windows-ix86+x86_64 1.9-19 12.00 116.00 128.00 OK
r-release-osx-x86_64 1.9-19 NOTE
r-oldrel-windows-ix86+x86_64 1.9-19 15.00 101.00 116.00 OK
r-oldrel-osx-x86_64 1.9-19 OK

Check Details

Version: 1.9-19
Check: pragmas in C/C++ headers and code
Result: FAIL
    
Flavors: r-devel-linux-x86_64-debian-clang, r-devel-linux-x86_64-debian-gcc

Version: 1.9-19
Check: re-building of vignette outputs
Result: NOTE
    Error in re-building vignettes:
     ...
    Loading required package: partitions
    Error in texi2dvi(file = file, pdf = TRUE, clean = clean, quiet = quiet, :
     Running 'texi2dvi' on 'partitionspaper.tex' failed.
    LaTeX errors:
    ! LaTeX Error: File `dsfont.sty' not found.
    
    Type X to quit or <RETURN> to proceed,
    or enter new name. (Default extension: sty)
    
    ! Emergency stop.
    <read *>
    
    l.4 \usepackage
     {bbm}^^M
    ! ==> Fatal error occurred, no output PDF file produced!
    Calls: buildVignettes -> texi2pdf -> texi2dvi
    Execution halted
Flavor: r-release-osx-x86_64