CRAN Package Check Results for Package partitions

Last updated on 2015-03-06 03:46:41.

Flavor Version Tinstall Tcheck Ttotal Status Flags
r-devel-linux-x86_64-debian-clang 1.9-15 1.61 27.11 28.72 NOTE
r-devel-linux-x86_64-debian-gcc 1.9-15 1.83 26.38 28.21 NOTE
r-devel-linux-x86_64-fedora-clang 1.9-15 58.03 NOTE
r-devel-linux-x86_64-fedora-gcc 1.9-15 54.64 NOTE
r-devel-osx-x86_64-clang 1.9-15 73.81 NOTE
r-devel-windows-ix86+x86_64 1.9-15 10.00 61.00 71.00 OK
r-patched-linux-x86_64 1.9-15 1.92 30.40 32.32 OK
r-patched-solaris-sparc 1.9-15 399.40 OK
r-patched-solaris-x86 1.9-15 78.60 OK
r-release-linux-ix86 1.9-15 2.57 41.92 44.50 OK
r-release-linux-x86_64 1.9-15 1.94 30.15 32.09 OK
r-release-osx-x86_64-mavericks 1.9-15 OK
r-release-osx-x86_64-snowleopard 1.9-15 NOTE
r-release-windows-ix86+x86_64 1.9-15 8.00 67.00 75.00 OK
r-oldrel-windows-ix86+x86_64 1.9-15 9.00 67.00 76.00 OK

Check Details

Version: 1.9-15
Check: S3 generic/method consistency
Result: NOTE
    Found the following apparent S3 methods exported but not registered:
     as.matrix.partition print.equivalence print.partition
     print.summary.partition summary.partition
    See section ‘Registering S3 methods’ in the ‘Writing R Extensions’
    manual.
Flavors: r-devel-linux-x86_64-debian-clang, r-devel-linux-x86_64-debian-gcc, r-devel-linux-x86_64-fedora-clang, r-devel-linux-x86_64-fedora-gcc, r-devel-osx-x86_64-clang

Version: 1.9-15
Check: re-building of vignette outputs
Result: NOTE
    Error in re-building vignettes:
     ...
    Loading required package: partitions
    Error in texi2dvi(file = file, pdf = TRUE, clean = clean, quiet = quiet, :
     Running 'texi2dvi' on 'partitionspaper.tex' failed.
    LaTeX errors:
    ! LaTeX Error: File `dsfont.sty' not found.
    
    Type X to quit or <RETURN> to proceed,
    or enter new name. (Default extension: sty)
    Calls: buildVignettes -> texi2pdf -> texi2dvi
    Execution halted
Flavor: r-release-osx-x86_64-snowleopard