CRAN Package Check Results for Package partitions

Last updated on 2015-08-04 06:47:47.

Flavor Version Tinstall Tcheck Ttotal Status Flags
r-devel-linux-x86_64-debian-clang 1.9-15 1.74 25.94 27.69 NOTE
r-devel-linux-x86_64-debian-gcc 1.9-15 1.80 25.62 27.41 NOTE
r-devel-linux-x86_64-fedora-clang 1.9-15 55.78 NOTE
r-devel-linux-x86_64-fedora-gcc 1.9-15 52.15 NOTE
r-devel-osx-x86_64-clang 1.9-15 57.65 NOTE
r-devel-windows-ix86+x86_64 1.9-15 12.00 88.00 100.00 OK
r-patched-linux-x86_64 1.9-15 1.77 26.07 27.84 NOTE
r-patched-solaris-sparc 1.9-15 342.80 NOTE
r-patched-solaris-x86 1.9-15 72.90 NOTE
r-release-linux-x86_64 1.9-15 1.78 27.57 29.36 NOTE
r-release-osx-x86_64-mavericks 1.9-15 OK
r-release-windows-ix86+x86_64 1.9-15 12.00 65.00 77.00 OK
r-oldrel-windows-ix86+x86_64 1.9-15 17.00 74.00 91.00 OK

Check Details

Version: 1.9-15
Check: S3 generic/method consistency
Result: NOTE
    Found the following apparent S3 methods exported but not registered:
     as.matrix.partition print.equivalence print.partition
     print.summary.partition summary.partition
    See section ‘Registering S3 methods’ in the ‘Writing R Extensions’
    manual.
Flavors: r-devel-linux-x86_64-debian-clang, r-devel-linux-x86_64-debian-gcc, r-devel-linux-x86_64-fedora-clang, r-devel-linux-x86_64-fedora-gcc, r-devel-osx-x86_64-clang, r-patched-linux-x86_64, r-patched-solaris-sparc, r-patched-solaris-x86, r-release-linux-x86_64