CRAN Package Check Results for Package partitions

Last updated on 2014-04-19 18:47:45.

Flavor Version Tinstall Tcheck Ttotal Status Flags
r-devel-linux-x86_64-debian-clang 1.9-15 1.75 29.06 30.81 OK
r-devel-linux-x86_64-debian-gcc 1.9-15 1.95 29.56 31.51 OK
r-devel-linux-x86_64-fedora-clang 1.9-15 64.59 OK
r-devel-linux-x86_64-fedora-gcc 1.9-15 61.44 OK
r-devel-macosx-x86_64-clang 1.9-15 69.85 OK
r-devel-macosx-x86_64-gcc 1.9-15 OK
r-devel-windows-ix86+x86_64 1.9-15 9.00 66.00 75.00 OK
r-patched-linux-x86_64 1.9-15 2.02 29.04 31.06 OK
r-patched-solaris-sparc 1.9-15 352.90 OK
r-patched-solaris-x86 1.9-15 82.10 OK
r-release-linux-ix86 OK
r-release-linux-x86_64 1.9-15 2.01 28.66 30.67 OK
r-release-macosx-x86_64 1.9-15 NOTE
r-release-windows-ix86+x86_64 1.9-15 12.00 63.00 75.00 OK
r-oldrel-windows-ix86+x86_64 1.9-15 9.00 65.00 74.00 OK

Check Details

Version: 1.9-15
Check: re-building of vignette outputs
Result: NOTE
    Error in re-building vignettes:
     ...
    Loading required package: partitions
    Error in texi2dvi(file = file, pdf = TRUE, clean = clean, quiet = quiet, :
     Running 'texi2dvi' on 'partitionspaper.tex' failed.
    LaTeX errors:
    ! LaTeX Error: File `dsfont.sty' not found.
    
    Type X to quit or <RETURN> to proceed,
    or enter new name. (Default extension: sty)
    Calls: buildVignettes -> texi2pdf -> texi2dvi
    Execution halted
Flavor: r-release-macosx-x86_64