CRAN Package Check Results for Package partitions

Last updated on 2015-04-26 16:47:09.

Flavor Version Tinstall Tcheck Ttotal Status Flags
r-devel-linux-x86_64-debian-clang 1.9-15 1.64 27.90 29.54 NOTE
r-devel-linux-x86_64-debian-gcc 1.9-15 1.73 27.32 29.05 NOTE
r-devel-linux-x86_64-fedora-clang 1.9-15 57.78 NOTE
r-devel-linux-x86_64-fedora-gcc 1.9-15 54.75 NOTE
r-devel-osx-x86_64-clang 1.9-15 70.61 NOTE
r-devel-windows-ix86+x86_64 1.9-15 10.00 61.00 71.00 OK
r-patched-linux-x86_64 1.9-15 1.81 26.50 28.31 NOTE
r-patched-solaris-sparc 1.9-15 360.30 OK
r-patched-solaris-x86 1.9-15 72.10 NOTE
r-release-linux-x86_64 1.9-15 1.76 27.68 29.44 NOTE
r-release-osx-x86_64-mavericks 1.9-15 OK
r-release-osx-x86_64-snowleopard 1.9-15 OK
r-release-windows-ix86+x86_64 1.9-15 10.00 65.00 75.00 OK
r-oldrel-windows-ix86+x86_64 1.9-15 8.00 79.00 87.00 OK

Check Details

Version: 1.9-15
Check: S3 generic/method consistency
Result: NOTE
    Found the following apparent S3 methods exported but not registered:
     as.matrix.partition print.equivalence print.partition
     print.summary.partition summary.partition
    See section ‘Registering S3 methods’ in the ‘Writing R Extensions’
    manual.
Flavors: r-devel-linux-x86_64-fedora-clang, r-devel-linux-x86_64-fedora-gcc, r-devel-osx-x86_64-clang, r-patched-solaris-x86