CRAN Package Check Results for Package partitions

Last updated on 2017-02-22 23:54:10.

Flavor Version Tinstall Tcheck Ttotal Status Flags
r-devel-linux-x86_64-debian-clang 1.9-18 2.33 26.57 28.90 NOTE
r-devel-linux-x86_64-debian-gcc 1.9-18 2.08 26.30 28.38 NOTE
r-devel-linux-x86_64-fedora-clang 1.9-18 55.61 NOTE --no-stop-on-test-error
r-devel-linux-x86_64-fedora-gcc 1.9-18 51.14 NOTE --no-stop-on-test-error
r-devel-macos-x86_64-clang 1.9-18 47.54 NOTE --no-stop-on-test-error
r-devel-windows-ix86+x86_64 1.9-18 14.00 177.00 191.00 OK
r-patched-linux-x86_64 1.9-18 1.85 24.19 26.04 OK
r-patched-solaris-sparc 1.9-18 248.80 OK
r-patched-solaris-x86 1.9-18 57.50 OK
r-release-linux-x86_64 1.9-18 1.88 23.60 25.48 OK
r-release-osx-x86_64-mavericks 1.9-18 OK
r-release-windows-ix86+x86_64 1.9-18 15.00 170.00 185.00 OK
r-oldrel-windows-ix86+x86_64 1.9-18 15.00 110.00 125.00 OK

Check Details

Version: 1.9-18
Check: compiled code
Result: NOTE
    File ‘partitions/libs/partitions.so’:
     Found no calls to: ‘R_registerRoutines’, ‘R_useDynamicSymbols’
    
    It is good practice to register native routines and to disable symbol
    search.
    
    See ‘Writing portable packages’ in the ‘Writing R Extensions’ manual.
Flavors: r-devel-linux-x86_64-debian-clang, r-devel-linux-x86_64-debian-gcc

Version: 1.9-18
Flags: --no-stop-on-test-error
Check: compiled code
Result: NOTE
    File ‘partitions/libs/partitions.so’:
     Found no calls to: ‘R_registerRoutines’, ‘R_useDynamicSymbols’
    
    It is good practice to register native routines and to disable symbol
    search.
    
    See ‘Writing portable packages’ in the ‘Writing R Extensions’ manual.
Flavors: r-devel-linux-x86_64-fedora-clang, r-devel-linux-x86_64-fedora-gcc, r-devel-macos-x86_64-clang