CRAN Package Check Results for Package partitions

Last updated on 2017-08-20 05:47:16.

Flavor Version Tinstall Tcheck Ttotal Status Flags
r-devel-linux-x86_64-debian-clang 1.9-19 2.41 26.47 28.88 OK
r-devel-linux-x86_64-debian-gcc 1.9-19 2.71 25.91 28.62 OK
r-devel-linux-x86_64-fedora-clang 1.9-19 53.08 OK
r-devel-linux-x86_64-fedora-gcc 1.9-19 51.40 OK
r-devel-windows-ix86+x86_64 1.9-19 11.00 80.00 91.00 OK
r-patched-linux-x86_64 1.9-19 2.17 26.16 28.32 OK
r-patched-solaris-x86 1.9-19 66.40 OK
r-release-linux-x86_64 1.9-19 2.26 26.52 28.78 OK
r-release-windows-ix86+x86_64 1.9-19 15.00 124.00 139.00 OK
r-release-osx-x86_64 1.9-19 NOTE
r-oldrel-windows-ix86+x86_64 1.9-19 11.00 113.00 124.00 OK
r-oldrel-osx-x86_64 1.9-19 OK

Check Details

Version: 1.9-19
Check: re-building of vignette outputs
Result: NOTE
    Error in re-building vignettes:
     ...
    Loading required package: partitions
    Error in texi2dvi(file = file, pdf = TRUE, clean = clean, quiet = quiet, :
     Running 'texi2dvi' on 'partitionspaper.tex' failed.
    LaTeX errors:
    ! LaTeX Error: File `dsfont.sty' not found.
    
    Type X to quit or <RETURN> to proceed,
    or enter new name. (Default extension: sty)
    
    ! Emergency stop.
    <read *>
    
    l.4 \usepackage
     {bbm}^^M
    ! ==> Fatal error occurred, no output PDF file produced!
    Calls: buildVignettes -> texi2pdf -> texi2dvi
    Execution halted
Flavor: r-release-osx-x86_64