CRAN Package Check Results for Package partitions

Last updated on 2017-03-29 23:53:20.

Flavor Version Tinstall Tcheck Ttotal Status Flags
r-devel-linux-x86_64-debian-clang 1.9-18 2.26 26.14 28.40 NOTE
r-devel-linux-x86_64-debian-gcc 1.9-18 2.14 25.94 28.07 NOTE
r-devel-linux-x86_64-fedora-clang 1.9-18 52.44 NOTE --no-stop-on-test-error
r-devel-linux-x86_64-fedora-gcc 1.9-18 50.75 NOTE --no-stop-on-test-error
r-devel-macos-x86_64-clang 1.9-18 44.96 NOTE --no-stop-on-test-error
r-devel-windows-ix86+x86_64 1.9-18 11.00 119.00 130.00 OK
r-patched-linux-x86_64 1.9-18 2.30 26.16 28.46 NOTE
r-patched-solaris-sparc 1.9-18 309.50 OK
r-patched-solaris-x86 1.9-18 65.60 OK
r-release-linux-x86_64 1.9-18 1.95 22.85 24.80 OK
r-release-osx-x86_64-mavericks 1.9-18 OK
r-release-windows-ix86+x86_64 1.9-18 26.00 113.00 139.00 OK
r-oldrel-windows-ix86+x86_64 1.9-18 22.00 54.00 76.00 OK

Check Details

Version: 1.9-18
Check: compiled code
Result: NOTE
    File ‘partitions/libs/partitions.so’:
     Found no calls to: ‘R_registerRoutines’, ‘R_useDynamicSymbols’
    
    It is good practice to register native routines and to disable symbol
    search.
    
    See ‘Writing portable packages’ in the ‘Writing R Extensions’ manual.
Flavors: r-devel-linux-x86_64-debian-clang, r-devel-linux-x86_64-debian-gcc, r-patched-linux-x86_64

Version: 1.9-18
Flags: --no-stop-on-test-error
Check: compiled code
Result: NOTE
    File ‘partitions/libs/partitions.so’:
     Found no calls to: ‘R_registerRoutines’, ‘R_useDynamicSymbols’
    
    It is good practice to register native routines and to disable symbol
    search.
    
    See ‘Writing portable packages’ in the ‘Writing R Extensions’ manual.
Flavors: r-devel-linux-x86_64-fedora-clang, r-devel-linux-x86_64-fedora-gcc, r-devel-macos-x86_64-clang