CRAN Package Check Results for Package partitions

Last updated on 2017-06-27 04:48:17.

Flavor Version Tinstall Tcheck Ttotal Status Flags
r-devel-linux-x86_64-debian-clang 1.9-18 2.34 26.16 28.50 NOTE
r-devel-linux-x86_64-debian-gcc 1.9-18 2.71 26.44 29.15 NOTE
r-devel-linux-x86_64-fedora-clang 1.9-18 53.23 NOTE
r-devel-linux-x86_64-fedora-gcc 1.9-18 50.45 NOTE
r-devel-windows-ix86+x86_64 1.9-18 15.00 91.00 106.00 OK
r-patched-linux-x86_64 1.9-18 2.17 26.33 28.50 NOTE
r-patched-solaris-sparc 1.9-18 309.50 OK
r-patched-solaris-x86 1.9-18 65.30 OK
r-release-linux-x86_64 1.9-18 2.13 25.69 27.82 NOTE
r-release-windows-ix86+x86_64 1.9-18 11.00 115.00 126.00 OK
r-release-osx-x86_64 1.9-18 ERROR
r-oldrel-windows-ix86+x86_64 1.9-18 15.00 119.00 134.00 OK
r-oldrel-osx-x86_64 1.9-18 OK

Check Details

Version: 1.9-18
Check: compiled code
Result: NOTE
    File ‘partitions/libs/partitions.so’:
     Found no calls to: ‘R_registerRoutines’, ‘R_useDynamicSymbols’
    
    It is good practice to register native routines and to disable symbol
    search.
    
    See ‘Writing portable packages’ in the ‘Writing R Extensions’ manual.
Flavors: r-devel-linux-x86_64-debian-clang, r-devel-linux-x86_64-debian-gcc, r-devel-linux-x86_64-fedora-clang, r-devel-linux-x86_64-fedora-gcc, r-patched-linux-x86_64, r-release-linux-x86_64

Version: 1.9-18
Check: package dependencies
Result: ERROR
    Package required but not available: ‘gmp’
    
    See section ‘The DESCRIPTION file’ in the ‘Writing R Extensions’
    manual.
Flavor: r-release-osx-x86_64