CRAN Package Check Results for Package partitions

Last updated on 2017-05-24 07:49:58.

Flavor Version Tinstall Tcheck Ttotal Status Flags
r-devel-linux-x86_64-debian-clang 1.9-18 2.22 26.11 28.33 NOTE
r-devel-linux-x86_64-debian-gcc 1.9-18 2.15 26.12 28.27 NOTE
r-devel-linux-x86_64-fedora-clang 1.9-18 53.48 NOTE --no-stop-on-test-error
r-devel-linux-x86_64-fedora-gcc 1.9-18 50.41 NOTE --no-stop-on-test-error
r-devel-windows-ix86+x86_64 1.9-18 10.00 135.00 145.00 OK
r-patched-linux-x86_64 1.9-18 2.46 26.47 28.94 NOTE
r-patched-solaris-sparc 1.9-18 309.50 OK
r-patched-solaris-x86 1.9-18 65.50 OK
r-release-linux-x86_64 1.9-18 2.13 25.76 27.88 NOTE
r-release-windows-ix86+x86_64 1.9-18 11.00 192.00 203.00 OK
r-release-osx-x86_64 1.9-18 ERROR
r-oldrel-windows-ix86+x86_64 1.9-18 15.00 125.00 140.00 OK
r-oldrel-osx-x86_64 1.9-18 OK

Check Details

Version: 1.9-18
Check: compiled code
Result: NOTE
    File ‘partitions/libs/partitions.so’:
     Found no calls to: ‘R_registerRoutines’, ‘R_useDynamicSymbols’
    
    It is good practice to register native routines and to disable symbol
    search.
    
    See ‘Writing portable packages’ in the ‘Writing R Extensions’ manual.
Flavors: r-devel-linux-x86_64-debian-clang, r-devel-linux-x86_64-debian-gcc, r-patched-linux-x86_64, r-release-linux-x86_64

Version: 1.9-18
Flags: --no-stop-on-test-error
Check: compiled code
Result: NOTE
    File ‘partitions/libs/partitions.so’:
     Found no calls to: ‘R_registerRoutines’, ‘R_useDynamicSymbols’
    
    It is good practice to register native routines and to disable symbol
    search.
    
    See ‘Writing portable packages’ in the ‘Writing R Extensions’ manual.
Flavors: r-devel-linux-x86_64-fedora-clang, r-devel-linux-x86_64-fedora-gcc

Version: 1.9-18
Check: package dependencies
Result: ERROR
    Package required but not available: ‘gmp’
    
    See section ‘The DESCRIPTION file’ in the ‘Writing R Extensions’
    manual.
Flavor: r-release-osx-x86_64