CRAN Package Check Results for Package partitions

Last updated on 2014-07-28 03:49:07.

Flavor Version Tinstall Tcheck Ttotal Status Flags
r-devel-linux-x86_64-debian-clang 1.9-15 1.62 27.54 29.17 OK
r-devel-linux-x86_64-debian-gcc 1.9-15 1.88 28.67 30.55 OK
r-devel-linux-x86_64-fedora-clang 1.9-15 64.41 OK
r-devel-linux-x86_64-fedora-gcc 1.9-15 58.97 OK
r-devel-osx-x86_64-clang 1.9-15 71.70 OK
r-devel-windows-ix86+x86_64 1.9-15 10.00 64.00 74.00 OK
r-patched-linux-x86_64 1.9-15 1.92 27.45 29.36 OK
r-patched-solaris-sparc 1.9-15 366.50 OK
r-patched-solaris-x86 1.9-15 80.80 OK
r-release-linux-ix86 1.9-15 2.68 39.83 42.51 OK
r-release-linux-x86_64 1.9-15 1.97 29.00 30.97 OK
r-release-osx-x86_64-mavericks 1.9-15 NOTE
r-release-osx-x86_64-snowleopard 1.9-15 NOTE
r-release-windows-ix86+x86_64 1.9-15 9.00 62.00 71.00 OK
r-oldrel-windows-ix86+x86_64 1.9-15 8.00 66.00 74.00 OK

Check Details

Version: 1.9-15
Check: re-building of vignette outputs
Result: NOTE
    Error in re-building vignettes:
     ...
    Loading required package: partitions
    Error in texi2dvi(file = file, pdf = TRUE, clean = clean, quiet = quiet, :
     Running 'texi2dvi' on 'partitionspaper.tex' failed.
    LaTeX errors:
    ! LaTeX Error: File `dsfont.sty' not found.
    
    Type X to quit or <RETURN> to proceed,
    or enter new name. (Default extension: sty)
    
    ign_test/partitions/vignettes/partitionspaper.tex:4: ==> Fatal error occurred,
     no output PDF file produced!
    Calls: buildVignettes -> texi2pdf -> texi2dvi
    Execution halted
Flavor: r-release-osx-x86_64-mavericks

Version: 1.9-15
Check: re-building of vignette outputs
Result: NOTE
    Error in re-building vignettes:
     ...
    Loading required package: partitions
    Error in texi2dvi(file = file, pdf = TRUE, clean = clean, quiet = quiet, :
     Running 'texi2dvi' on 'partitionspaper.tex' failed.
    LaTeX errors:
    ! LaTeX Error: File `dsfont.sty' not found.
    
    Type X to quit or <RETURN> to proceed,
    or enter new name. (Default extension: sty)
    Calls: buildVignettes -> texi2pdf -> texi2dvi
    Execution halted
Flavor: r-release-osx-x86_64-snowleopard