CRAN Package Check Results for Package partitions

Last updated on 2019-04-18 14:49:00 CEST.

Flavor Version Tinstall Tcheck Ttotal Status Flags
r-devel-linux-x86_64-debian-clang 1.9-19 4.77 43.28 48.05 OK
r-devel-linux-x86_64-debian-gcc 1.9-19 3.70 34.82 38.52 OK
r-devel-linux-x86_64-fedora-clang 1.9-19 60.01 OK
r-devel-linux-x86_64-fedora-gcc 1.9-19 58.04 OK
r-devel-windows-ix86+x86_64 1.9-19 22.00 99.00 121.00 OK
r-patched-linux-x86_64 1.9-19 5.15 43.22 48.37 OK
r-patched-solaris-x86 1.9-19 86.30 OK
r-release-linux-x86_64 1.9-19 3.63 41.68 45.31 OK
r-release-windows-ix86+x86_64 1.9-19 12.00 127.00 139.00 OK
r-release-osx-x86_64 1.9-19 OK
r-oldrel-windows-ix86+x86_64 1.9-19 11.00 115.00 126.00 OK
r-oldrel-osx-x86_64 1.9-19 NOTE

Check Details

Version: 1.9-19
Check: re-building of vignette outputs
Result: NOTE
    Error in re-building vignettes:
     ...
    Loading required package: partitions
    Error in texi2dvi(file = file, pdf = TRUE, clean = clean, quiet = quiet, :
     Running 'texi2dvi' on 'partitionspaper.tex' failed.
    LaTeX errors:
    ! LaTeX Error: File `dsfont.sty' not found.
    
    Type X to quit or <RETURN> to proceed,
    or enter new name. (Default extension: sty)
    
    ! Emergency stop.
    <read *>
    
    l.4 \usepackage
     {bbm}^^M
    ! ==> Fatal error occurred, no output PDF file produced!
    Calls: buildVignettes -> texi2pdf -> texi2dvi
    Execution halted
Flavor: r-oldrel-osx-x86_64