CRAN Package Check Results for Package partitions

Last updated on 2015-05-26 15:47:37.

Flavor Version Tinstall Tcheck Ttotal Status Flags
r-devel-linux-x86_64-debian-clang 1.9-15 1.74 27.21 28.95 NOTE
r-devel-linux-x86_64-debian-gcc 1.9-15 1.72 26.65 28.37 NOTE
r-devel-linux-x86_64-fedora-clang 1.9-15 57.75 NOTE
r-devel-linux-x86_64-fedora-gcc 1.9-15 54.48 NOTE
r-devel-osx-x86_64-clang 1.9-15 70.76 NOTE
r-devel-windows-ix86+x86_64 1.9-15 10.00 64.00 74.00 OK
r-patched-linux-x86_64 1.9-15 1.74 26.38 28.12 NOTE
r-patched-solaris-sparc 1.9-15 359.50 NOTE
r-patched-solaris-x86 1.9-15 73.40 NOTE
r-release-linux-x86_64 1.9-15 1.82 26.24 28.05 NOTE
r-release-osx-x86_64-mavericks 1.9-15 OK
r-release-osx-x86_64-snowleopard 1.9-15 OK
r-release-windows-ix86+x86_64 1.9-15 10.00 69.00 79.00 OK
r-oldrel-windows-ix86+x86_64 1.9-15 10.00 99.00 109.00 OK

Check Details

Version: 1.9-15
Check: S3 generic/method consistency
Result: NOTE
    Found the following apparent S3 methods exported but not registered:
     as.matrix.partition print.equivalence print.partition
     print.summary.partition summary.partition
    See section ‘Registering S3 methods’ in the ‘Writing R Extensions’
    manual.
Flavors: r-devel-linux-x86_64-debian-clang, r-devel-linux-x86_64-debian-gcc, r-devel-linux-x86_64-fedora-clang, r-devel-linux-x86_64-fedora-gcc, r-devel-osx-x86_64-clang, r-patched-linux-x86_64, r-patched-solaris-sparc, r-patched-solaris-x86, r-release-linux-x86_64