CRAN Package Check Results for Package partsm

Last updated on 2017-10-17 23:48:39.

Flavor Version Tinstall Tcheck Ttotal Status Flags
r-devel-linux-x86_64-debian-clang 1.1-2 1.14 25.26 26.40 NOTE
r-devel-linux-x86_64-debian-gcc 1.1-2 1.00 26.07 27.07 NOTE
r-devel-linux-x86_64-fedora-clang 1.1-2 48.35 NOTE
r-devel-linux-x86_64-fedora-gcc 1.1-2 46.87 NOTE
r-devel-windows-ix86+x86_64 1.1-2 5.00 60.00 65.00 NOTE
r-patched-linux-x86_64 1.1-2 1.20 24.93 26.13 NOTE
r-patched-solaris-x86 1.1-2 58.80 NOTE
r-release-linux-x86_64 1.1-2 1.16 24.64 25.80 NOTE
r-release-windows-ix86+x86_64 1.1-2 5.00 54.00 59.00 NOTE
r-release-osx-x86_64 1.1-2 NOTE
r-oldrel-windows-ix86+x86_64 1.1-2 4.00 51.00 55.00 NOTE
r-oldrel-osx-x86_64 1.1-2 NOTE

Check Details

Version: 1.1-2
Check: whether the namespace can be loaded with stated dependencies
Result: NOTE
    Warning: no function found corresponding to methods exports from ‘partsm’ for: ‘show’
    
    A namespace must be able to be loaded with just the base namespace
    loaded: otherwise if the namespace gets loaded by a saved object, the
    session will be unable to start.
    
    Probably some imports need to be declared in the NAMESPACE file.
Flavors: r-devel-linux-x86_64-debian-clang, r-devel-linux-x86_64-debian-gcc, r-devel-linux-x86_64-fedora-clang, r-devel-linux-x86_64-fedora-gcc, r-devel-windows-ix86+x86_64, r-patched-linux-x86_64, r-patched-solaris-x86, r-release-linux-x86_64, r-release-windows-ix86+x86_64, r-release-osx-x86_64, r-oldrel-windows-ix86+x86_64, r-oldrel-osx-x86_64

Version: 1.1-2
Check: R code for possible problems
Result: NOTE
    Dummy: no visible global function definition for ‘start’
    Dummy: no visible global function definition for ‘frequency’
    Fnextp.test: no visible global function definition for ‘frequency’
    Fnextp.test: no visible global function definition for ‘coef’
    Fnextp.test: no visible global function definition for ‘pf’
    Fnextp.test: no visible global function definition for ‘new’
    Fpar.test: no visible global function definition for ‘frequency’
    Fpar.test: no visible global function definition for ‘coef’
    Fpar.test: no visible global function definition for ‘pf’
    Fpar.test: no visible global function definition for ‘new’
    Fpari.piar.test: no visible global function definition for ‘frequency’
    Fpari.piar.test: no visible global function definition for ‘start’
    Fpari.piar.test: no visible global function definition for ‘ts’
    Fpari.piar.test: no visible global function definition for ‘residuals’
    Fpari.piar.test: no visible global function definition for ‘coef’
    Fpari.piar.test: no visible global function definition for ‘pf’
    Fpari.piar.test: no visible global function definition for ‘new’
    Fsh.test: no visible global function definition for ‘lm’
    Fsh.test: no visible global function definition for ‘update’
    Fsh.test: no visible global function definition for ‘residuals’
    Fsh.test: no visible global function definition for ‘coef’
    Fsh.test: no visible global function definition for ‘pf’
    Fsh.test: no visible global function definition for ‘new’
    LRurpar.test: no visible global function definition for ‘residuals’
    LRurpar.test: no visible global function definition for ‘new’
    Msts: no visible global function definition for ‘frequency’
    Msts: no visible global function definition for ‘cycle’
    Msts: no visible global function definition for ‘start’
    Msts: no visible global function definition for ‘end’
    Msts: no visible global function definition for ‘time’
    acf.ext1: no visible global function definition for ‘acf’
    acf.ext1: no visible binding for global variable ‘na.exclude’
    acf.ext1: no visible global function definition for ‘frequency’
    acf.ext1: no visible global function definition for ‘start’
    acf.ext1: no visible global function definition for ‘lm’
    acf.ext1: no visible global function definition for ‘pnorm’
    bbplot: no visible global function definition for ‘frequency’
    bbplot: no visible global function definition for ‘na.omit’
    bbplot: no visible global function definition for ‘start’
    bbplot: no visible global function definition for ‘end’
    bbplot: no visible global function definition for ‘par’
    bbplot: no visible global function definition for ‘ts.plot’
    bbplot: no visible global function definition for ‘ts’
    bbplot: no visible global function definition for ‘text’
    fit.ar.par: no visible global function definition for ‘frequency’
    fit.ar.par: no visible global function definition for ‘start’
    fit.ar.par: no visible global function definition for ‘lm’
    fit.ar.par: no visible global function definition for ‘new’
    fit.piar: no visible global function definition for ‘frequency’
    fit.piar: no visible global function definition for ‘start’
    fit.piar: no visible global function definition for ‘as.formula’
    fit.piar: no visible global function definition for ‘lm’
    fit.piar: no visible global function definition for ‘coef’
    fit.piar: no visible global function definition for ‘nls’
    fit.piar: no visible global function definition for ‘ts’
    fit.piar: no visible global function definition for ‘new’
    plotpdiff: no visible global function definition for ‘par’
    plotpdiff: no visible global function definition for ‘layout’
    plotpdiff: no visible global function definition for ‘plot’
    plotpdiff: no visible global function definition for ‘monthplot’
    plotpredpiar: no visible global function definition for ‘par’
    plotpredpiar: no visible global function definition for ‘ts.plot’
    predictpiar: no visible global function definition for ‘start’
    predictpiar: no visible global function definition for ‘frequency’
    predictpiar: no visible global function definition for ‘sd’
    predictpiar: no visible global function definition for ‘ts’
    predictpiar: no visible global function definition for ‘new’
    PAR.MVrepr,fit.partsm: no visible global function definition for ‘new’
    PAR.MVrepr,fit.piartsm: no visible global function definition for ‘new’
    show,pred.piartsm: no visible global function definition for ‘time’
    show,pred.piartsm: no visible global function definition for ‘cycle’
    summary,Ftest.partsm: no visible global function definition for ‘show’
    summary,LRur.partsm: no visible global function definition for ‘show’
    summary,fit.partsm: no visible global function definition for ‘show’
    summary,fit.piartsm: no visible global function definition for ‘show’
    summary,fit.piartsm: no visible global function definition for
     ‘printCoefmat’
    Undefined global functions or variables:
     acf as.formula coef cycle end frequency layout lm monthplot
     na.exclude na.omit new nls par pf plot pnorm printCoefmat residuals
     sd show start text time ts ts.plot update
    Consider adding
     importFrom("graphics", "layout", "par", "plot", "text")
     importFrom("methods", "new", "show")
     importFrom("stats", "acf", "as.formula", "coef", "cycle", "end",
     "frequency", "lm", "monthplot", "na.exclude", "na.omit",
     "nls", "pf", "pnorm", "printCoefmat", "residuals", "sd",
     "start", "time", "ts", "ts.plot", "update")
    to your NAMESPACE file (and ensure that your DESCRIPTION Imports field
    contains 'methods').
Flavors: r-devel-linux-x86_64-debian-clang, r-devel-linux-x86_64-debian-gcc, r-devel-linux-x86_64-fedora-clang, r-devel-linux-x86_64-fedora-gcc, r-devel-windows-ix86+x86_64, r-patched-linux-x86_64, r-patched-solaris-x86, r-release-linux-x86_64, r-release-windows-ix86+x86_64, r-release-osx-x86_64, r-oldrel-windows-ix86+x86_64, r-oldrel-osx-x86_64

Version: 1.1-2
Check: re-building of vignette outputs
Result: NOTE
    Error in re-building vignettes:
     ...
    Error in texi2dvi(file = file, pdf = TRUE, clean = clean, quiet = quiet, :
     Running 'texi2dvi' on 'partsm.tex' failed.
    LaTeX errors:
    ! LaTeX Error: File `a4wide.sty' not found.
    
    Type X to quit or <RETURN> to proceed,
    or enter new name. (Default extension: sty)
    
    ! Emergency stop.
    <read *>
    
    l.47 \RequirePackage
     [T1]{fontenc}^^M
    ! ==> Fatal error occurred, no output PDF file produced!
    Calls: buildVignettes -> texi2pdf -> texi2dvi
    Execution halted
Flavor: r-release-osx-x86_64