CRAN Package Check Results for Package party

Last updated on 2017-09-24 00:51:15.

Flavor Version Tinstall Tcheck Ttotal Status Flags
r-devel-linux-x86_64-debian-clang 1.2-3 8.20 110.58 118.78 OK
r-devel-linux-x86_64-debian-gcc 1.2-3 7.03 107.07 114.11 OK
r-devel-linux-x86_64-fedora-clang 1.2-3 251.77 OK
r-devel-linux-x86_64-fedora-gcc 1.2-3 249.82 OK
r-devel-windows-ix86+x86_64 1.2-3 33.00 268.00 301.00 OK
r-patched-linux-x86_64 1.2-3 7.00 108.54 115.54 OK
r-patched-solaris-x86 1.2-3 331.80 OK
r-release-linux-x86_64 1.2-3 7.13 108.69 115.83 OK
r-release-windows-ix86+x86_64 1.2-3 32.00 283.00 315.00 OK
r-release-osx-x86_64 1.2-3 OK
r-oldrel-windows-ix86+x86_64 1.2-3 30.00 241.00 271.00 OK
r-oldrel-osx-x86_64 1.2-3 NOTE

Additional issues

rchk

Check Details

Version: 1.2-3
Check: re-building of vignette outputs
Result: NOTE
    Error in re-building vignettes:
     ...
    Warning in grepl("(Rerun to get|biblatex.*\\(re\\)run)", readLines(log, :
     input string 419 is invalid in this locale
    Error in texi2dvi(file = file, pdf = TRUE, clean = clean, quiet = quiet, :
     Running 'texi2dvi' on 'party.tex' failed.
    LaTeX errors:
    ! Undefined control sequence.
    l.18 !8<e7>hV*<95>p]<ad>V?<ff><fc><f3><f9><f9><f9>R<a9><84>^^A<a5>^^X<ed>v<fb><f2><e5><cb>B^^H!D<b9>\<fe>
     <f2><cb>/?<f9><e4><93>J<a5>r<e3><c6>
    The control sequence at the end of the top line
    of your error message was never \def'ed. If you have
    ! LaTeX Error: Missing \begin{document}.
    
    See the LaTeX manual or LaTeX Companion for explanation.
    Type H <return> for immediate help.
     ...
    ! Extra }, or forgotten \endgroup.
    l.19 ...^Uc,^^H^^B<c3>0<a0><<e7><e6><e6>*<95><ca><f8><f8><f8>G^^_}<d4>^^Oϧ|<ef><8d>}<f6><d9>g}
     6<c5><fb>^^SB<f8><be><df>n<b7><a1>֛<cd>f*<95><8a><e3>xcc<a3><db>...
    I've deleted a group-closing symbol because it seems to be
    spurious, as in `$x}$'. But perhaps the } is legitimate and
    ! Missing $ inserted.
    <inserted text>
    
    Calls: buildVignettes -> texi2pdf -> texi2dvi
    Execution halted
Flavor: r-oldrel-osx-x86_64