CRAN Package Check Results for Package party

Last updated on 2015-10-09 09:47:11.

Flavor Version Tinstall Tcheck Ttotal Status Flags
r-devel-linux-x86_64-debian-gcc 1.0-23 4.48 71.58 76.06 NOTE
r-devel-linux-x86_64-fedora-clang 1.0-23 155.65 NOTE
r-devel-linux-x86_64-fedora-gcc 1.0-23 148.36 NOTE
r-devel-osx-x86_64-clang 1.0-23 138.26 NOTE
r-devel-windows-ix86+x86_64 1.0-23 32.00 182.00 214.00 NOTE
r-patched-linux-x86_64 1.0-23 4.56 74.72 79.28 OK
r-patched-solaris-sparc 1.0-23 1015.60 OK
r-patched-solaris-x86 1.0-23 210.80 OK
r-release-linux-x86_64 1.0-23 4.58 77.91 82.49 OK
r-release-osx-x86_64-mavericks 1.0-23 NOTE
r-release-windows-ix86+x86_64 1.0-23 24.00 187.00 211.00 OK
r-oldrel-windows-ix86+x86_64 1.0-23 43.00 348.00 391.00 OK

Check Details

Version: 1.0-23
Check: whether the namespace can be loaded with stated dependencies
Result: NOTE
    Warning in namespaceImportMethods(ns, loadNamespace(j <- imp[[1L]], c(lib.loc, :
     No generic function found corresponding to requested imported methods for "initialize" from package "coin" (malformed exports?)
    Warning: no function found corresponding to methods exports from ‘party’ for: ‘initialize’, ‘show’
    A namespace must be able to be loaded with just the base namespace
    loaded: otherwise if the namespace gets loaded by a saved object, the
    session will be unable to start.
    Probably some imports need to be declared in the NAMESPACE file.
Flavors: r-devel-linux-x86_64-debian-gcc, r-devel-linux-x86_64-fedora-clang, r-devel-linux-x86_64-fedora-gcc, r-devel-osx-x86_64-clang, r-devel-windows-ix86+x86_64, r-devel-windows-ix86+x86_64

Version: 1.0-23
Check: re-building of vignette outputs
Result: NOTE
    Error in re-building vignettes:
    Loading required package: coin
    Loading required package: survival
    Error in texi2dvi(file = file, pdf = TRUE, clean = clean, quiet = quiet, :
     Running 'texi2dvi' on 'party.tex' failed.
    LaTeX errors:
    ! Undefined control sequence.
    l.18 !8<e7>hV*<95>p]<ad>V?<ff><fc><f3><f9><f9><f9>R<a9><84>^^A<a5>^^X<ed>v<fb><f2><e5><cb>B^^H!D<b9>\<fe>
    The control sequence at the end of the top line
    of your error message was never \def'ed. If you have
    ! LaTeX Error: Missing \begin{document}.
    See the LaTeX manual or LaTeX Companion for explanation.
    Type H <return> for immediate help.
    ! Extra }, or forgotten \endgroup.
    l.19 ...^Uc,^^H^^B<c3>0<a0><<e7><e6><e6>*<95><ca><f8><f8><f8>G^^_}<d4>^^Oϧ|<ef><8d>}<f6><d9>g}
    I've deleted a group-closing symbol because it seems to be
    spurious, as in `$x}$'. But perhaps the } is legitimate and
    ! Missing $ inserted.
    <inserted text>
    Calls: buildVignettes -> texi2pdf -> texi2dvi
    Execution halted
Flavor: r-release-osx-x86_64-mavericks