CRAN Package Check Results for Package party

Last updated on 2014-04-24 17:49:49.

Flavor Version Tinstall Tcheck Ttotal Status Flags
r-devel-linux-x86_64-debian-clang 1.0-13 5.08 94.84 99.92 OK
r-devel-linux-x86_64-debian-gcc 1.0-13 5.50 93.54 99.04 OK
r-devel-linux-x86_64-fedora-clang 1.0-13 214.39 OK
r-devel-linux-x86_64-fedora-gcc 1.0-13 212.02 OK
r-devel-osx-x86_64-clang 1.0-13 177.49 OK
r-devel-osx-x86_64-gcc 1.0-13 ERROR
r-devel-windows-ix86+x86_64 1.0-13 27.00 196.00 223.00 OK
r-patched-linux-x86_64 1.0-13 5.57 93.42 98.99 OK
r-patched-solaris-sparc 1.0-13 1065.90 OK
r-patched-solaris-x86 1.0-13 255.10 OK
r-release-linux-ix86 1.0-13 10.00 150.00 160.00 OK
r-release-linux-x86_64 1.0-13 5.62 94.92 100.54 OK
r-release-osx-x86_64-mavericks 1.0-13 WARN
r-release-osx-x86_64-snowleopard 1.0-13 OK
r-release-windows-ix86+x86_64 1.0-13 25.00 210.00 235.00 OK
r-oldrel-windows-ix86+x86_64 1.0-13 27.00 215.00 242.00 OK

Check Details

Version: 1.0-13
Check: package dependencies
Result: ERROR
    Packages required but not available: ‘zoo’ ‘sandwich’ ‘strucchange’
    
    See the information on DESCRIPTION files in the chapter ‘Creating R
    packages’ of the ‘Writing R Extensions’ manual.
Flavor: r-devel-osx-x86_64-gcc

Version: 1.0-13
Check: PDF version of manual
Result: WARNING
    LaTeX errors when creating PDF version.
    This typically indicates Rd problems.
    LaTeX errors found:
    ! LaTeX Error: File `upquote.sty' not found.
    
    Type X to quit or <RETURN> to proceed,
    or enter new name. (Default extension: sty)
    
    111b6bc/Rd2.tex:8: ==> Fatal error occurred, no output PDF file produced!
Flavor: r-release-osx-x86_64-mavericks