CRAN Package Check Results for Package party

Last updated on 2015-07-02 11:48:30.

Flavor Version Tinstall Tcheck Ttotal Status Flags
r-devel-linux-x86_64-debian-clang 1.0-21 3.94 78.10 82.04 NOTE
r-devel-linux-x86_64-debian-gcc 1.0-21 4.35 74.32 78.66 NOTE
r-devel-linux-x86_64-fedora-clang 1.0-21 162.63 NOTE
r-devel-linux-x86_64-fedora-gcc 1.0-21 154.72 NOTE
r-devel-osx-x86_64-clang 1.0-21 150.73 OK
r-devel-windows-ix86+x86_64 1.0-21 26.00 173.00 199.00 NOTE
r-patched-linux-x86_64 1.0-21 4.47 74.79 79.26 OK
r-patched-solaris-sparc 1.0-21 937.90 OK
r-patched-solaris-x86 1.0-21 217.60 OK
r-release-linux-x86_64 1.0-21 4.60 77.83 82.43 OK
r-release-osx-x86_64-mavericks 1.0-21 OK
r-release-windows-ix86+x86_64 1.0-21 25.00 213.00 238.00 OK
r-oldrel-windows-ix86+x86_64 1.0-21 26.00 211.00 237.00 OK

Check Details

Version: 1.0-21
Check: R code for possible problems
Result: NOTE
    cforest_classical: no visible global function definition for ‘qnorm’
    cforest_control: no visible global function definition for ‘qnorm’
    coef.mob : <anonymous>: no visible global function definition for
     ‘coef’
    conditional_perm: no visible global function definition for
     ‘model.matrix’
    conditional_perm: no visible global function definition for
     ‘as.formula’
    create_cond_list: no visible global function definition for
     ‘as.formula’
    deviance.mob : <anonymous>: no visible global function definition for
     ‘deviance’
    ff_trafo: no visible global function definition for ‘model.matrix’
    fitted.mob: no visible global function definition for ‘predict’
    logLik.mob : <anonymous>: no visible global function definition for
     ‘logLik’
    logLik.mob: no visible binding for global variable ‘head’
    mob : mobpp: no visible global function definition for ‘as.formula’
    mob_control: no visible binding for global variable ‘deviance’
    mob_fit_fluctests : logp.supLM: no visible global function definition
     for ‘pchisq’
    mob_fit_fluctests: no visible global function definition for ‘pchisq’
    mob_fit_fluctests: no visible global function definition for ‘runif’
    mob_fit_fluctests: no visible global function definition for ‘approx’
    mob_fit_getobjfun: no visible binding for global variable ‘deviance’
    node_barplot: no visible global function definition for ‘gray.colors’
    node_bivplot : <anonymous>: no visible global function definition for
     ‘hist’
    node_bivplot : cat_fun: no visible global function definition for
     ‘boxplot’
    node_bivplot : rval: no visible global function definition for ‘fitted’
    node_boxplot : rval: no visible global function definition for
     ‘boxplot’
    node_density: no visible global function definition for ‘density’
    node_density : rval: no visible global function definition for
     ‘density’
    node_hist: no visible global function definition for ‘hist’
    node_hist : rval: no visible global function definition for ‘hist’
    node_scatterplot: no visible global function definition for
     ‘model.matrix’
    node_scatterplot : rval: no visible global function definition for
     ‘fitted’
    partialPlot.party: no visible global function definition for
     ‘weighted.mean’
    partialPlot.party: no visible global function definition for ‘predict’
    partialPlot.party: no visible global function definition for ‘points’
    partialPlot.party: no visible global function definition for ‘barplot’
    partialPlot.party: no visible global function definition for ‘lines’
    partialPlot.party: no visible global function definition for ‘quantile’
    predict.mob: no visible global function definition for ‘predict’
    residuals.mob: no visible global function definition for ‘residuals’
    varimp: no visible global function definition for ‘complete.cases’
    varimpAUC: no visible global function definition for ‘complete.cases’
    varimpsurv: no visible global function definition for ‘complete.cases’
Flavors: r-devel-linux-x86_64-debian-clang, r-devel-linux-x86_64-debian-gcc, r-devel-linux-x86_64-fedora-gcc, r-devel-windows-ix86+x86_64

Version: 1.0-21
Check: R code for possible problems
Result: NOTE
    cforest_classical: no visible global function definition for ‘qnorm’
    cforest_control: no visible global function definition for ‘qnorm’
    coef.mob : <anonymous>: no visible global function definition for
     ‘coef’
    conditional_perm: no visible global function definition for
     ‘model.matrix’
    conditional_perm: no visible global function definition for
     ‘as.formula’
    create_cond_list: no visible global function definition for
     ‘as.formula’
    deviance.mob : <anonymous>: no visible global function definition for
     ‘deviance’
    ff_trafo: no visible global function definition for ‘model.matrix’
    fitted.mob: no visible global function definition for ‘predict’
    logLik.mob : <anonymous>: no visible global function definition for
     ‘logLik’
    logLik.mob: no visible binding for global variable ‘head’
    mob : mobpp: no visible global function definition for ‘as.formula’
    mob_control: no visible binding for global variable ‘deviance’
    mob_fit_fluctests : logp.supLM: no visible global function definition
     for ‘pchisq’
    mob_fit_fluctests: no visible global function definition for ‘pchisq’
    mob_fit_fluctests: no visible global function definition for ‘runif’
    mob_fit_fluctests: no visible global function definition for ‘approx’
    mob_fit_getobjfun: no visible binding for global variable ‘deviance’
    node_barplot: no visible global function definition for ‘gray.colors’
    node_bivplot : <anonymous>: no visible global function definition for
     ‘hist’
    node_bivplot : cat_fun: no visible global function definition for
     ‘boxplot’
    node_bivplot : rval: no visible global function definition for ‘fitted’
    node_boxplot : rval: no visible global function definition for
     ‘boxplot’
    node_density: no visible global function definition for ‘density’
    node_density : rval: no visible global function definition for
     ‘density’
    node_hist: no visible global function definition for ‘hist’
    node_hist : rval: no visible global function definition for ‘hist’
    node_scatterplot: no visible global function definition for
     ‘model.matrix’
    node_scatterplot : rval: no visible global function definition for
     ‘fitted’
    partialPlot.party: no visible global function definition for
     ‘weighted.mean’
    partialPlot.party: no visible global function definition for ‘predict’
    partialPlot.party: no visible global function definition for ‘points’
    partialPlot.party: no visible global function definition for ‘barplot’
    partialPlot.party: no visible global function definition for ‘lines’
    partialPlot.party: no visible global function definition for ‘quantile’
    predict.mob: no visible global function definition for ‘predict’
    residuals.mob: no visible global function definition for ‘residuals’
    varimp: no visible global function definition for ‘complete.cases’
    varimpAUC: no visible global function definition for ‘complete.cases’
    varimpsurv: no visible global function definition for ‘complete.cases’
    Undefined global functions or variables:
     approx as.formula barplot boxplot coef complete.cases density
     deviance fitted gray.colors head hist lines logLik model.matrix
     pchisq points predict qnorm quantile residuals runif weighted.mean
Flavor: r-devel-linux-x86_64-fedora-clang