CRAN Package Check Results for Package party

Last updated on 2015-04-01 03:49:23.

Flavor Version Tinstall Tcheck Ttotal Status Flags
r-devel-linux-x86_64-debian-clang 1.0-20 4.03 83.33 87.36 OK
r-devel-linux-x86_64-debian-gcc 1.0-20 4.53 78.15 82.68 OK
r-devel-linux-x86_64-fedora-clang 1.0-20 171.83 OK
r-devel-linux-x86_64-fedora-gcc 1.0-20 179.38 OK
r-devel-osx-x86_64-clang 1.0-20 172.77 OK
r-prerel-windows-ix86+x86_64 1.0-20 28.00 176.00 204.00 OK
r-prerel-linux-x86_64 1.0-20 4.44 77.53 81.97 OK
r-prerel-solaris-sparc 1.0-20 1067.10 OK
r-prerel-solaris-x86 1.0-20 220.20 OK
r-release-linux-x86_64 1.0-20 5.18 92.56 97.74 OK
r-release-osx-x86_64-mavericks 1.0-20 NOTE
r-release-osx-x86_64-snowleopard 1.0-20 OK
r-release-windows-ix86+x86_64 1.0-20 26.00 214.00 240.00 OK
r-oldrel-windows-ix86+x86_64 1.0-20 25.00 227.00 252.00 OK

Check Details

Version: 1.0-20
Check: re-building of vignette outputs
Result: NOTE
    Error in re-building vignettes:
     ...
    Loading required package: survival
    Loading required package: splines
    Error in texi2dvi(file = file, pdf = TRUE, clean = clean, quiet = quiet, :
     Running 'texi2dvi' on 'party.tex' failed.
    LaTeX errors:
    ! Undefined control sequence.
    l.18 !8<e7>hV*<95>p]<ad>V?<ff><fc><f3><f9><f9><f9>R<a9><84>^^A<a5>^^X<ed>v<fb><f2><e5><cb>B^^H!D<b9>\<fe>
     <f2><cb>/?<f9><e4><93>J<a5>r<e3><c6>
    The control sequence at the end of the top line
    of your error message was never \def'ed. If you have
    ! LaTeX Error: Missing \begin{document}.
    
    See the LaTeX manual or LaTeX Companion for explanation.
    Type H <return> for immediate help.
     ...
    ! Extra }, or forgotten \endgroup.
    l.19 ...^Uc,^^H^^B<c3>0<a0><<e7><e6><e6>*<95><ca><f8><f8><f8>G^^_}<d4>^^Oϧ|<ef><8d>}<f6><d9>g}
     6<c5><fb>^^SB<f8><be><df>n<b7><a1>֛<cd>f*<95><8a><e3>xcc<a3><db>...
    I've deleted a group-closing symbol because it seems to be
    spurious, as in `$x}$'. But perhaps the } is legitimate and
    ! Missing $ inserted.
    <inserted text>
    
    Calls: buildVignettes -> texi2pdf -> texi2dvi
    Execution halted
Flavor: r-release-osx-x86_64-mavericks