CRAN Package Check Results for Package partykit

Last updated on 2016-08-25 23:48:24.

Flavor Version Tinstall Tcheck Ttotal Status Flags
r-devel-linux-x86_64-debian-clang 1.1-0 4.21 138.15 142.36 OK
r-devel-linux-x86_64-debian-gcc 1.1-0 3.94 137.83 141.77 OK
r-devel-linux-x86_64-fedora-clang 1.1-0 274.04 OK
r-devel-linux-x86_64-fedora-gcc 1.1-0 258.92 OK
r-devel-osx-x86_64-clang 1.1-0 211.62 OK
r-devel-windows-ix86+x86_64 1.1-0 20.00 269.00 289.00 OK
r-patched-linux-x86_64 1.1-0 4.03 134.86 138.88 OK
r-patched-solaris-sparc 1.1-0 691.00 OK --no-tests --no-vignettes
r-patched-solaris-x86 1.1-0 153.70 OK --no-tests --no-vignettes
r-release-linux-x86_64 1.1-0 4.14 138.30 142.44 OK
r-release-osx-x86_64-mavericks 1.1-0 ERROR
r-release-windows-ix86+x86_64 1.1-0 12.00 253.00 265.00 OK
r-oldrel-windows-ix86+x86_64 1.1-0 15.00 300.00 315.00 OK

Check Details

Version: 1.1-0
Check: tests
Result: ERROR
    Running the tests in ‘tests/regtest-party.R’ failed.
    Last 13 lines of output:
     > fit <- rpart(Kyphosis ~ Age + Number + Start, data = kyphosis)
     > pfit <- as.party(fit)
     > all(predict(pfit, newdata = kyphosis, type = "node") == fit$where)
     [1] TRUE
     >
     > ## J48: iris data
     > library("RWeka")
     > data("iris", package = "datasets")
     > itree <- J48(Species ~ ., data = iris)
     Error in .jnew("weka/core/Attribute", attname[i], .jcast(levels, "java/util/List")) :
     java.lang.UnsupportedClassVersionError: weka/core/Attribute : Unsupported major.minor version 51.0
     Calls: J48 ... read_model_frame_into_Weka -> read_data_into_Weka -> .jnew -> .External
     Execution halted
Flavor: r-release-osx-x86_64-mavericks

Version: 1.1-0
Check: running R code from vignettes
Result: ERROR
    Errors in running code in vignettes:
    when running code in ‘constparty.Rnw’
     ...
     8 0.5408163 0.4591837
     9 0.0729927 0.9270073
    
    > library("RWeka")
    
    > (j48 <- J48(Survived ~ ., data = ttnc))
    
     When sourcing ‘constparty.R’:
    Error: java.lang.UnsupportedClassVersionError: weka/core/Attribute : Unsupported major.minor version 51.0
    Execution halted
Flavor: r-release-osx-x86_64-mavericks

Version: 1.1-0
Check: re-building of vignette outputs
Result: NOTE
    Error in re-building vignettes:
     ...
    Loading required package: grid
    
    Error: processing vignette 'constparty.Rnw' failed with diagnostics:
     chunk 10 (label = J48)
    Error in .jnew("weka/core/Attribute", attname[i], .jcast(levels, "java/util/List")) :
     java.lang.UnsupportedClassVersionError: weka/core/Attribute : Unsupported major.minor version 51.0
    Execution halted
Flavor: r-release-osx-x86_64-mavericks