CRAN Package Check Results for Package partykit

Last updated on 2015-01-28 12:48:06.

Flavor Version Tinstall Tcheck Ttotal Status Flags
r-devel-linux-x86_64-debian-clang 0.8-4 2.05 122.29 124.34 NOTE
r-devel-linux-x86_64-debian-gcc 0.8-4 2.02 114.98 117.00 NOTE
r-devel-linux-x86_64-fedora-clang 0.8-4 245.82 NOTE
r-devel-linux-x86_64-fedora-gcc 0.8-4 233.28 NOTE
r-devel-osx-x86_64-clang 0.8-4 238.63 NOTE
r-devel-windows-ix86+x86_64 0.8-4 15.00 200.00 215.00 ERROR
r-patched-linux-x86_64 0.8-4 2.12 135.56 137.68 OK
r-patched-solaris-sparc 0.8-4 461.00 OK --no-tests --no-vignettes
r-patched-solaris-x86 0.8-4 110.80 OK --no-tests --no-vignettes
r-release-linux-ix86 0.8-4 2.78 146.03 148.81 OK
r-release-linux-x86_64 0.8-4 2.14 153.90 156.04 OK
r-release-osx-x86_64-mavericks 0.8-4 NOTE
r-release-osx-x86_64-snowleopard 0.8-4 OK
r-release-windows-ix86+x86_64 0.8-4 13.00 107.00 120.00 ERROR
r-oldrel-windows-ix86+x86_64 0.8-0 14.00 183.00 197.00 OK

Check Details

Version: 0.8-4
Check: S3 generic/method consistency
Result: NOTE
    Found the following apparent S3 methods exported but not registered:
     as.party.Weka_tree as.party.XMLNode as.party.rpart
     as.simpleparty.XMLNode data_party.default predict_party.default
     print.modelparty print.party plot.modelparty plot.party
     model.frame.rpart predict.modelparty
    See section ‘Registering S3 methods’ in the ‘Writing R Extensions’
    manual.
Flavors: r-devel-linux-x86_64-debian-clang, r-devel-linux-x86_64-debian-gcc, r-devel-linux-x86_64-fedora-clang, r-devel-linux-x86_64-fedora-gcc, r-devel-osx-x86_64-clang

Version: 0.8-4
Check: running tests for arch 'i386'
Result: ERROR
    Running the tests in 'tests/regtest-party.R' failed.
    Last 13 lines of output:
     > pfit <- as.party(fit)
     > all(predict(pfit, newdata = kyphosis, type = "node") == fit$where)
     [1] TRUE
     >
     > ## J48: iris data
     > library("RWeka")
     > data("iris", package = "datasets")
     > itree <- J48(Species ~ ., data = iris)
     > pitree <- as.party(itree)
     Error: length(breaks) == 1 && !is.na(breaks) is not TRUE
     In addition: Warning message:
     In unique(as.numeric(sapply(split, tail, 1))) : NAs introduced by coercion
     Execution halted
Flavors: r-devel-windows-ix86+x86_64, r-release-windows-ix86+x86_64

Version: 0.8-4
Check: running tests for arch 'x64'
Result: ERROR
    Running the tests in 'tests/regtest-party.R' failed.
    Last 13 lines of output:
     > pfit <- as.party(fit)
     > all(predict(pfit, newdata = kyphosis, type = "node") == fit$where)
     [1] TRUE
     >
     > ## J48: iris data
     > library("RWeka")
     > data("iris", package = "datasets")
     > itree <- J48(Species ~ ., data = iris)
     > pitree <- as.party(itree)
     Error: length(breaks) == 1 && !is.na(breaks) is not TRUE
     In addition: Warning message:
     In unique(as.numeric(sapply(split, tail, 1))) : NAs introduced by coercion
     Execution halted
Flavors: r-devel-windows-ix86+x86_64, r-release-windows-ix86+x86_64

Version: 0.8-4
Check: re-building of vignette outputs
Result: NOTE
    Error in re-building vignettes:
     ...
    
    Attaching package: ‘XML’
    
    The following object is masked from ‘package:tools’:
    
     toHTML
    
    Error in texi2dvi(file = file, pdf = TRUE, clean = clean, quiet = quiet, :
     Running 'texi2dvi' on 'constparty.tex' failed.
    LaTeX errors:
    ! Undefined control sequence.
    l.20 ...D/_<be><dc><dc><dc><fc><ec><b3><cf><e6><e6><e6>`<94>`^^F<e7><e7><e7>^^Ycsss<9d>,^^E<ab><a8><eb>z<b9>\<8e>
     F<a3>P6<f3><f3><f3><99>L<e6><e2>ŋ_}<f5>Uo;<<95>j<81>&<f4><...
    The control sequence at the end of the top line
    of your error message was never \def'ed. If you have
    ! Undefined control sequence.
    l.24 ...UUK<a5>R8^^\<96><d5>F<cf><f3>J<a5>R<b3><d9>$"UU9<e7>+++<9a><a6>U<ab>խ<ad>-]<d7>s<b9>\<
     ^^^<b7>m[^^Ha<db>v<^^^<a7>^^C^^UU<a9>T...
    The control sequence at the end of the top line
    of your error message was never \def'ed. If you have
    ! Undefined control sequence.
    l.24 ...^^Ha<db>v<^^^<a7>^^C^^UU<a9>T<88><a8>Z<ad><fa><be><8f>k<bc><ab><aa>*c<cc>u]<c3>0r<b9>\<ab>
     <d5><f2><϶<ed>C<8f>:D<af><8d><ec><f5><9c><e7><dc><d9>ٙ<9c><9c><c4>oo+..
    Calls: buildVignettes -> texi2pdf -> texi2dvi
    Execution halted
Flavor: r-release-osx-x86_64-mavericks