CRAN Package Check Results for Package partykit

Last updated on 2017-12-11 19:48:26 CET.

Flavor Version Tinstall Tcheck Ttotal Status Flags
r-devel-linux-x86_64-debian-clang 1.1-1 4.86 195.34 200.20 NOTE
r-devel-linux-x86_64-debian-gcc 1.1-1 4.47 178.56 183.03 NOTE
r-devel-linux-x86_64-fedora-clang 1.1-1 285.11 NOTE
r-devel-linux-x86_64-fedora-gcc 1.1-1 280.08 NOTE
r-devel-windows-ix86+x86_64 1.1-1 18.00 288.00 306.00 OK
r-patched-linux-x86_64 1.1-1 5.09 241.55 246.64 NOTE
r-patched-solaris-x86 1.1-1 354.80 OK
r-release-linux-x86_64 1.1-1 5.38 242.84 248.22 NOTE
r-release-windows-ix86+x86_64 1.1-1 13.00 332.00 345.00 OK
r-release-osx-x86_64 1.1-1 OK
r-oldrel-windows-ix86+x86_64 1.1-1 17.00 269.00 286.00 OK
r-oldrel-osx-x86_64 1.1-1 ERROR

Additional issues

gcc-ASAN

Check Details

Version: 1.1-1
Check: compiled code
Result: NOTE
    File ‘partykit/libs/partykit.so’:
     Found no calls to: ‘R_registerRoutines’, ‘R_useDynamicSymbols’
    
    It is good practice to register native routines and to disable symbol
    search.
    
    See ‘Writing portable packages’ in the ‘Writing R Extensions’ manual.
Flavors: r-devel-linux-x86_64-debian-clang, r-devel-linux-x86_64-debian-gcc, r-devel-linux-x86_64-fedora-clang, r-devel-linux-x86_64-fedora-gcc, r-patched-linux-x86_64, r-release-linux-x86_64

Version: 1.1-1
Check: tests
Result: ERROR
    Running the tests in ‘tests/regtest-party.R’ failed.
    Last 13 lines of output:
     > fit <- rpart(Kyphosis ~ Age + Number + Start, data = kyphosis)
     > pfit <- as.party(fit)
     > all(predict(pfit, newdata = kyphosis, type = "node") == fit$where)
     [1] TRUE
     >
     > ## J48: iris data
     > library("RWeka")
     > data("iris", package = "datasets")
     > itree <- J48(Species ~ ., data = iris)
     Error in .jnew("weka/core/Attribute", attname[i], .jcast(levels, "java/util/List")) :
     java.lang.UnsupportedClassVersionError: weka/core/Attribute : Unsupported major.minor version 51.0
     Calls: J48 ... read_model_frame_into_Weka -> read_data_into_Weka -> .jnew -> .External
     Execution halted
Flavor: r-oldrel-osx-x86_64

Version: 1.1-1
Check: running R code from vignettes
Result: ERROR
    Errors in running code in vignettes:
    when running code in ‘constparty.Rnw’
     ...
     8 0.5408163 0.4591837
     9 0.0729927 0.9270073
    
    > library("RWeka")
    
    > (j48 <- J48(Survived ~ ., data = ttnc))
    
     When sourcing ‘constparty.R’:
    Error: java.lang.UnsupportedClassVersionError: weka/core/Attribute : Unsupported major.minor version 51.0
    Execution halted
Flavor: r-oldrel-osx-x86_64

Version: 1.1-1
Check: re-building of vignette outputs
Result: NOTE
    Error in re-building vignettes:
     ...
    Loading required package: grid
    
    Error: processing vignette 'constparty.Rnw' failed with diagnostics:
     chunk 10 (label = J48)
    Error in .jnew("weka/core/Attribute", attname[i], .jcast(levels, "java/util/List")) :
     java.lang.UnsupportedClassVersionError: weka/core/Attribute : Unsupported major.minor version 51.0
    Execution halted
Flavor: r-oldrel-osx-x86_64