CRAN Package Check Results for Package partykit

Last updated on 2016-09-29 05:48:30.

Flavor Version Tinstall Tcheck Ttotal Status Flags
r-devel-linux-x86_64-debian-clang 1.1-1 4.17 132.66 136.82 OK
r-devel-linux-x86_64-debian-gcc 1.1-1 3.69 130.28 133.97 OK
r-devel-linux-x86_64-fedora-clang 1.1-1 260.75 OK
r-devel-linux-x86_64-fedora-gcc 1.1-1 245.43 OK
r-devel-macos-x86_64-clang 1.1-1 192.21 OK
r-devel-windows-ix86+x86_64 1.1-1 18.00 330.00 348.00 OK
r-patched-linux-x86_64 1.1-1 3.64 128.57 132.21 OK
r-patched-solaris-sparc 1.1-1 686.50 OK --no-tests --no-vignettes
r-patched-solaris-x86 1.1-1 145.10 OK --no-tests --no-vignettes
r-release-linux-x86_64 1.1-1 4.01 129.91 133.91 OK
r-release-osx-x86_64-mavericks 1.1-1 ERROR
r-release-windows-ix86+x86_64 1.1-1 19.00 330.00 349.00 OK
r-oldrel-windows-ix86+x86_64 1.1-1 22.00 359.00 381.00 OK

Check Details

Version: 1.1-1
Check: tests
Result: ERROR
    Running the tests in ‘tests/regtest-party.R’ failed.
    Last 13 lines of output:
     > fit <- rpart(Kyphosis ~ Age + Number + Start, data = kyphosis)
     > pfit <- as.party(fit)
     > all(predict(pfit, newdata = kyphosis, type = "node") == fit$where)
     [1] TRUE
     >
     > ## J48: iris data
     > library("RWeka")
     > data("iris", package = "datasets")
     > itree <- J48(Species ~ ., data = iris)
     Error in .jnew("weka/core/Attribute", attname[i], .jcast(levels, "java/util/List")) :
     java.lang.UnsupportedClassVersionError: weka/core/Attribute : Unsupported major.minor version 51.0
     Calls: J48 ... read_model_frame_into_Weka -> read_data_into_Weka -> .jnew -> .External
     Execution halted
Flavor: r-release-osx-x86_64-mavericks

Version: 1.1-1
Check: running R code from vignettes
Result: ERROR
    Errors in running code in vignettes:
    when running code in ‘constparty.Rnw’
     ...
     8 0.5408163 0.4591837
     9 0.0729927 0.9270073
    
    > library("RWeka")
    
    > (j48 <- J48(Survived ~ ., data = ttnc))
    
     When sourcing ‘constparty.R’:
    Error: java.lang.UnsupportedClassVersionError: weka/core/Attribute : Unsupported major.minor version 51.0
    Execution halted
Flavor: r-release-osx-x86_64-mavericks

Version: 1.1-1
Check: re-building of vignette outputs
Result: NOTE
    Error in re-building vignettes:
     ...
    Loading required package: grid
    
    Error: processing vignette 'constparty.Rnw' failed with diagnostics:
     chunk 10 (label = J48)
    Error in .jnew("weka/core/Attribute", attname[i], .jcast(levels, "java/util/List")) :
     java.lang.UnsupportedClassVersionError: weka/core/Attribute : Unsupported major.minor version 51.0
    Execution halted
Flavor: r-release-osx-x86_64-mavericks