CRAN Package Check Results for Package partykit

Last updated on 2015-07-01 21:46:43.

Flavor Version Tinstall Tcheck Ttotal Status Flags
r-devel-linux-x86_64-debian-clang 1.0-1 2.00 110.80 112.80 NOTE
r-devel-linux-x86_64-debian-gcc 1.0-1 2.06 109.16 111.22 NOTE
r-devel-linux-x86_64-fedora-clang 1.0-1 219.33 NOTE
r-devel-linux-x86_64-fedora-gcc 1.0-1 208.24 NOTE
r-devel-osx-x86_64-clang 1.0-1 202.69 OK
r-devel-windows-ix86+x86_64 1.0-1 12.00 185.00 197.00 NOTE
r-patched-linux-x86_64 1.0-1 2.01 107.28 109.28 OK
r-patched-solaris-sparc 1.0-1 462.40 OK --no-tests --no-vignettes
r-patched-solaris-x86 1.0-1 99.40 OK --no-tests --no-vignettes
r-release-linux-x86_64 1.0-1 2.01 107.93 109.94 OK
r-release-osx-x86_64-mavericks 1.0-1 NOTE
r-release-windows-ix86+x86_64 1.0-1 11.00 219.00 230.00 OK
r-oldrel-windows-ix86+x86_64 1.0-1 19.00 214.00 233.00 OK

Check Details

Version: 1.0-1
Check: R code for possible problems
Result: NOTE
    as.party.Weka_tree : weka_tree_split: no visible binding for global
     variable ‘head’
    as.party.Weka_tree : weka_tree_split: no visible binding for global
     variable ‘tail’
    formatinfo_node : FUN: no visible global function definition for
     ‘capture.output’
    mob_partynode : mob_grow_fluctests: no visible global function
     definition for ‘head’
    node_barplot: no visible global function definition for ‘gray.colors’
    plot.modelparty : FUN: no visible global function definition for
     ‘capture.output’
    print.modelparty : FUN: no visible global function definition for
     ‘capture.output’
Flavors: r-devel-linux-x86_64-debian-clang, r-devel-linux-x86_64-debian-gcc, r-devel-linux-x86_64-fedora-clang, r-devel-linux-x86_64-fedora-gcc, r-devel-windows-ix86+x86_64

Version: 1.0-1
Check: re-building of vignette outputs
Result: NOTE
    Error in re-building vignettes:
     ...
    
    Attaching package: ‘XML’
    
    The following object is masked from ‘package:tools’:
    
     toHTML
    
    Error in texi2dvi(file = file, pdf = TRUE, clean = clean, quiet = quiet, :
     Running 'texi2dvi' on 'constparty.tex' failed.
    LaTeX errors:
    ! Undefined control sequence.
    l.20 ...D/_<be><dc><dc><dc><fc><ec><b3><cf><e6><e6><e6>`<94>`^^F<e7><e7><e7>^^Ycsss<9d>,^^E<ab><a8><eb>z<b9>\<8e>
     F<a3>P6<f3><f3><f3><99>L<e6><e2>ŋ_}<f5>Uo;<<95>j<81>&<f4><...
    The control sequence at the end of the top line
    of your error message was never \def'ed. If you have
    ! Undefined control sequence.
    l.24 ...UUK<a5>R8^^\<96><d5>F<cf><f3>J<a5>R<b3><d9>$"UU9<e7>+++<9a><a6>U<ab>խ<ad>-]<d7>s<b9>\<
     ^^^<b7>m[^^Ha<db>v<^^^<a7>^^C^^UU<a9>T...
    The control sequence at the end of the top line
    of your error message was never \def'ed. If you have
    ! Undefined control sequence.
    l.24 ...^^Ha<db>v<^^^<a7>^^C^^UU<a9>T<88><a8>Z<ad><fa><be><8f>k<bc><ab><aa>*c<cc>u]<c3>0r<b9>\<ab>
     <d5><f2><϶<ed>C<8f>:D<af><8d><ec><f5><9c><e7><dc><d9>ٙ<9c><9c><c4>oo+..
    Calls: buildVignettes -> texi2pdf -> texi2dvi
    Execution halted
Flavor: r-release-osx-x86_64-mavericks