CRAN Package Check Results for Package partykit

Last updated on 2014-08-23 20:46:59.

Flavor Version Tinstall Tcheck Ttotal Status Flags
r-devel-linux-x86_64-debian-clang 0.8-0 2.12 98.00 100.11 NOTE
r-devel-linux-x86_64-debian-gcc 0.8-0 2.16 95.00 97.16 NOTE
r-devel-linux-x86_64-fedora-clang 0.8-0 222.59 NOTE
r-devel-linux-x86_64-fedora-gcc 0.8-0 210.44 NOTE
r-devel-osx-x86_64-clang 0.8-0 199.54 NOTE
r-devel-windows-ix86+x86_64 0.8-0 15.00 159.00 174.00 NOTE
r-patched-linux-x86_64 0.8-0 2.28 103.45 105.73 OK
r-patched-solaris-sparc 0.8-0 421.00 OK --no-tests --no-vignettes
r-patched-solaris-x86 0.8-0 106.00 OK --no-tests --no-vignettes
r-release-linux-ix86 0.8-0 3.52 129.50 133.03 OK
r-release-linux-x86_64 0.8-0 2.52 106.68 109.20 OK
r-release-osx-x86_64-mavericks 0.8-0 OK
r-release-osx-x86_64-snowleopard 0.8-0 OK
r-release-windows-ix86+x86_64 0.8-0 15.00 174.00 189.00 OK
r-oldrel-windows-ix86+x86_64 0.8-0 15.00 175.00 190.00 OK

Check Details

Version: 0.8-0
Check: R code for possible problems
Result: NOTE
    .pmaxT: no visible global function definition for ‘pmvnorm’
    as.party.XMLNode: no visible global function definition for ‘xmlAttrs’
    as.party.XMLNode: no visible global function definition for ‘xmlSApply’
    as.party.XMLNode : <anonymous>: no visible global function definition
     for ‘xmlAttrs’
    as.party.XMLNode : <anonymous>: no visible global function definition
     for ‘xmlValue’
    as.party.XMLNode : extract_empty_model_frame: no visible global
     function definition for ‘xmlAttrs’
    as.party.XMLNode : extract_empty_model_frame: no visible global
     function definition for ‘xmlSApply’
    as.party.XMLNode : extract_empty_model_frame : <anonymous>: no visible
     global function definition for ‘xmlAttrs’
    as.party.XMLNode : extract_terms: no visible global function definition
     for ‘xmlSApply’
    as.party.XMLNode : extract_terms: no visible binding for global
     variable ‘xmlAttrs’
    as.party.XMLNode : n_obs: no visible global function definition for
     ‘xmlAttrs’
    as.party.XMLNode : has_surrogates: no visible global function
     definition for ‘xmlAttrs’
    as.party.XMLNode : has_single_splits : <anonymous>: no visible global
     function definition for ‘xmlAttrs’
    as.party.XMLNode : kid_ids : <anonymous>: no visible global function
     definition for ‘xmlAttrs’
    as.party.XMLNode : get_pred: no visible global function definition for
     ‘xmlAttrs’
    as.party.XMLNode : get_dist : <anonymous>: no visible global function
     definition for ‘xmlAttrs’
    as.party.XMLNode : get_extension: no visible global function definition
     for ‘xmlApply’
    as.party.XMLNode : get_extension: no visible binding for global
     variable ‘xmlAttrs’
    as.party.XMLNode : get_split_prob: no visible global function
     definition for ‘xmlAttrs’
    as.party.XMLNode : get_split : <anonymous>: no visible global function
     definition for ‘xmlAttrs’
    as.party.XMLNode : get_split : <anonymous> : <anonymous>: no visible
     global function definition for ‘xmlAttrs’
    as.party.XMLNode : get_split : <anonymous>: no visible global function
     definition for ‘xmlValue’
    as.party.XMLNode : get_split : <anonymous>: no visible global function
     definition for ‘xmlSApply’
    ctree: no visible global function definition for ‘Formula’
    ctree: no visible global function definition for ‘model.part’
    mob: no visible global function definition for ‘as.Formula’
    mob: no visible global function definition for ‘Formula’
    mob: no visible global function definition for ‘model.part’
    model.frame.modelparty: no visible global function definition for
     ‘Formula’
    model.frame.rpart: no visible binding for global variable ‘na.rpart’
    node_bivplot: no visible global function definition for ‘model.part’
    node_bivplot : num_fun: no visible global function definition for
     ‘cd_plot’
    node_bivplot : num_fun: no visible global function definition for
     ‘spine’
    node_bivplot : cat_fun: no visible global function definition for
     ‘spine’
    pmmlTreeModel: no visible global function definition for ‘xmlRoot’
    pmmlTreeModel: no visible global function definition for ‘xmlTreeParse’
    refit.modelparty: no visible global function definition for
     ‘model.part’
Flavors: r-devel-linux-x86_64-debian-clang, r-devel-linux-x86_64-debian-gcc, r-devel-linux-x86_64-fedora-clang, r-devel-linux-x86_64-fedora-gcc, r-devel-osx-x86_64-clang, r-devel-windows-ix86+x86_64