CRAN Package Check Results for Package pass

Last updated on 2015-05-25 03:47:46.

Flavor Version Tinstall Tcheck Ttotal Status Flags
r-devel-linux-x86_64-debian-clang 1.0 0.62 11.10 11.73 NOTE
r-devel-linux-x86_64-debian-gcc 1.0 0.58 11.11 11.69 NOTE
r-devel-linux-x86_64-fedora-clang 1.0 24.05 NOTE
r-devel-linux-x86_64-fedora-gcc 1.0 22.28 NOTE
r-devel-osx-x86_64-clang 1.0 26.72 NOTE
r-devel-windows-ix86+x86_64 1.0 3.00 20.00 23.00 NOTE
r-patched-linux-x86_64 1.0 0.62 11.08 11.70 NOTE
r-patched-solaris-sparc 1.0 146.70 NOTE
r-patched-solaris-x86 1.0 33.70 NOTE
r-release-linux-x86_64 1.0 0.59 11.00 11.59 NOTE
r-release-osx-x86_64-mavericks 1.0 NOTE
r-release-osx-x86_64-snowleopard 1.0 NOTE
r-release-windows-ix86+x86_64 1.0 2.00 22.00 24.00 NOTE
r-oldrel-windows-ix86+x86_64 1.0 4.00 40.00 44.00 OK

Check Details

Version: 1.0
Check: DESCRIPTION meta-information
Result: NOTE
    Malformed Description field: should contain one or more complete sentences.
Flavors: r-devel-linux-x86_64-debian-clang, r-devel-linux-x86_64-debian-gcc, r-devel-linux-x86_64-fedora-clang, r-devel-linux-x86_64-fedora-gcc, r-devel-osx-x86_64-clang, r-devel-windows-ix86+x86_64, r-patched-linux-x86_64, r-patched-solaris-sparc, r-patched-solaris-x86, r-release-linux-x86_64, r-release-osx-x86_64-mavericks, r-release-osx-x86_64-snowleopard, r-release-windows-ix86+x86_64

Version: 1.0
Check: S3 generic/method consistency
Result: NOTE
    Found the following apparent S3 methods exported but not registered:
     plot.pass print.pass
    See section ‘Registering S3 methods’ in the ‘Writing R Extensions’
    manual.
Flavors: r-devel-linux-x86_64-debian-clang, r-devel-linux-x86_64-debian-gcc, r-devel-linux-x86_64-fedora-clang, r-devel-linux-x86_64-fedora-gcc, r-devel-osx-x86_64-clang, r-patched-linux-x86_64, r-patched-solaris-sparc, r-patched-solaris-x86, r-release-linux-x86_64