CRAN Package Check Results for Package pass

Last updated on 2016-05-01 18:47:32.

Flavor Version Tinstall Tcheck Ttotal Status Flags
r-devel-linux-x86_64-debian-gcc 1.0 0.70 11.81 12.51 NOTE
r-devel-linux-x86_64-fedora-clang 1.0 20.93 NOTE
r-devel-linux-x86_64-fedora-gcc 1.0 19.57 NOTE
r-devel-osx-x86_64-clang 1.0 25.22 NOTE
r-devel-windows-ix86+x86_64 1.0 3.00 33.00 36.00 NOTE
r-patched-linux-x86_64 1.0 0.56 11.22 11.77 NOTE
r-patched-solaris-sparc 1.0 130.80 NOTE
r-patched-solaris-x86 1.0 29.90 NOTE
r-release-linux-x86_64 1.0 0.62 12.15 12.77 NOTE
r-release-osx-x86_64-mavericks 1.0 NOTE
r-release-windows-ix86+x86_64 1.0 6.00 33.00 39.00 NOTE
r-oldrel-windows-ix86+x86_64 1.0 7.00 36.00 43.00 OK

Check Details

Version: 1.0
Check: DESCRIPTION meta-information
Result: NOTE
    Malformed Description field: should contain one or more complete sentences.
Flavors: r-devel-linux-x86_64-debian-gcc, r-devel-linux-x86_64-fedora-clang, r-devel-linux-x86_64-fedora-gcc, r-devel-osx-x86_64-clang, r-devel-windows-ix86+x86_64, r-patched-linux-x86_64, r-patched-solaris-sparc, r-patched-solaris-x86, r-release-linux-x86_64, r-release-osx-x86_64-mavericks, r-release-windows-ix86+x86_64

Version: 1.0
Check: S3 generic/method consistency
Result: NOTE
    Found the following apparent S3 methods exported but not registered:
     plot.pass print.pass
    See section ‘Registering S3 methods’ in the ‘Writing R Extensions’
    manual.
Flavors: r-devel-linux-x86_64-debian-gcc, r-devel-linux-x86_64-fedora-clang, r-devel-linux-x86_64-fedora-gcc, r-devel-osx-x86_64-clang, r-patched-linux-x86_64, r-patched-solaris-sparc, r-patched-solaris-x86, r-release-linux-x86_64

Version: 1.0
Check: R code for possible problems
Result: NOTE
    pass: no visible global function definition for ‘predict’
    plot.pass: no visible global function definition for ‘par’
    plot.pass: no visible global function definition for ‘plot’
    Undefined global functions or variables:
     par plot predict
    Consider adding
     importFrom("graphics", "par", "plot")
     importFrom("stats", "predict")
    to your NAMESPACE file.
Flavors: r-devel-linux-x86_64-debian-gcc, r-devel-linux-x86_64-fedora-clang, r-devel-linux-x86_64-fedora-gcc, r-devel-osx-x86_64-clang, r-devel-windows-ix86+x86_64, r-patched-linux-x86_64, r-patched-solaris-sparc, r-patched-solaris-x86