CRAN Package Check Results for Package pass

Last updated on 2015-01-26 19:48:28.

Flavor Version Tinstall Tcheck Ttotal Status Flags
r-devel-linux-x86_64-debian-clang 1.0 0.65 11.82 12.47 OK
r-devel-linux-x86_64-debian-gcc 1.0 0.58 11.05 11.63 OK
r-devel-linux-x86_64-fedora-clang 1.0 29.86 NOTE
r-devel-linux-x86_64-fedora-gcc 1.0 27.53 NOTE
r-devel-osx-x86_64-clang 1.0 29.75 NOTE
r-devel-windows-ix86+x86_64 1.0 4.00 26.00 30.00 OK
r-patched-linux-x86_64 1.0 0.67 14.11 14.78 OK
r-patched-solaris-sparc 1.0 156.30 OK
r-patched-solaris-x86 1.0 39.00 OK
r-release-linux-ix86 1.0 0.96 18.72 19.68 OK
r-release-linux-x86_64 1.0 0.68 13.15 13.82 OK
r-release-osx-x86_64-mavericks 1.0 OK
r-release-osx-x86_64-snowleopard 1.0 OK
r-release-windows-ix86+x86_64 1.0 3.00 23.00 26.00 OK
r-oldrel-windows-ix86+x86_64 1.0 5.00 25.00 30.00 OK

Check Details

Version: 1.0
Check: S3 generic/method consistency
Result: NOTE
    Found the following apparent S3 methods exported but not registered:
     print.pass plot.pass
    See section ‘Registering S3 methods’ in the ‘Writing R Extensions’
    manual.
Flavors: r-devel-linux-x86_64-fedora-clang, r-devel-linux-x86_64-fedora-gcc, r-devel-osx-x86_64-clang