CRAN Package Check Results for Package pass

Last updated on 2016-02-08 06:47:23.

Flavor Version Tinstall Tcheck Ttotal Status Flags
r-devel-linux-x86_64-debian-gcc 1.0 0.56 10.43 10.98 NOTE
r-devel-linux-x86_64-fedora-clang 1.0 20.66 NOTE
r-devel-linux-x86_64-fedora-gcc 1.0 19.00 NOTE
r-devel-osx-x86_64-clang 1.0 24.18 NOTE
r-devel-windows-ix86+x86_64 1.0 5.00 29.00 34.00 NOTE
r-patched-linux-x86_64 1.0 0.62 11.06 11.68 NOTE
r-patched-solaris-sparc 1.0 132.20 NOTE
r-patched-solaris-x86 1.0 30.60 NOTE
r-release-linux-x86_64 1.0 0.67 10.99 11.66 NOTE
r-release-osx-x86_64-mavericks 1.0 NOTE
r-release-windows-ix86+x86_64 1.0 4.00 22.00 26.00 NOTE
r-oldrel-windows-ix86+x86_64 1.0 6.00 29.00 35.00 OK

Check Details

Version: 1.0
Check: DESCRIPTION meta-information
Result: NOTE
    Malformed Description field: should contain one or more complete sentences.
Flavors: r-devel-linux-x86_64-debian-gcc, r-devel-linux-x86_64-fedora-clang, r-devel-linux-x86_64-fedora-gcc, r-devel-osx-x86_64-clang, r-devel-windows-ix86+x86_64, r-patched-linux-x86_64, r-patched-solaris-sparc, r-patched-solaris-x86, r-release-linux-x86_64, r-release-osx-x86_64-mavericks, r-release-windows-ix86+x86_64

Version: 1.0
Check: S3 generic/method consistency
Result: NOTE
    Found the following apparent S3 methods exported but not registered:
     plot.pass print.pass
    See section ‘Registering S3 methods’ in the ‘Writing R Extensions’
    manual.
Flavors: r-devel-linux-x86_64-debian-gcc, r-devel-linux-x86_64-fedora-clang, r-devel-linux-x86_64-fedora-gcc, r-devel-osx-x86_64-clang, r-patched-linux-x86_64, r-patched-solaris-sparc, r-patched-solaris-x86, r-release-linux-x86_64

Version: 1.0
Check: R code for possible problems
Result: NOTE
    pass: no visible global function definition for ‘predict’
    plot.pass: no visible global function definition for ‘par’
    plot.pass: no visible global function definition for ‘plot’
    Undefined global functions or variables:
     par plot predict
    Consider adding
     importFrom("graphics", "par", "plot")
     importFrom("stats", "predict")
    to your NAMESPACE file.
Flavors: r-devel-linux-x86_64-debian-gcc, r-devel-linux-x86_64-fedora-clang, r-devel-linux-x86_64-fedora-gcc, r-devel-osx-x86_64-clang, r-devel-windows-ix86+x86_64