CRAN Package Check Results for Package pass

Last updated on 2016-08-25 03:47:15.

Flavor Version Tinstall Tcheck Ttotal Status Flags
r-devel-linux-x86_64-debian-clang 1.0 0.64 11.41 12.05 NOTE
r-devel-linux-x86_64-debian-gcc 1.0 0.60 11.28 11.88 NOTE
r-devel-linux-x86_64-fedora-clang 1.0 21.19 NOTE
r-devel-linux-x86_64-fedora-gcc 1.0 19.91 NOTE
r-devel-osx-x86_64-clang 1.0 19.06 NOTE
r-devel-windows-ix86+x86_64 1.0 4.00 29.00 33.00 NOTE
r-patched-linux-x86_64 1.0 0.62 11.29 11.92 NOTE
r-patched-solaris-sparc 1.0 132.40 NOTE
r-patched-solaris-x86 1.0 29.80 NOTE
r-release-linux-x86_64 1.0 0.56 11.27 11.83 NOTE
r-release-osx-x86_64-mavericks 1.0 NOTE
r-release-windows-ix86+x86_64 1.0 4.00 36.00 40.00 NOTE
r-oldrel-windows-ix86+x86_64 1.0 3.00 34.00 37.00 NOTE

Check Details

Version: 1.0
Check: DESCRIPTION meta-information
Result: NOTE
    Malformed Description field: should contain one or more complete sentences.
Flavors: r-devel-linux-x86_64-debian-clang, r-devel-linux-x86_64-debian-gcc, r-devel-linux-x86_64-fedora-clang, r-devel-linux-x86_64-fedora-gcc, r-devel-osx-x86_64-clang, r-devel-windows-ix86+x86_64, r-patched-linux-x86_64, r-patched-solaris-sparc, r-patched-solaris-x86, r-release-linux-x86_64, r-release-osx-x86_64-mavericks, r-release-windows-ix86+x86_64, r-oldrel-windows-ix86+x86_64

Version: 1.0
Check: S3 generic/method consistency
Result: NOTE
    Found the following apparent S3 methods exported but not registered:
     plot.pass print.pass
    See section ‘Registering S3 methods’ in the ‘Writing R Extensions’
    manual.
Flavors: r-devel-linux-x86_64-debian-clang, r-devel-linux-x86_64-debian-gcc, r-devel-linux-x86_64-fedora-clang, r-devel-linux-x86_64-fedora-gcc, r-devel-osx-x86_64-clang, r-patched-linux-x86_64, r-patched-solaris-sparc, r-patched-solaris-x86, r-release-linux-x86_64

Version: 1.0
Check: R code for possible problems
Result: NOTE
    pass: no visible global function definition for ‘predict’
    plot.pass: no visible global function definition for ‘par’
    plot.pass: no visible global function definition for ‘plot’
    Undefined global functions or variables:
     par plot predict
    Consider adding
     importFrom("graphics", "par", "plot")
     importFrom("stats", "predict")
    to your NAMESPACE file.
Flavors: r-devel-linux-x86_64-debian-clang, r-devel-linux-x86_64-debian-gcc, r-devel-linux-x86_64-fedora-clang, r-devel-linux-x86_64-fedora-gcc, r-devel-osx-x86_64-clang, r-devel-windows-ix86+x86_64, r-patched-linux-x86_64, r-patched-solaris-sparc, r-patched-solaris-x86, r-release-linux-x86_64, r-release-osx-x86_64-mavericks, r-release-windows-ix86+x86_64