CRAN Package Check Results for Package pass

Last updated on 2014-04-24 09:49:06.

Flavor Version Tinstall Tcheck Ttotal Status Flags
r-devel-linux-x86_64-debian-clang 1.0 0.68 13.36 14.04 OK
r-devel-linux-x86_64-debian-gcc 1.0 0.73 13.46 14.19 OK
r-devel-linux-x86_64-fedora-clang 1.0 27.98 OK
r-devel-linux-x86_64-fedora-gcc 1.0 26.74 OK
r-devel-osx-x86_64-clang 1.0 29.39 OK
r-devel-osx-x86_64-gcc 1.0 OK
r-devel-windows-ix86+x86_64 1.0 3.00 22.00 25.00 OK
r-patched-linux-x86_64 1.0 0.66 13.22 13.88 OK
r-patched-solaris-sparc 1.0 158.30 OK
r-patched-solaris-x86 1.0 38.60 OK
r-release-linux-ix86 1.0 1.00 27.00 28.00 OK
r-release-linux-x86_64 1.0 0.65 13.39 14.04 OK
r-release-osx-x86_64-mavericks 1.0 WARN
r-release-osx-x86_64-snowleopard 1.0 OK
r-release-windows-ix86+x86_64 1.0 3.00 22.00 25.00 OK
r-oldrel-windows-ix86+x86_64 1.0 3.00 25.00 28.00 OK

Check Details

Version: 1.0
Check: PDF version of manual
Result: WARNING
    LaTeX errors when creating PDF version.
    This typically indicates Rd problems.
    LaTeX errors found:
    ! LaTeX Error: File `upquote.sty' not found.
    
    Type X to quit or <RETURN> to proceed,
    or enter new name. (Default extension: sty)
    
    2c89e7/Rd2.tex:8: ==> Fatal error occurred, no output PDF file produced!
Flavor: r-release-osx-x86_64-mavericks