CRAN Package Check Results for Package pass

Last updated on 2015-04-01 08:50:11.

Flavor Version Tinstall Tcheck Ttotal Status Flags
r-devel-linux-x86_64-debian-clang 1.0 0.58 12.06 12.64 NOTE
r-devel-linux-x86_64-debian-gcc 1.0 0.58 10.90 11.48 NOTE
r-devel-linux-x86_64-fedora-clang 1.0 23.78 NOTE
r-devel-linux-x86_64-fedora-gcc 1.0 25.10 NOTE
r-devel-osx-x86_64-clang 1.0 30.95 NOTE
r-prerel-windows-ix86+x86_64 1.0 3.00 20.00 23.00 NOTE
r-prerel-linux-x86_64 1.0 0.58 11.16 11.75 NOTE
r-prerel-solaris-sparc 1.0 151.60 NOTE
r-prerel-solaris-x86 1.0 31.90 NOTE
r-release-linux-x86_64 1.0 0.69 13.30 14.00 OK
r-release-osx-x86_64-mavericks 1.0 OK
r-release-osx-x86_64-snowleopard 1.0 OK
r-release-windows-ix86+x86_64 1.0 3.00 24.00 27.00 OK
r-oldrel-windows-ix86+x86_64 1.0 4.00 25.00 29.00 OK

Check Details

Version: 1.0
Check: DESCRIPTION meta-information
Result: NOTE
    Malformed Description field: should contain one or more complete sentences.
Flavors: r-devel-linux-x86_64-debian-clang, r-devel-linux-x86_64-debian-gcc, r-devel-linux-x86_64-fedora-clang, r-devel-linux-x86_64-fedora-gcc, r-devel-osx-x86_64-clang, r-prerel-windows-ix86+x86_64, r-prerel-linux-x86_64, r-prerel-solaris-sparc, r-prerel-solaris-x86

Version: 1.0
Check: S3 generic/method consistency
Result: NOTE
    Found the following apparent S3 methods exported but not registered:
     plot.pass print.pass
    See section ‘Registering S3 methods’ in the ‘Writing R Extensions’
    manual.
Flavors: r-devel-linux-x86_64-debian-clang, r-devel-linux-x86_64-debian-gcc, r-devel-linux-x86_64-fedora-clang, r-devel-linux-x86_64-fedora-gcc, r-devel-osx-x86_64-clang, r-prerel-linux-x86_64