CRAN Package Check Results for Package pass

Last updated on 2015-02-28 12:51:19.

Flavor Version Tinstall Tcheck Ttotal Status Flags
r-devel-linux-x86_64-debian-clang 1.0 0.58 11.36 11.95 NOTE
r-devel-linux-x86_64-debian-gcc 1.0 0.58 11.13 11.71 NOTE
r-devel-linux-x86_64-fedora-clang 1.0 23.76 NOTE
r-devel-linux-x86_64-fedora-gcc 1.0 22.22 NOTE
r-devel-osx-x86_64-clang 1.0 27.05 NOTE
r-devel-windows-ix86+x86_64 1.0 4.00 21.00 25.00 NOTE
r-patched-linux-x86_64 1.0 0.70 13.29 13.99 OK
r-patched-solaris-sparc 1.0 156.30 OK
r-patched-solaris-x86 1.0 38.70 OK
r-release-linux-ix86 1.0 0.96 19.50 20.46 OK
r-release-linux-x86_64 1.0 0.72 13.55 14.27 OK
r-release-osx-x86_64-mavericks 1.0 OK
r-release-osx-x86_64-snowleopard 1.0 OK
r-release-windows-ix86+x86_64 1.0 4.00 25.00 29.00 OK
r-oldrel-windows-ix86+x86_64 1.0 4.00 24.00 28.00 OK

Check Details

Version: 1.0
Check: DESCRIPTION meta-information
Result: NOTE
    Malformed Description field: should contain one or more complete sentences.
Flavors: r-devel-linux-x86_64-debian-clang, r-devel-linux-x86_64-debian-gcc, r-devel-linux-x86_64-fedora-clang, r-devel-linux-x86_64-fedora-gcc, r-devel-osx-x86_64-clang, r-devel-windows-ix86+x86_64

Version: 1.0
Check: S3 generic/method consistency
Result: NOTE
    Found the following apparent S3 methods exported but not registered:
     plot.pass print.pass
    See section ‘Registering S3 methods’ in the ‘Writing R Extensions’
    manual.
Flavors: r-devel-linux-x86_64-debian-clang, r-devel-linux-x86_64-debian-gcc, r-devel-linux-x86_64-fedora-clang, r-devel-linux-x86_64-fedora-gcc, r-devel-osx-x86_64-clang