CRAN Package Check Results for Package pass

Last updated on 2017-04-29 08:49:03.

Flavor Version Tinstall Tcheck Ttotal Status Flags
r-devel-linux-x86_64-debian-clang 1.0 0.62 13.39 14.01 NOTE
r-devel-linux-x86_64-debian-gcc 1.0 0.74 13.33 14.07 NOTE
r-devel-linux-x86_64-fedora-clang 1.0 27.48 NOTE --no-stop-on-test-error
r-devel-linux-x86_64-fedora-gcc 1.0 22.75 NOTE --no-stop-on-test-error
r-devel-windows-ix86+x86_64 1.0 7.00 43.00 50.00 NOTE
r-patched-linux-x86_64 1.0 0.66 13.32 13.97 NOTE
r-patched-solaris-sparc 1.0 145.30 NOTE
r-patched-solaris-x86 1.0 31.80 NOTE
r-release-linux-x86_64 1.0 0.63 13.41 14.05 NOTE
r-release-windows-ix86+x86_64 1.0 7.00 42.00 49.00 NOTE
r-release-osx-x86_64 1.0 NOTE
r-oldrel-windows-ix86+x86_64 1.0 3.00 44.00 47.00 NOTE
r-oldrel-osx-x86_64 1.0 NOTE

Check Details

Version: 1.0
Check: DESCRIPTION meta-information
Result: NOTE
    Malformed Description field: should contain one or more complete sentences.
Flavors: r-devel-linux-x86_64-debian-clang, r-devel-linux-x86_64-debian-gcc, r-devel-windows-ix86+x86_64, r-patched-linux-x86_64, r-patched-solaris-sparc, r-patched-solaris-x86, r-release-linux-x86_64, r-release-windows-ix86+x86_64, r-release-osx-x86_64, r-oldrel-windows-ix86+x86_64, r-oldrel-osx-x86_64

Version: 1.0
Check: S3 generic/method consistency
Result: NOTE
    Found the following apparent S3 methods exported but not registered:
     plot.pass print.pass
    See section ‘Registering S3 methods’ in the ‘Writing R Extensions’
    manual.
Flavors: r-devel-linux-x86_64-debian-clang, r-devel-linux-x86_64-debian-gcc, r-patched-linux-x86_64, r-patched-solaris-sparc, r-patched-solaris-x86, r-release-linux-x86_64

Version: 1.0
Check: R code for possible problems
Result: NOTE
    pass: no visible global function definition for ‘predict’
    plot.pass: no visible global function definition for ‘par’
    plot.pass: no visible global function definition for ‘plot’
    Undefined global functions or variables:
     par plot predict
    Consider adding
     importFrom("graphics", "par", "plot")
     importFrom("stats", "predict")
    to your NAMESPACE file.
Flavors: r-devel-linux-x86_64-debian-clang, r-devel-linux-x86_64-debian-gcc, r-devel-windows-ix86+x86_64, r-patched-linux-x86_64, r-patched-solaris-sparc, r-patched-solaris-x86, r-release-linux-x86_64, r-release-windows-ix86+x86_64, r-release-osx-x86_64, r-oldrel-windows-ix86+x86_64, r-oldrel-osx-x86_64

Version: 1.0
Flags: --no-stop-on-test-error
Check: DESCRIPTION meta-information
Result: NOTE
    Malformed Description field: should contain one or more complete sentences.
Flavors: r-devel-linux-x86_64-fedora-clang, r-devel-linux-x86_64-fedora-gcc

Version: 1.0
Flags: --no-stop-on-test-error
Check: S3 generic/method consistency
Result: NOTE
    Found the following apparent S3 methods exported but not registered:
     plot.pass print.pass
    See section ‘Registering S3 methods’ in the ‘Writing R Extensions’
    manual.
Flavors: r-devel-linux-x86_64-fedora-clang, r-devel-linux-x86_64-fedora-gcc

Version: 1.0
Flags: --no-stop-on-test-error
Check: R code for possible problems
Result: NOTE
    pass: no visible global function definition for ‘predict’
    plot.pass: no visible global function definition for ‘par’
    plot.pass: no visible global function definition for ‘plot’
    Undefined global functions or variables:
     par plot predict
    Consider adding
     importFrom("graphics", "par", "plot")
     importFrom("stats", "predict")
    to your NAMESPACE file.
Flavors: r-devel-linux-x86_64-fedora-clang, r-devel-linux-x86_64-fedora-gcc