CRAN Package Check Results for Package pastecs

Last updated on 2014-09-16 03:48:50.

Flavor Version Tinstall Tcheck Ttotal Status Flags
r-devel-linux-x86_64-debian-clang 1.3-18 1.83 58.82 60.65 WARN
r-devel-linux-x86_64-debian-gcc 1.3-18 1.49 60.65 62.14 WARN
r-devel-linux-x86_64-fedora-clang 1.3-18 99.32 OK
r-devel-linux-x86_64-fedora-gcc 1.3-18 94.12 OK
r-devel-osx-x86_64-clang 1.3-18 44.97 OK
r-devel-windows-ix86+x86_64 1.3-18 4.00 34.00 38.00 OK
r-patched-linux-x86_64 1.3-18 1.51 25.68 27.20 OK
r-patched-solaris-sparc 1.3-18 289.70 OK
r-patched-solaris-x86 1.3-18 64.70 OK
r-release-linux-ix86 1.3-18 2.22 34.11 36.33 OK
r-release-linux-x86_64 1.3-18 1.52 58.90 60.42 WARN
r-release-osx-x86_64-mavericks 1.3-18 OK
r-release-osx-x86_64-snowleopard 1.3-18 OK
r-release-windows-ix86+x86_64 1.3-18 5.00 40.00 45.00 OK
r-oldrel-windows-ix86+x86_64 1.3-18 5.00 40.00 45.00 OK

Check Details

Version: 1.3-18
Check: sizes of PDF files under ‘inst/doc’
Result: WARN
     ‘gs+qpdf’ made some significant size reductions:
     compacted ‘pastecs.pdf’ from 1321Kb to 71Kb
     consider running tools::compactPDF(gs_quality = "ebook") on these files
Flavors: r-devel-linux-x86_64-debian-clang, r-devel-linux-x86_64-debian-gcc, r-release-linux-x86_64