CRAN Package Check Results for Package pastecs

Last updated on 2015-07-02 23:47:25.

Flavor Version Tinstall Tcheck Ttotal Status Flags
r-devel-linux-x86_64-debian-clang 1.3-18 1.47 31.90 33.37 NOTE
r-devel-linux-x86_64-debian-gcc 1.3-18 1.42 31.28 32.70 NOTE
r-devel-linux-x86_64-fedora-clang 1.3-18 67.49 NOTE
r-devel-linux-x86_64-fedora-gcc 1.3-18 63.30 NOTE
r-devel-osx-x86_64-clang 1.3-18 47.26 NOTE
r-devel-windows-ix86+x86_64 1.3-18 6.00 39.00 45.00 NOTE
r-patched-linux-x86_64 1.3-18 1.60 31.85 33.45 NOTE
r-patched-solaris-sparc 1.3-18 316.80 NOTE
r-patched-solaris-x86 1.3-18 62.90 NOTE
r-release-linux-x86_64 1.3-18 1.50 32.24 33.74 NOTE
r-release-osx-x86_64-mavericks 1.3-18 OK
r-release-windows-ix86+x86_64 1.3-18 7.00 48.00 55.00 OK
r-oldrel-windows-ix86+x86_64 1.3-18 7.00 45.00 52.00 OK

Check Details

Version: 1.3-18
Check: S3 generic/method consistency
Result: NOTE
    Found the following apparent S3 methods exported but not registered:
     extract.abund extract.escouf extract.regul extract.tsd
     extract.turnogram extract.turnpoints hist.regul identify.abund
     identify.escouf identify.local.trend identify.regul
     identify.turnogram lines.abund lines.escouf lines.regul
     lines.stat.slide lines.turnpoints plot.abund plot.escouf plot.regul
     plot.stat.slide plot.tsd plot.turnogram plot.turnpoints print.abund
     print.escouf print.regul print.specs.regul print.specs.tsd
     print.stat.slide print.summary.abund print.summary.escouf
     print.summary.regul print.summary.tsd print.summary.turnogram
     print.summary.turnpoints print.tsd print.turnogram print.turnpoints
     specs.regul specs.tsd summary.abund summary.escouf summary.regul
     summary.tsd summary.turnogram summary.turnpoints
    See section ‘Registering S3 methods’ in the ‘Writing R Extensions’
    manual.
Flavors: r-devel-linux-x86_64-debian-clang, r-devel-linux-x86_64-debian-gcc, r-devel-linux-x86_64-fedora-clang, r-devel-linux-x86_64-fedora-gcc, r-devel-osx-x86_64-clang, r-patched-linux-x86_64, r-patched-solaris-sparc, r-patched-solaris-x86, r-release-linux-x86_64

Version: 1.3-18
Check: R code for possible problems
Result: NOTE
    AutoD2: no visible global function definition for ‘lines’
    AutoD2: no visible global function definition for ‘plot’
    CenterD2: no visible global function definition for ‘lines’
    CenterD2: no visible global function definition for ‘plot’
    CenterD2: no visible global function definition for ‘abline’
    CrossD2: no visible global function definition for ‘lines’
    CrossD2: no visible global function definition for ‘plot’
    disto: no visible global function definition for ‘plot’
    escouf: no visible global function definition for ‘flush.console’
    hist.regul : regul.hist: no visible global function definition for
     ‘hist’
    identify.abund: no visible global function definition for ‘identify’
    identify.escouf: no visible global function definition for ‘identify’
    identify.local.trend: no visible global function definition for
     ‘identify’
    identify.regul: no visible global function definition for ‘identify’
    identify.turnogram: no visible global function definition for
     ‘identify’
    identify.turnogram: no visible global function definition for ‘abline’
    lines.abund : abund.lines: no visible global function definition for
     ‘lines’
    lines.abund : abund.lines: no visible global function definition for
     ‘axis’
    lines.escouf : escouf.lines: no visible global function definition for
     ‘lines’
    lines.escouf : escouf.lines: no visible global function definition for
     ‘axis’
    lines.regul : regul.lines: no visible global function definition for
     ‘lines’
    lines.regul : regul.lines: no visible global function definition for
     ‘points’
    lines.stat.slide : stat.slide.lines: no visible global function
     definition for ‘lines’
    lines.turnpoints : turnpoints.lines: no visible global function
     definition for ‘lines’
    local.trend: no visible global function definition for ‘plot’
    local.trend: no visible global function definition for ‘lines’
    plot.abund: no visible global function definition for ‘par’
    plot.abund : abund.graph: no visible global function definition for
     ‘plot’
    plot.abund : abund.graph: no visible global function definition for
     ‘axis’
    plot.abund : abund.graph: no visible global function definition for
     ‘lines’
    plot.abund : abund.graph: no visible global function definition for
     ‘legend’
    plot.escouf: no visible global function definition for ‘par’
    plot.escouf : escouf.graph: no visible global function definition for
     ‘plot’
    plot.escouf : escouf.graph: no visible global function definition for
     ‘axis’
    plot.escouf : escouf.graph: no visible global function definition for
     ‘lines’
    plot.escouf : escouf.graph: no visible global function definition for
     ‘text’
    plot.regul: no visible global function definition for ‘par’
    plot.regul : regul.graph: no visible global function definition for
     ‘plot’
    plot.regul : regul.graph: no visible global function definition for
     ‘lines’
    plot.regul : regul.graph: no visible global function definition for
     ‘points’
    plot.regul : regul.graph: no visible global function definition for
     ‘legend’
    plot.stat.slide: no visible global function definition for ‘par’
    plot.stat.slide : stat.slide.graph: no visible global function
     definition for ‘plot’
    plot.stat.slide : stat.slide.graph: no visible global function
     definition for ‘lines’
    plot.stat.slide : stat.slide.graph: no visible global function
     definition for ‘legend’
    plot.tsd: no visible global function definition for ‘par’
    plot.tsd: no visible global function definition for ‘plot’
    plot.tsd: no visible global function definition for ‘abline’
    plot.tsd: no visible global function definition for ‘box’
    plot.tsd: no visible global function definition for ‘axis’
    plot.tsd: no visible global function definition for ‘mtext’
    plot.tsd: no visible global function definition for ‘legend’
    plot.turnogram : turnogram.graph: no visible global function definition
     for ‘plot’
    plot.turnogram : turnogram.graph: no visible global function definition
     for ‘lines’
    plot.turnogram : turnogram.graph: no visible global function definition
     for ‘abline’
    plot.turnpoints : turnpoints.graph: no visible global function
     definition for ‘plot’
    plot.turnpoints : turnpoints.graph: no visible global function
     definition for ‘abline’
    regarea: no visible global function definition for ‘xy.coords’
    regul.adj: no visible global function definition for ‘hist’
    stat.slide: no visible global function definition for ‘xy.coords’
    turnogram: no visible global function definition for ‘plot’
    turnogram: no visible global function definition for ‘lines’
    turnogram: no visible global function definition for ‘abline’
    vario: no visible global function definition for ‘plot’
    Undefined global functions or variables:
     abline axis box flush.console hist identify legend lines mtext par
     plot points text xy.coords
Flavors: r-devel-linux-x86_64-debian-clang, r-devel-linux-x86_64-fedora-clang, r-devel-linux-x86_64-fedora-gcc, r-devel-windows-ix86+x86_64

Version: 1.3-18
Check: R code for possible problems
Result: NOTE
    AutoD2: no visible global function definition for ‘lines’
    AutoD2: no visible global function definition for ‘plot’
    CenterD2: no visible global function definition for ‘lines’
    CenterD2: no visible global function definition for ‘plot’
    CenterD2: no visible global function definition for ‘abline’
    CrossD2: no visible global function definition for ‘lines’
    CrossD2: no visible global function definition for ‘plot’
    disto: no visible global function definition for ‘plot’
    escouf: no visible global function definition for ‘flush.console’
    hist.regul : regul.hist: no visible global function definition for
     ‘hist’
    identify.abund: no visible global function definition for ‘identify’
    identify.escouf: no visible global function definition for ‘identify’
    identify.local.trend: no visible global function definition for
     ‘identify’
    identify.regul: no visible global function definition for ‘identify’
    identify.turnogram: no visible global function definition for
     ‘identify’
    identify.turnogram: no visible global function definition for ‘abline’
    lines.abund : abund.lines: no visible global function definition for
     ‘lines’
    lines.abund : abund.lines: no visible global function definition for
     ‘axis’
    lines.escouf : escouf.lines: no visible global function definition for
     ‘lines’
    lines.escouf : escouf.lines: no visible global function definition for
     ‘axis’
    lines.regul : regul.lines: no visible global function definition for
     ‘lines’
    lines.regul : regul.lines: no visible global function definition for
     ‘points’
    lines.stat.slide : stat.slide.lines: no visible global function
     definition for ‘lines’
    lines.turnpoints : turnpoints.lines: no visible global function
     definition for ‘lines’
    local.trend: no visible global function definition for ‘plot’
    local.trend: no visible global function definition for ‘lines’
    plot.abund: no visible global function definition for ‘par’
    plot.abund : abund.graph: no visible global function definition for
     ‘plot’
    plot.abund : abund.graph: no visible global function definition for
     ‘axis’
    plot.abund : abund.graph: no visible global function definition for
     ‘lines’
    plot.abund : abund.graph: no visible global function definition for
     ‘legend’
    plot.escouf: no visible global function definition for ‘par’
    plot.escouf : escouf.graph: no visible global function definition for
     ‘plot’
    plot.escouf : escouf.graph: no visible global function definition for
     ‘axis’
    plot.escouf : escouf.graph: no visible global function definition for
     ‘lines’
    plot.escouf : escouf.graph: no visible global function definition for
     ‘text’
    plot.regul: no visible global function definition for ‘par’
    plot.regul : regul.graph: no visible global function definition for
     ‘plot’
    plot.regul : regul.graph: no visible global function definition for
     ‘lines’
    plot.regul : regul.graph: no visible global function definition for
     ‘points’
    plot.regul : regul.graph: no visible global function definition for
     ‘legend’
    plot.stat.slide: no visible global function definition for ‘par’
    plot.stat.slide : stat.slide.graph: no visible global function
     definition for ‘plot’
    plot.stat.slide : stat.slide.graph: no visible global function
     definition for ‘lines’
    plot.stat.slide : stat.slide.graph: no visible global function
     definition for ‘legend’
    plot.tsd: no visible global function definition for ‘par’
    plot.tsd: no visible global function definition for ‘plot’
    plot.tsd: no visible global function definition for ‘abline’
    plot.tsd: no visible global function definition for ‘box’
    plot.tsd: no visible global function definition for ‘axis’
    plot.tsd: no visible global function definition for ‘mtext’
    plot.tsd: no visible global function definition for ‘legend’
    plot.turnogram : turnogram.graph: no visible global function definition
     for ‘plot’
    plot.turnogram : turnogram.graph: no visible global function definition
     for ‘lines’
    plot.turnogram : turnogram.graph: no visible global function definition
     for ‘abline’
    plot.turnpoints : turnpoints.graph: no visible global function
     definition for ‘plot’
    plot.turnpoints : turnpoints.graph: no visible global function
     definition for ‘abline’
    regarea: no visible global function definition for ‘xy.coords’
    regul.adj: no visible global function definition for ‘hist’
    stat.slide: no visible global function definition for ‘xy.coords’
    turnogram: no visible global function definition for ‘plot’
    turnogram: no visible global function definition for ‘lines’
    turnogram: no visible global function definition for ‘abline’
    vario: no visible global function definition for ‘plot’
Flavor: r-devel-linux-x86_64-debian-gcc