CRAN Package Check Results for Package pastecs

Last updated on 2014-10-01 11:47:53.

Flavor Version Tinstall Tcheck Ttotal Status Flags
r-devel-linux-x86_64-debian-clang 1.3-18 1.52 58.19 59.71 WARN
r-devel-linux-x86_64-debian-gcc 1.3-18 1.46 55.44 56.91 WARN
r-devel-linux-x86_64-fedora-clang 1.3-18 100.25 OK
r-devel-linux-x86_64-fedora-gcc 1.3-18 96.03 OK
r-devel-osx-x86_64-clang 1.3-18 45.86 OK
r-devel-windows-ix86+x86_64 1.3-18 5.00 35.00 40.00 OK
r-patched-linux-x86_64 1.3-18 1.56 59.02 60.58 WARN
r-patched-solaris-sparc 1.3-18 289.70 OK
r-patched-solaris-x86 1.3-18 67.80 OK
r-release-linux-ix86 1.3-18 2.33 34.04 36.37 OK
r-release-linux-x86_64 1.3-18 1.52 56.44 57.96 WARN
r-release-osx-x86_64-mavericks 1.3-18 OK
r-release-osx-x86_64-snowleopard 1.3-18 OK
r-release-windows-ix86+x86_64 1.3-18 5.00 37.00 42.00 OK
r-oldrel-windows-ix86+x86_64 1.3-18 5.00 39.00 44.00 OK

Check Details

Version: 1.3-18
Check: sizes of PDF files under ‘inst/doc’
Result: WARN
     ‘gs+qpdf’ made some significant size reductions:
     compacted ‘pastecs.pdf’ from 1321Kb to 73Kb
     consider running tools::compactPDF(gs_quality = "ebook") on these files
Flavors: r-devel-linux-x86_64-debian-clang, r-devel-linux-x86_64-debian-gcc, r-patched-linux-x86_64, r-release-linux-x86_64