CRAN Package Check Results for Package pastecs

Last updated on 2015-01-29 22:48:47.

Flavor Version Tinstall Tcheck Ttotal Status Flags
r-devel-linux-x86_64-debian-clang 1.3-18 1.62 32.44 34.05 NOTE
r-devel-linux-x86_64-debian-gcc 1.3-18 1.65 33.20 34.85 NOTE
r-devel-linux-x86_64-fedora-clang 1.3-18 69.97 NOTE
r-devel-linux-x86_64-fedora-gcc 1.3-18 67.27 NOTE
r-devel-osx-x86_64-clang 1.3-18 50.45 NOTE
r-devel-windows-ix86+x86_64 1.3-18 7.00 40.00 47.00 OK
r-patched-linux-x86_64 1.3-18 1.76 34.23 35.99 OK
r-patched-solaris-sparc 1.3-18 307.80 OK
r-patched-solaris-x86 1.3-18 68.20 OK
r-release-linux-ix86 1.3-18 2.11 33.63 35.74 OK
r-release-linux-x86_64 1.3-18 1.58 34.87 36.45 OK
r-release-osx-x86_64-mavericks 1.3-18 OK
r-release-osx-x86_64-snowleopard 1.3-18 OK
r-release-windows-ix86+x86_64 1.3-18 5.00 47.00 52.00 OK
r-oldrel-windows-ix86+x86_64 1.3-18 6.00 44.00 50.00 OK

Check Details

Version: 1.3-18
Check: S3 generic/method consistency
Result: NOTE
    Found the following apparent S3 methods exported but not registered:
     extract.abund extract.escouf extract.regul extract.tsd
     extract.turnogram extract.turnpoints specs.regul specs.tsd
     print.abund print.escouf print.regul print.specs.regul
     print.specs.tsd print.stat.slide print.summary.abund
     print.summary.escouf print.summary.regul print.summary.tsd
     print.summary.turnogram print.summary.turnpoints print.tsd
     print.turnogram print.turnpoints summary.abund summary.escouf
     summary.regul summary.tsd summary.turnogram summary.turnpoints
     hist.regul identify.abund identify.escouf identify.local.trend
     identify.regul identify.turnogram lines.abund lines.escouf
     lines.regul lines.stat.slide lines.turnpoints plot.abund plot.escouf
     plot.regul plot.stat.slide plot.tsd plot.turnogram plot.turnpoints
    See section ‘Registering S3 methods’ in the ‘Writing R Extensions’
    manual.
Flavors: r-devel-linux-x86_64-debian-clang, r-devel-linux-x86_64-debian-gcc, r-devel-linux-x86_64-fedora-clang, r-devel-linux-x86_64-fedora-gcc, r-devel-osx-x86_64-clang