CRAN Package Check Results for Package pastecs

Last updated on 2014-04-25 05:47:21.

Flavor Version Tinstall Tcheck Ttotal Status Flags
r-devel-linux-x86_64-debian-clang 1.3-18 1.73 26.43 28.16 OK
r-devel-linux-x86_64-debian-gcc 1.3-18 1.58 26.79 28.38 OK
r-devel-linux-x86_64-fedora-clang 1.3-18 103.24 OK
r-devel-linux-x86_64-fedora-gcc 1.3-18 103.87 OK
r-devel-osx-x86_64-clang 1.3-18 48.04 OK
r-devel-osx-x86_64-gcc 1.3-18 OK
r-devel-windows-ix86+x86_64 1.3-18 4.00 38.00 42.00 OK
r-patched-linux-x86_64 1.3-18 1.65 26.36 28.01 OK
r-patched-solaris-sparc 1.3-18 303.80 OK
r-patched-solaris-x86 1.3-18 66.90 OK
r-release-linux-ix86 1.3-18 3.00 45.00 48.00 OK
r-release-linux-x86_64 1.3-18 1.57 26.34 27.91 OK
r-release-osx-x86_64-mavericks 1.3-18 WARN
r-release-osx-x86_64-snowleopard 1.3-18 OK
r-release-windows-ix86+x86_64 1.3-18 4.00 38.00 42.00 OK
r-oldrel-windows-ix86+x86_64 1.3-18 6.00 38.00 44.00 OK

Check Details

Version: 1.3-18
Check: PDF version of manual
Result: WARNING
    LaTeX errors when creating PDF version.
    This typically indicates Rd problems.
    LaTeX errors found:
    ! LaTeX Error: File `upquote.sty' not found.
    
    Type X to quit or <RETURN> to proceed,
    or enter new name. (Default extension: sty)
    
    b4e28d3/Rd2.tex:8: ==> Fatal error occurred, no output PDF file produced!
Flavor: r-release-osx-x86_64-mavericks