CRAN Package Check Results for Package pastecs

Last updated on 2015-05-07 06:46:54.

Flavor Version Tinstall Tcheck Ttotal Status Flags
r-devel-linux-x86_64-debian-clang 1.3-18 1.50 32.48 33.99 NOTE
r-devel-linux-x86_64-debian-gcc 1.3-18 1.60 34.03 35.62 NOTE
r-devel-linux-x86_64-fedora-clang 1.3-18 68.59 NOTE
r-devel-linux-x86_64-fedora-gcc 1.3-18 63.45 NOTE
r-devel-osx-x86_64-clang 1.3-18 47.70 NOTE
r-devel-windows-ix86+x86_64 1.3-18 6.00 37.00 43.00 OK
r-patched-linux-x86_64 1.3-18 2.24 34.74 36.99 NOTE
r-patched-solaris-sparc 1.3-18 307.90 OK
r-patched-solaris-x86 1.3-18 60.90 NOTE
r-release-linux-x86_64 1.3-18 1.44 32.79 34.24 NOTE
r-release-osx-x86_64-mavericks 1.3-18 OK
r-release-osx-x86_64-snowleopard 1.3-18 OK
r-release-windows-ix86+x86_64 1.3-18 7.00 36.00 43.00 OK
r-oldrel-windows-ix86+x86_64 1.3-18 6.00 41.00 47.00 OK

Check Details

Version: 1.3-18
Check: S3 generic/method consistency
Result: NOTE
    Found the following apparent S3 methods exported but not registered:
     extract.abund extract.escouf extract.regul extract.tsd
     extract.turnogram extract.turnpoints hist.regul identify.abund
     identify.escouf identify.local.trend identify.regul
     identify.turnogram lines.abund lines.escouf lines.regul
     lines.stat.slide lines.turnpoints plot.abund plot.escouf plot.regul
     plot.stat.slide plot.tsd plot.turnogram plot.turnpoints print.abund
     print.escouf print.regul print.specs.regul print.specs.tsd
     print.stat.slide print.summary.abund print.summary.escouf
     print.summary.regul print.summary.tsd print.summary.turnogram
     print.summary.turnpoints print.tsd print.turnogram print.turnpoints
     specs.regul specs.tsd summary.abund summary.escouf summary.regul
     summary.tsd summary.turnogram summary.turnpoints
    See section ‘Registering S3 methods’ in the ‘Writing R Extensions’
    manual.
Flavors: r-devel-linux-x86_64-debian-clang, r-devel-linux-x86_64-debian-gcc, r-devel-linux-x86_64-fedora-clang, r-devel-linux-x86_64-fedora-gcc, r-devel-osx-x86_64-clang, r-patched-linux-x86_64, r-patched-solaris-x86, r-release-linux-x86_64