CRAN Package Check Results for Package pastecs

Last updated on 2014-11-21 19:48:07.

Flavor Version Tinstall Tcheck Ttotal Status Flags
r-devel-linux-x86_64-debian-clang 1.3-18 1.58 57.10 58.69 WARN
r-devel-linux-x86_64-debian-gcc 1.3-18 1.59 58.12 59.72 WARN
r-devel-linux-x86_64-fedora-clang 1.3-18 70.93 OK
r-devel-linux-x86_64-fedora-gcc 1.3-18 67.89 OK
r-devel-osx-x86_64-clang 1.3-18 49.78 OK
r-devel-windows-ix86+x86_64 1.3-18 4.00 36.00 40.00 OK
r-patched-linux-x86_64 1.3-18 1.54 57.49 59.04 WARN
r-patched-solaris-sparc 1.3-18 289.70 OK
r-patched-solaris-x86 1.3-18 67.10 OK
r-release-linux-ix86 1.3-18 2.08 32.64 34.72 OK
r-release-linux-x86_64 1.3-18 1.55 57.28 58.83 WARN
r-release-osx-x86_64-mavericks 1.3-18 OK
r-release-osx-x86_64-snowleopard 1.3-18 OK
r-release-windows-ix86+x86_64 1.3-18 7.00 46.00 53.00 OK
r-oldrel-windows-ix86+x86_64 1.3-18 5.00 43.00 48.00 OK

Check Details

Version: 1.3-18
Check: sizes of PDF files under ‘inst/doc’
Result: WARN
     ‘gs+qpdf’ made some significant size reductions:
     compacted ‘pastecs.pdf’ from 1321Kb to 73Kb
     consider running tools::compactPDF(gs_quality = "ebook") on these files
Flavors: r-devel-linux-x86_64-debian-clang, r-devel-linux-x86_64-debian-gcc, r-patched-linux-x86_64, r-release-linux-x86_64