CRAN Package Check Results for Package patchPlot

Last updated on 2014-07-25 12:47:36.

Flavor Version Tinstall Tcheck Ttotal Status Flags
r-devel-linux-x86_64-debian-clang 0.1.5 0.82 18.75 19.57 NOTE
r-devel-linux-x86_64-debian-gcc 0.1.5 0.88 18.24 19.13 NOTE
r-devel-linux-x86_64-fedora-clang 0.1.5 32.07 NOTE
r-devel-linux-x86_64-fedora-gcc 0.1.5 28.97 NOTE
r-devel-osx-x86_64-clang 0.1.5 38.12 NOTE
r-devel-windows-ix86+x86_64 0.1.5 4.00 30.00 34.00 NOTE
r-patched-linux-x86_64 0.1.5 1.07 18.67 19.74 NOTE
r-patched-solaris-sparc 0.1.5 169.20 NOTE
r-patched-solaris-x86 0.1.5 40.00 NOTE
r-release-linux-ix86 0.1.5 1.22 25.74 26.96 NOTE
r-release-linux-x86_64 0.1.5 1.11 19.12 20.23 NOTE
r-release-osx-x86_64-mavericks 0.1.5 NOTE
r-release-osx-x86_64-snowleopard 0.1.5 ERROR
r-release-windows-ix86+x86_64 0.1.5 5.00 33.00 38.00 NOTE
r-oldrel-windows-ix86+x86_64 0.1.5 5.00 34.00 39.00 NOTE

Check Details

Version: 0.1.5
Check: dependencies in R code
Result: NOTE
    Package in Depends field not imported from: ‘datautils’
     These packages need to be imported from (in the NAMESPACE file)
     for when this namespace is loaded but not attached.
    See the information on DESCRIPTION files in the chapter ‘Creating R
    packages’ of the ‘Writing R Extensions’ manual.
Flavors: r-devel-linux-x86_64-debian-clang, r-devel-linux-x86_64-debian-gcc, r-devel-linux-x86_64-fedora-clang, r-devel-linux-x86_64-fedora-gcc, r-devel-osx-x86_64-clang, r-devel-windows-ix86+x86_64, r-patched-linux-x86_64, r-patched-solaris-sparc, r-patched-solaris-x86, r-release-linux-ix86, r-release-linux-x86_64, r-release-osx-x86_64-mavericks, r-release-windows-ix86+x86_64, r-oldrel-windows-ix86+x86_64

Version: 0.1.5
Check: Rd line widths
Result: NOTE
    Rd file 'drawPatches.Rd':
     \usage lines wider than 90 characters:
     drawPatches(data, patches, patchSize=0.05, alpha=0.5, patchNpix=20, highlight=numeric(0), labels=rep("1", length(highlight)))
    
    Rd file 'plotGreyPatches.Rd':
     \usage lines wider than 90 characters:
     plotGreyPatches(data, maingrey, auxgrey=NULL, patchSize=0.05, alpha=0.5, highlight=numeric(0), labels=rep("1", length(highlight)))
    
    These lines will be truncated in the PDF manual.
Flavors: r-devel-linux-x86_64-fedora-clang, r-devel-linux-x86_64-fedora-gcc

Version: 0.1.5
Check: whether package can be installed
Result: ERROR
    Installation failed.
    See ‘/Volumes/XT3/Builds/R-dev-web/QA/Simon/packages/snowleopard-x86_64/results/3.1/patchPlot.Rcheck/00install.out’ for details.
Flavor: r-release-osx-x86_64-snowleopard