CRAN Package Check Results for Package patchPlot

Last updated on 2015-09-02 06:48:07.

Flavor Version Tinstall Tcheck Ttotal Status Flags
r-devel-linux-x86_64-debian-clang 0.1.5 0.66 16.10 16.76 NOTE
r-devel-linux-x86_64-debian-gcc 0.1.5 0.66 16.35 17.01 NOTE
r-devel-linux-x86_64-fedora-clang 0.1.5 23.66 NOTE
r-devel-linux-x86_64-fedora-gcc 0.1.5 22.46 NOTE
r-devel-osx-x86_64-clang 0.1.5 28.69 NOTE
r-devel-windows-ix86+x86_64 0.1.5 5.00 30.00 35.00 NOTE
r-patched-linux-x86_64 0.1.5 0.74 17.01 17.74 NOTE
r-patched-solaris-sparc 0.1.5 161.90 NOTE
r-patched-solaris-x86 0.1.5 39.10 NOTE
r-release-linux-x86_64 0.1.5 0.74 17.92 18.67 NOTE
r-release-osx-x86_64-mavericks 0.1.5 NOTE
r-release-windows-ix86+x86_64 0.1.5 4.00 29.00 33.00 NOTE
r-oldrel-windows-ix86+x86_64 0.1.5 8.00 39.00 47.00 NOTE

Check Details

Version: 0.1.5
Check: dependencies in R code
Result: NOTE
    Package in Depends field not imported from: ‘datautils’
     These packages need to be imported from (in the NAMESPACE file)
     for when this namespace is loaded but not attached.
Flavors: r-devel-linux-x86_64-debian-clang, r-devel-linux-x86_64-debian-gcc, r-devel-linux-x86_64-fedora-clang, r-devel-linux-x86_64-fedora-gcc, r-devel-osx-x86_64-clang, r-devel-windows-ix86+x86_64, r-patched-linux-x86_64, r-patched-solaris-sparc, r-patched-solaris-x86, r-release-linux-x86_64, r-release-osx-x86_64-mavericks, r-release-windows-ix86+x86_64, r-oldrel-windows-ix86+x86_64

Version: 0.1.5
Check: R code for possible problems
Result: NOTE
    animatePatches: no visible global function definition for
     ‘getTimestamp’
    animatePatches: no visible global function definition for ‘getElapsed’
    colorPlot: no visible global function definition for ‘layout’
    colorPlot: no visible global function definition for ‘par’
    colorPlot: no visible global function definition for ‘image’
    colorPlot: no visible global function definition for ‘axis’
    drawPatches: no visible global function definition for ‘rgb’
    getInterRGB: no visible global function definition for ‘col2rgb’
    getInterRGB: no visible global function definition for ‘rgb’
    plotGmmOverlay: no visible global function definition for ‘rgb’
    plotGreyPatches : squarepatch: no visible global function definition
     for ‘rgb’
    plotGreyPatches : trianglepatch: no visible global function definition
     for ‘rgb’
    Undefined global functions or variables:
     axis col2rgb getElapsed getTimestamp image layout par rgb
    Consider adding
     importFrom("grDevices", "col2rgb", "rgb")
     importFrom("graphics", "axis", "image", "layout", "par")
    to your NAMESPACE.
Flavors: r-devel-linux-x86_64-debian-clang, r-devel-linux-x86_64-debian-gcc, r-devel-linux-x86_64-fedora-clang, r-devel-linux-x86_64-fedora-gcc, r-devel-windows-ix86+x86_64

Version: 0.1.5
Check: Rd line widths
Result: NOTE
    Rd file 'drawPatches.Rd':
     \usage lines wider than 90 characters:
     drawPatches(data, patches, patchSize=0.05, alpha=0.5, patchNpix=20, highlight=numeric(0), labels=rep("1", length(highlight)))
    
    Rd file 'plotGreyPatches.Rd':
     \usage lines wider than 90 characters:
     plotGreyPatches(data, maingrey, auxgrey=NULL, patchSize=0.05, alpha=0.5, highlight=numeric(0), labels=rep("1", length(highlight)))
    
    These lines will be truncated in the PDF manual.
Flavors: r-devel-linux-x86_64-debian-clang, r-devel-linux-x86_64-debian-gcc, r-devel-linux-x86_64-fedora-clang, r-devel-linux-x86_64-fedora-gcc, r-patched-linux-x86_64, r-release-linux-x86_64

Version: 0.1.5
Check: R code for possible problems
Result: NOTE
    animatePatches: no visible global function definition for
     ‘getTimestamp’
    animatePatches: no visible global function definition for ‘getElapsed’
    Undefined global functions or variables:
     getElapsed getTimestamp
Flavor: r-devel-osx-x86_64-clang

Version: 0.1.5
Check: R code for possible problems
Result: NOTE
    animatePatches: no visible global function definition for
     ‘getTimestamp’
    animatePatches: no visible global function definition for ‘getElapsed’
Flavors: r-patched-linux-x86_64, r-patched-solaris-sparc, r-patched-solaris-x86, r-release-linux-x86_64, r-release-osx-x86_64-mavericks, r-release-windows-ix86+x86_64, r-oldrel-windows-ix86+x86_64