CRAN Package Check Results for Package patchPlot

Last updated on 2014-08-30 21:47:30.

Flavor Version Tinstall Tcheck Ttotal Status Flags
r-devel-linux-x86_64-debian-clang 0.1.5 0.94 18.02 18.96 NOTE
r-devel-linux-x86_64-debian-gcc 0.1.5 0.80 18.34 19.14 NOTE
r-devel-linux-x86_64-fedora-clang 0.1.5 29.30 NOTE
r-devel-linux-x86_64-fedora-gcc 0.1.5 28.39 NOTE
r-devel-osx-x86_64-clang 0.1.5 34.65 NOTE
r-devel-windows-ix86+x86_64 0.1.5 6.00 32.00 38.00 NOTE
r-patched-linux-x86_64 0.1.5 0.83 18.67 19.50 NOTE
r-patched-solaris-sparc 0.1.5 165.20 NOTE
r-patched-solaris-x86 0.1.5 39.70 NOTE
r-release-linux-ix86 0.1.5 1.25 25.82 27.06 NOTE
r-release-linux-x86_64 0.1.5 0.89 19.35 20.24 NOTE
r-release-osx-x86_64-mavericks 0.1.5 NOTE
r-release-osx-x86_64-snowleopard 0.1.5 ERROR
r-release-windows-ix86+x86_64 0.1.5 4.00 45.00 49.00 NOTE
r-oldrel-windows-ix86+x86_64 0.1.5 5.00 33.00 38.00 NOTE

Check Details

Version: 0.1.5
Check: dependencies in R code
Result: NOTE
    Package in Depends field not imported from: ‘datautils’
     These packages need to be imported from (in the NAMESPACE file)
     for when this namespace is loaded but not attached.
    See the information on DESCRIPTION files in the chapter ‘Creating R
    packages’ of the ‘Writing R Extensions’ manual.
Flavors: r-devel-linux-x86_64-debian-clang, r-devel-linux-x86_64-debian-gcc, r-devel-linux-x86_64-fedora-clang, r-devel-linux-x86_64-fedora-gcc, r-devel-osx-x86_64-clang, r-devel-windows-ix86+x86_64, r-patched-linux-x86_64, r-patched-solaris-sparc, r-patched-solaris-x86, r-release-linux-ix86, r-release-linux-x86_64, r-release-osx-x86_64-mavericks, r-release-windows-ix86+x86_64, r-oldrel-windows-ix86+x86_64

Version: 0.1.5
Check: R code for possible problems
Result: NOTE
    animatePatches: no visible global function definition for
     ‘getTimestamp’
    animatePatches: no visible global function definition for ‘getElapsed’
Flavors: r-devel-linux-x86_64-debian-clang, r-devel-linux-x86_64-debian-gcc, r-devel-linux-x86_64-fedora-clang, r-devel-linux-x86_64-fedora-gcc, r-devel-osx-x86_64-clang, r-devel-windows-ix86+x86_64

Version: 0.1.5
Check: Rd line widths
Result: NOTE
    Rd file 'drawPatches.Rd':
     \usage lines wider than 90 characters:
     drawPatches(data, patches, patchSize=0.05, alpha=0.5, patchNpix=20, highlight=numeric(0), labels=rep("1", length(highlight)))
    
    Rd file 'plotGreyPatches.Rd':
     \usage lines wider than 90 characters:
     plotGreyPatches(data, maingrey, auxgrey=NULL, patchSize=0.05, alpha=0.5, highlight=numeric(0), labels=rep("1", length(highlight)))
    
    These lines will be truncated in the PDF manual.
Flavors: r-devel-linux-x86_64-fedora-clang, r-devel-linux-x86_64-fedora-gcc

Version: 0.1.5
Check: whether package can be installed
Result: ERROR
    Installation failed.
Flavor: r-release-osx-x86_64-snowleopard