CRAN Package Check Results for Package patchPlot

Last updated on 2015-05-05 05:47:40.

Flavor Version Tinstall Tcheck Ttotal Status Flags
r-devel-linux-x86_64-debian-clang 0.1.5 0.77 16.19 16.96 NOTE
r-devel-linux-x86_64-debian-gcc 0.1.5 0.71 16.06 16.77 NOTE
r-devel-linux-x86_64-fedora-clang 0.1.5 23.80 NOTE
r-devel-linux-x86_64-fedora-gcc 0.1.5 22.19 NOTE
r-devel-osx-x86_64-clang 0.1.5 31.76 NOTE
r-devel-windows-ix86+x86_64 0.1.5 3.00 25.00 28.00 NOTE
r-patched-linux-x86_64 0.1.5 0.70 15.78 16.48 NOTE
r-patched-solaris-sparc 0.1.5 150.30 NOTE
r-patched-solaris-x86 0.1.5 33.40 NOTE
r-release-linux-x86_64 0.1.5 0.70 16.19 16.89 NOTE
r-release-osx-x86_64-mavericks 0.1.5 NOTE
r-release-osx-x86_64-snowleopard 0.1.5 NOTE
r-release-windows-ix86+x86_64 0.1.5 4.00 27.00 31.00 NOTE
r-oldrel-windows-ix86+x86_64 0.1.5 4.00 41.00 45.00 NOTE

Check Details

Version: 0.1.5
Check: dependencies in R code
Result: NOTE
    Package in Depends field not imported from: ‘datautils’
     These packages need to be imported from (in the NAMESPACE file)
     for when this namespace is loaded but not attached.
Flavors: r-devel-linux-x86_64-debian-clang, r-devel-linux-x86_64-debian-gcc, r-devel-linux-x86_64-fedora-clang, r-devel-linux-x86_64-fedora-gcc, r-devel-osx-x86_64-clang, r-devel-windows-ix86+x86_64, r-patched-linux-x86_64, r-patched-solaris-sparc, r-patched-solaris-x86, r-release-linux-x86_64, r-release-osx-x86_64-mavericks, r-release-osx-x86_64-snowleopard, r-release-windows-ix86+x86_64, r-oldrel-windows-ix86+x86_64

Version: 0.1.5
Check: R code for possible problems
Result: NOTE
    animatePatches: no visible global function definition for
     ‘getTimestamp’
    animatePatches: no visible global function definition for ‘getElapsed’
Flavors: r-devel-linux-x86_64-debian-clang, r-devel-linux-x86_64-debian-gcc, r-devel-linux-x86_64-fedora-clang, r-devel-linux-x86_64-fedora-gcc, r-devel-osx-x86_64-clang, r-devel-windows-ix86+x86_64, r-patched-linux-x86_64, r-patched-solaris-sparc, r-patched-solaris-x86, r-release-linux-x86_64, r-release-osx-x86_64-mavericks, r-release-osx-x86_64-snowleopard, r-release-windows-ix86+x86_64, r-oldrel-windows-ix86+x86_64

Version: 0.1.5
Check: Rd line widths
Result: NOTE
    Rd file 'drawPatches.Rd':
     \usage lines wider than 90 characters:
     drawPatches(data, patches, patchSize=0.05, alpha=0.5, patchNpix=20, highlight=numeric(0), labels=rep("1", length(highlight)))
    
    Rd file 'plotGreyPatches.Rd':
     \usage lines wider than 90 characters:
     plotGreyPatches(data, maingrey, auxgrey=NULL, patchSize=0.05, alpha=0.5, highlight=numeric(0), labels=rep("1", length(highlight)))
    
    These lines will be truncated in the PDF manual.
Flavors: r-devel-linux-x86_64-debian-clang, r-devel-linux-x86_64-debian-gcc, r-devel-linux-x86_64-fedora-clang, r-devel-linux-x86_64-fedora-gcc, r-patched-linux-x86_64, r-release-linux-x86_64