Last updated on 2021-04-12 20:47:48 CEST.
Flavor | Version | Tinstall | Tcheck | Ttotal | Status | Flags |
---|---|---|---|---|---|---|
r-devel-linux-x86_64-debian-clang | 0.1.0 | 19.01 | 31.20 | 50.21 | NOTE | |
r-devel-linux-x86_64-debian-gcc | 0.1.0 | 12.19 | 23.88 | 36.07 | NOTE | |
r-devel-linux-x86_64-fedora-clang | 0.1.0 | 76.64 | NOTE | |||
r-devel-linux-x86_64-fedora-gcc | 0.1.0 | 63.77 | NOTE | |||
r-devel-windows-ix86+x86_64 | 0.1.0 | 47.00 | 67.00 | 114.00 | NOTE | |
r-devel-windows-x86_64-gcc10-UCRT | 0.1.0 | NOTE | ||||
r-patched-linux-x86_64 | 0.1.0 | 15.20 | 29.58 | 44.78 | OK | |
r-patched-solaris-x86 | 0.1.0 | 78.10 | OK | |||
r-release-linux-x86_64 | 0.1.0 | 16.75 | 29.46 | 46.21 | OK | |
r-release-macos-x86_64 | 0.1.0 | OK | ||||
r-release-windows-ix86+x86_64 | 0.1.0 | 35.00 | 76.00 | 111.00 | OK | |
r-oldrel-macos-x86_64 | 0.1.0 | ERROR | ||||
r-oldrel-windows-ix86+x86_64 | 0.1.0 | 11.00 | 5.00 | 16.00 | ERROR |
Version: 0.1.0
Check: LazyData
Result: NOTE
'LazyData' is specified without a 'data' directory
Flavors: r-devel-linux-x86_64-debian-clang, r-devel-linux-x86_64-debian-gcc, r-devel-linux-x86_64-fedora-clang, r-devel-linux-x86_64-fedora-gcc, r-devel-windows-ix86+x86_64, r-devel-windows-x86_64-gcc10-UCRT
Version: 0.1.0
Check: tests
Result: ERROR
Running ‘testthat.R’ [1s/1s]
Running the tests in ‘tests/testthat.R’ failed.
Last 13 lines of output:
as.character(func_out_date) not equal to test_dates$Ans[curr_row].
Types not compatible: character is not integer
── Failure (test-utility-funcs.R:34:5): utility function: get_date_tues ────────
as.character(func_out_date) not equal to test_dates$Ans[curr_row].
Types not compatible: character is not integer
── Failure (test-utility-funcs.R:34:5): utility function: get_date_tues ────────
as.character(func_out_date) not equal to test_dates$Ans[curr_row].
Types not compatible: character is not integer
── Failure (test-utility-funcs.R:34:5): utility function: get_date_tues ────────
as.character(func_out_date) not equal to test_dates$Ans[curr_row].
Types not compatible: character is not integer
[ FAIL 5 | WARN 0 | SKIP 0 | PASS 6 ]
Error: Test failures
Execution halted
Flavor: r-oldrel-macos-x86_64
Version: 0.1.0
Check: whether package can be installed
Result: ERROR
Installation failed.
Flavor: r-oldrel-windows-ix86+x86_64