CRAN Package Check Results for Package pathClass

Last updated on 2015-04-19 11:51:15.

Flavor Version Tinstall Tcheck Ttotal Status Flags
r-devel-linux-x86_64-debian-clang 0.9.4 2.80 38.42 41.22 NOTE
r-devel-linux-x86_64-debian-gcc 0.9.4 3.09 38.45 41.54 NOTE
r-devel-linux-x86_64-fedora-clang 0.9.4 86.14 NOTE
r-devel-linux-x86_64-fedora-gcc 0.9.4 81.04 NOTE
r-devel-osx-x86_64-clang 0.9.4 83.85 NOTE
r-devel-windows-ix86+x86_64 0.9.4 12.00 84.00 96.00 NOTE
r-patched-linux-x86_64 0.9.4 3.63 38.91 42.54 NOTE
r-patched-solaris-sparc 0.9.4 528.80 NOTE
r-patched-solaris-x86 0.9.4 119.40 NOTE
r-release-linux-x86_64 0.9.4 2.86 39.44 42.30 NOTE
r-release-osx-x86_64-mavericks 0.9.4 WARN
r-release-osx-x86_64-snowleopard 0.9.4 ERROR
r-release-windows-ix86+x86_64 0.9.4 6.00 57.00 63.00 NOTE
r-oldrel-windows-ix86+x86_64 0.9.4 18.00 89.00 107.00 NOTE

Check Details

Version: 0.9.4
Check: package dependencies
Result: NOTE
    Depends: includes the non-default packages:
     ‘svmpath’ ‘kernlab’ ‘affy’ ‘Biobase’ ‘ROCR’ ‘igraph’ ‘lpSolve’
    Adding so many packages to the search path is excessive and importing
    selectively is preferable.
Flavors: r-devel-linux-x86_64-debian-clang, r-devel-linux-x86_64-debian-gcc, r-devel-linux-x86_64-fedora-clang, r-devel-linux-x86_64-fedora-gcc, r-devel-osx-x86_64-clang, r-devel-windows-ix86+x86_64, r-patched-linux-x86_64, r-patched-solaris-sparc, r-patched-solaris-x86, r-release-linux-x86_64, r-release-windows-ix86+x86_64, r-oldrel-windows-ix86+x86_64

Version: 0.9.4
Check: dependencies in R code
Result: NOTE
    'library' or 'require' call to ‘ROCR’ which was already attached by Depends.
     Please remove these calls from your code.
    Packages in Depends field not imported from:
     ‘Biobase’ ‘ROCR’ ‘affy’ ‘igraph’ ‘kernlab’ ‘lpSolve’ ‘svmpath’
     These packages need to be imported from (in the NAMESPACE file)
     for when this namespace is loaded but not attached.
    ':::' call which should be '::': ‘parallel:::detectCores’
     See the note in ?`:::` about the use of this operator.
Flavors: r-devel-linux-x86_64-debian-clang, r-devel-linux-x86_64-debian-gcc, r-devel-linux-x86_64-fedora-clang, r-devel-linux-x86_64-fedora-gcc, r-devel-osx-x86_64-clang, r-devel-windows-ix86+x86_64, r-patched-linux-x86_64, r-patched-solaris-sparc, r-patched-solaris-x86, r-release-linux-x86_64, r-release-osx-x86_64-mavericks, r-release-windows-ix86+x86_64, r-oldrel-windows-ix86+x86_64

Version: 0.9.4
Check: S3 generic/method consistency
Result: NOTE
    Found the following apparent S3 methods exported but not registered:
     plot.pathClassResult predict.graphSVM predict.networkBasedSVM
     predict.rfe predict.rrfe
    See section ‘Registering S3 methods’ in the ‘Writing R Extensions’
    manual.
Flavors: r-devel-linux-x86_64-debian-clang, r-devel-linux-x86_64-debian-gcc, r-devel-linux-x86_64-fedora-clang, r-devel-linux-x86_64-fedora-gcc, r-devel-osx-x86_64-clang, r-patched-linux-x86_64, r-release-linux-x86_64

Version: 0.9.4
Check: R code for possible problems
Result: NOTE
    calc.auc: no visible global function definition for ‘prediction’
    calc.auc: no visible global function definition for ‘performance’
    calc.diffusionKernel: no visible global function definition for
     ‘graph.adjacency’
    calc.diffusionKernel: no visible global function definition for
     ‘graph.laplacian’
    calc.graph.svm: no visible global function definition for
     ‘as.kernelMatrix’
    calc.graph.svm: no visible global function definition for ‘ksvm’
    calc.graph.svm: no visible global function definition for ‘alphaindex’
    calc.networkBasedSVM: no visible global function definition for ‘lp’
    compare.auc: no visible global function definition for ‘prediction’
    compare.auc: no visible global function definition for ‘performance’
    crossval: no visible global function definition for ‘mclapply’
    getRanking: no visible global function definition for
     ‘igraph.from.graphNEL’
    getRanking: no visible global function definition for ‘get.adjacency’
    plot.pathClassResult: no visible global function definition for
     ‘prediction’
    plot.pathClassResult: no visible global function definition for
     ‘performance’
    predict.graphSVM: no visible global function definition for ‘b’
    spanbound: no visible global function definition for ‘alphaindex’
    spanbound: no visible global function definition for ‘param’
    spanbound: no visible global function definition for ‘error’
    spanbound: no visible global function definition for ‘kernelMatrix’
    spanbound: no visible global function definition for ‘kernelf’
    spanbound: no visible global function definition for ‘b’
    summarizeProbes : <anonymous>: no visible global function definition
     for ‘rowMedians’
    svm.fit: no visible global function definition for ‘kernelMatrix’
    svm.fit: no visible global function definition for ‘vanilladot’
    svm.fit: no visible global function definition for ‘as.kernelMatrix’
    svm.fit: no visible global function definition for ‘ksvm’
    svm.fit: no visible global function definition for ‘alphaindex’
    svm.predict: no visible global function definition for ‘kernelMatrix’
    svm.predict: no visible global function definition for ‘vanilladot’
    svm.predict: no visible global function definition for ‘rbfdot’
    svm.predict: no visible global function definition for ‘b’
Flavors: r-devel-linux-x86_64-debian-clang, r-devel-linux-x86_64-debian-gcc, r-devel-linux-x86_64-fedora-clang, r-devel-linux-x86_64-fedora-gcc, r-devel-osx-x86_64-clang, r-devel-windows-ix86+x86_64, r-patched-linux-x86_64, r-patched-solaris-sparc, r-patched-solaris-x86, r-release-linux-x86_64, r-release-osx-x86_64-mavericks, r-release-windows-ix86+x86_64, r-oldrel-windows-ix86+x86_64

Version: 0.9.4
Check: package dependencies
Result: NOTE
    Packages suggested but not available for checking: ‘hu6800.db’ ‘golubEsets’
    
    Depends: includes the non-default packages:
     ‘svmpath’ ‘kernlab’ ‘affy’ ‘Biobase’ ‘ROCR’ ‘igraph’ ‘lpSolve’
    Adding so many packages to the search path is excessive and importing
    selectively is preferable.
Flavor: r-release-osx-x86_64-mavericks

Version: 0.9.4
Check: running R code from vignettes
Result: WARN
    Errors in running code in vignettes:
    when running code in ‘pathClass.rnw’
     ...
     lowess
    
    Loading required package: igraph
    Loading required package: lpSolve
    
    > library(golubEsets)
    
     When sourcing ‘pathClass.R’:
    Error: there is no package called ‘golubEsets’
    Execution halted
Flavor: r-release-osx-x86_64-mavericks

Version: 0.9.4
Check: re-building of vignette outputs
Result: NOTE
    Error in re-building vignettes:
     ...
     unique, unlist, unsplit
    
    Loading required package: Biobase
    Welcome to Bioconductor
    
     Vignettes contain introductory material; view with
     'browseVignettes()'. To cite Bioconductor, see
     'citation("Biobase")', and for packages 'citation("pkgname")'.
    
    Loading required package: ROCR
    Loading required package: gplots
    
    Attaching package: ‘gplots’
    
    The following object is masked from ‘package:stats’:
    
     lowess
    
    Loading required package: igraph
    Loading required package: lpSolve
    
    Error: processing vignette 'pathClass.rnw' failed with diagnostics:
     chunk 2 (label = loadALLpackage)
    Error in library(golubEsets) : there is no package called ‘golubEsets’
    Execution halted
Flavor: r-release-osx-x86_64-mavericks

Version: 0.9.4
Check: package dependencies
Result: ERROR
    Packages required but not available: ‘affy’ ‘Biobase’ ‘igraph’
    
    Packages suggested but not available for checking: ‘hu6800.db’ ‘golubEsets’
    
    Depends: includes the non-default packages:
     ‘svmpath’ ‘kernlab’ ‘affy’ ‘Biobase’ ‘ROCR’ ‘igraph’ ‘lpSolve’
    Adding so many packages to the search path is excessive and importing
    selectively is preferable.
    
    See section ‘The DESCRIPTION file’ in the ‘Writing R Extensions’
    manual.
Flavor: r-release-osx-x86_64-snowleopard