CRAN Package Check Results for Package pathClass

Last updated on 2014-07-22 23:48:23.

Flavor Version Tinstall Tcheck Ttotal Status Flags
r-devel-linux-x86_64-debian-clang 0.9.4 3.97 57.56 61.53 NOTE
r-devel-linux-x86_64-debian-gcc 0.9.4 3.65 55.98 59.63 NOTE
r-devel-linux-x86_64-fedora-clang 0.9.4 136.16 NOTE
r-devel-linux-x86_64-fedora-gcc 0.9.4 130.12 NOTE
r-devel-osx-x86_64-clang 0.9.4 111.28 NOTE
r-devel-windows-ix86+x86_64 0.9.4 13.00 87.00 100.00 NOTE
r-patched-linux-x86_64 0.9.4 3.70 56.78 60.47 NOTE
r-patched-solaris-sparc 0.9.4 700.90 NOTE
r-patched-solaris-x86 0.9.4 158.60 NOTE
r-release-linux-ix86 0.9.4 4.68 68.74 73.42 NOTE
r-release-linux-x86_64 0.9.4 3.76 58.34 62.11 NOTE
r-release-osx-x86_64-mavericks 0.9.4 WARN
r-release-osx-x86_64-snowleopard 0.9.4 WARN
r-release-windows-ix86+x86_64 0.9.4 12.00 91.00 103.00 NOTE
r-oldrel-windows-ix86+x86_64 0.9.4 13.00 85.00 98.00 NOTE

Check Details

Version: 0.9.4
Check: package dependencies
Result: NOTE
    Depends: includes the non-default packages:
     ‘svmpath’ ‘kernlab’ ‘affy’ ‘Biobase’ ‘ROCR’ ‘igraph’ ‘lpSolve’
    Adding so many packages to the search path is excessive and importing
    selectively is preferable.
Flavors: r-devel-linux-x86_64-debian-clang, r-devel-linux-x86_64-debian-gcc, r-devel-linux-x86_64-fedora-clang, r-devel-linux-x86_64-fedora-gcc, r-devel-osx-x86_64-clang, r-devel-windows-ix86+x86_64, r-patched-linux-x86_64, r-patched-solaris-sparc, r-patched-solaris-x86, r-release-linux-ix86, r-release-linux-x86_64, r-release-windows-ix86+x86_64

Version: 0.9.4
Check: dependencies in R code
Result: NOTE
    'library' or 'require' call to ‘ROCR’ which was already attached by Depends.
     Please remove these calls from your code.
    Packages in Depends field not imported from:
     ‘Biobase’ ‘ROCR’ ‘affy’ ‘igraph’ ‘kernlab’ ‘lpSolve’ ‘svmpath’
     These packages need to be imported from (in the NAMESPACE file)
     for when this namespace is loaded but not attached.
    ':::' call which should be '::': ‘parallel:::detectCores’
     See the note in ?`:::` about the use of this operator.
    See the information on DESCRIPTION files in the chapter ‘Creating R
    packages’ of the ‘Writing R Extensions’ manual.
Flavors: r-devel-linux-x86_64-debian-clang, r-devel-linux-x86_64-debian-gcc, r-devel-linux-x86_64-fedora-clang, r-devel-linux-x86_64-fedora-gcc, r-devel-osx-x86_64-clang, r-devel-windows-ix86+x86_64, r-patched-linux-x86_64, r-patched-solaris-sparc, r-patched-solaris-x86, r-release-linux-ix86, r-release-linux-x86_64, r-release-osx-x86_64-mavericks, r-release-osx-x86_64-snowleopard, r-release-windows-ix86+x86_64, r-oldrel-windows-ix86+x86_64

Version: 0.9.4
Check: package dependencies
Result: NOTE
    Packages suggested but not available for checking: ‘hu6800.db’ ‘golubEsets’
    
    Depends: includes the non-default packages:
     ‘svmpath’ ‘kernlab’ ‘affy’ ‘Biobase’ ‘ROCR’ ‘igraph’ ‘lpSolve’
    Adding so many packages to the search path is excessive and importing
    selectively is preferable.
Flavors: r-release-osx-x86_64-mavericks, r-release-osx-x86_64-snowleopard

Version: 0.9.4
Check: running R code from vignettes
Result: WARNING
    Errors in running code in vignettes:
    when running code in ‘pathClass.rnw’
     ...
     lowess
    
    Loading required package: igraph
    Loading required package: lpSolve
    
    > library(golubEsets)
    
     When sourcing ‘pathClass.R’:
    Error: there is no package called ‘golubEsets’
    Execution halted
Flavors: r-release-osx-x86_64-mavericks, r-release-osx-x86_64-snowleopard

Version: 0.9.4
Check: re-building of vignette outputs
Result: NOTE
    Error in re-building vignettes:
     ...
    Loading required package: Biobase
    Welcome to Bioconductor
    
     Vignettes contain introductory material; view with
     'browseVignettes()'. To cite Bioconductor, see
     'citation("Biobase")', and for packages 'citation("pkgname")'.
    
    Loading required package: ROCR
    Loading required package: gplots
    KernSmooth 2.23 loaded
    Copyright M. P. Wand 1997-2009
    
    Attaching package: ‘gplots’
    
    The following object is masked from ‘package:stats’:
    
     lowess
    
    Loading required package: igraph
    Loading required package: lpSolve
    
    Error: processing vignette 'pathClass.rnw' failed with diagnostics:
     chunk 2 (label = loadALLpackage)
    Error in library(golubEsets) : there is no package called ‘golubEsets’
    Execution halted
Flavors: r-release-osx-x86_64-mavericks, r-release-osx-x86_64-snowleopard