CRAN Package Check Results for Package pathmox

Last updated on 2014-07-24 21:48:47.

Flavor Version Tinstall Tcheck Ttotal Status Flags
r-devel-linux-x86_64-debian-clang 0.2.0 1.30 20.67 21.97 NOTE
r-devel-linux-x86_64-debian-gcc 0.2.0 0.99 20.18 21.17 NOTE
r-devel-linux-x86_64-fedora-clang 0.2.0 44.16 NOTE
r-devel-linux-x86_64-fedora-gcc 0.2.0 40.66 NOTE
r-devel-osx-x86_64-clang 0.2.0 40.45 NOTE
r-devel-windows-ix86+x86_64 0.2.0 4.00 29.00 33.00 NOTE
r-patched-linux-x86_64 0.2.0 0.99 20.37 21.36 NOTE
r-patched-solaris-sparc 0.2.0 249.10 NOTE
r-patched-solaris-x86 0.2.0 51.30 NOTE
r-release-linux-ix86 0.2.0 1.47 28.52 29.99 NOTE
r-release-linux-x86_64 0.2.0 1.12 21.98 23.10 NOTE
r-release-osx-x86_64-mavericks 0.2.0 NOTE
r-release-osx-x86_64-snowleopard 0.2.0 OK
r-release-windows-ix86+x86_64 0.2.0 4.00 30.00 34.00 NOTE
r-oldrel-windows-ix86+x86_64 0.2.0 5.00 31.00 36.00 NOTE

Check Details

Version: 0.2.0
Check: dependencies in R code
Result: NOTE
    Packages in Depends field not imported from:
     ‘plspm’ ‘tester’
     These packages need to be imported from (in the NAMESPACE file)
     for when this namespace is loaded but not attached.
    See the information on DESCRIPTION files in the chapter ‘Creating R
    packages’ of the ‘Writing R Extensions’ manual.
Flavors: r-devel-linux-x86_64-debian-clang, r-devel-linux-x86_64-debian-gcc, r-devel-linux-x86_64-fedora-clang, r-devel-linux-x86_64-fedora-gcc, r-devel-osx-x86_64-clang, r-devel-windows-ix86+x86_64, r-patched-linux-x86_64, r-patched-solaris-sparc, r-patched-solaris-x86, r-release-linux-ix86, r-release-linux-x86_64, r-release-osx-x86_64-mavericks, r-release-windows-ix86+x86_64, r-oldrel-windows-ix86+x86_64