CRAN Package Check Results for Package pathmox

Last updated on 2015-07-04 16:46:34.

Flavor Version Tinstall Tcheck Ttotal Status Flags
r-devel-linux-x86_64-debian-clang 0.2.0 0.77 16.94 17.71 NOTE
r-devel-linux-x86_64-debian-gcc 0.2.0 0.74 17.15 17.88 NOTE
r-devel-linux-x86_64-fedora-clang 0.2.0 33.36 NOTE
r-devel-linux-x86_64-fedora-gcc 0.2.0 30.49 NOTE
r-devel-osx-x86_64-clang 0.2.0 33.49 NOTE
r-devel-windows-ix86+x86_64 0.2.0 3.00 28.00 31.00 NOTE
r-patched-linux-x86_64 0.2.0 0.82 17.53 18.34 NOTE
r-patched-solaris-sparc 0.2.0 231.30 NOTE
r-patched-solaris-x86 0.2.0 47.70 NOTE
r-release-linux-x86_64 0.2.0 0.82 17.72 18.54 NOTE
r-release-osx-x86_64-mavericks 0.2.0 NOTE
r-release-windows-ix86+x86_64 0.2.0 4.00 39.00 43.00 NOTE
r-oldrel-windows-ix86+x86_64 0.2.0 4.00 38.00 42.00 NOTE

Check Details

Version: 0.2.0
Check: dependencies in R code
Result: NOTE
    Packages in Depends field not imported from:
     ‘plspm’ ‘tester’
     These packages need to be imported from (in the NAMESPACE file)
     for when this namespace is loaded but not attached.
Flavors: r-devel-linux-x86_64-debian-clang, r-devel-linux-x86_64-debian-gcc, r-devel-linux-x86_64-fedora-clang, r-devel-linux-x86_64-fedora-gcc, r-devel-osx-x86_64-clang, r-devel-windows-ix86+x86_64, r-patched-linux-x86_64, r-patched-solaris-sparc, r-patched-solaris-x86, r-release-linux-x86_64, r-release-osx-x86_64-mavericks, r-release-windows-ix86+x86_64, r-oldrel-windows-ix86+x86_64

Version: 0.2.0
Check: R code for possible problems
Result: NOTE
    .path.scheme: no visible global function definition for ‘lm’
    .path.scheme: no visible global function definition for ‘cor’
    .pls.basic: no visible binding for global variable ‘sd’
    .pls.basic: no visible global function definition for ‘cor’
    .pls.loads: no visible global function definition for ‘cor’
    .pls.paths: no visible global function definition for ‘lm’
    .pls.weights: no visible global function definition for ‘sd’
    .pls.weights: no visible global function definition for ‘cor’
    .plsr1: no visible global function definition for ‘sd’
    .plsr1: no visible binding for global variable ‘sd’
    .plsr1: no visible global function definition for ‘cor’
    .sanchez.aluja: no visible global function definition for ‘lm’
    .sanchez.aluja: no visible global function definition for ‘pf’
    .sanchez.aluja: no visible global function definition for ‘sd’
    check_pathmox_args: no visible global function definition for
     ‘is_not_tabular’
    fix.pathmox: no visible global function definition for ‘get_manifests’
    fix.pathmox: no visible global function definition for ‘par’
    fix.pathmox: no visible global function definition for ‘openplotmat’
    fix.pathmox: no visible global function definition for ‘text’
    fix.pathmox: no visible global function definition for ‘coordinates’
    fix.pathmox: no visible global function definition for ‘straightarrow’
    fix.pathmox: no visible global function definition for ‘textellipse’
    fix.pathmox: no visible global function definition for ‘textrect’
    fix.techmox: no visible global function definition for ‘par’
    fix.techmox: no visible global function definition for ‘openplotmat’
    fix.techmox: no visible global function definition for ‘text’
    fix.techmox: no visible global function definition for ‘coordinates’
    fix.techmox: no visible global function definition for ‘straightarrow’
    fix.techmox: no visible global function definition for ‘textellipse’
    fix.techmox: no visible global function definition for ‘textrect’
    get_pls_basic: no visible binding for global variable ‘sd’
    get_pls_basic: no visible global function definition for ‘get_weights’
    get_pls_basic: no visible global function definition for
     ‘test_null_weights’
    get_pls_basic: no visible global function definition for ‘get_scores’
    get_pls_basic: no visible global function definition for ‘cor’
    get_pls_basic: no visible global function definition for ‘get_paths’
    pathmox: no visible global function definition for ‘get_manifests’
    plot.bootnodes: no visible global function definition for ‘plot’
    plot.bootnodes: no visible global function definition for ‘abline’
    plot.bootnodes: no visible global function definition for ‘mtext’
    plot.bootnodes: no visible global function definition for ‘points’
    plot.bootnodes: no visible global function definition for ‘arrows’
    plot.bootnodes: no visible global function definition for ‘legend’
    plot.treemox: no visible global function definition for ‘par’
    plot.treemox: no visible global function definition for ‘openplotmat’
    plot.treemox: no visible global function definition for ‘coordinates’
    plot.treemox: no visible global function definition for ‘straightarrow’
    plot.treemox: no visible global function definition for ‘textellipse’
    plot.treemox: no visible global function definition for ‘textrect’
    plot.treemox: no visible global function definition for ‘text’
    plot.treemox.pls: no visible global function definition for ‘rainbow’
    plot.treemox.pls: no visible global function definition for ‘dev.new’
    plot.treemox.pls: no visible global function definition for ‘par’
    plot.treemox.pls: no visible global function definition for ‘barplot’
    plot.treemox.pls: no visible global function definition for ‘abline’
    plot.treemox.pls: no visible global function definition for ‘box’
    plspmox: no visible global function definition for ‘is_not_tabular’
    plspmox: no visible global function definition for ‘get_manifests’
    plspmox: no visible global function definition for ‘plspm’
    techmox: no visible global function definition for ‘get_manifests’
    test_sanchez_aluja: no visible global function definition for ‘lm’
    test_sanchez_aluja: no visible global function definition for ‘pf’
    test_sanchez_aluja: no visible global function definition for ‘sd’
    treemox.boot: no visible global function definition for ‘get_manifests’
    treemox.boot: no visible binding for global variable ‘sd’
    treemox.boot: no visible global function definition for ‘get_weights’
    treemox.boot: no visible global function definition for ‘get_paths’
    treemox.boot : <anonymous>: no visible global function definition for
     ‘quantile’
    treemox.pls: no visible global function definition for ‘is_not_tabular’
    treemox.pls: no visible global function definition for ‘get_manifests’
    Undefined global functions or variables:
     abline arrows barplot box coordinates cor dev.new get_manifests
     get_paths get_scores get_weights is_not_tabular legend lm mtext
     openplotmat par pf plot plspm points quantile rainbow sd
     straightarrow test_null_weights text textellipse textrect
Flavors: r-devel-linux-x86_64-debian-clang, r-devel-linux-x86_64-debian-gcc, r-devel-linux-x86_64-fedora-clang, r-devel-linux-x86_64-fedora-gcc, r-devel-windows-ix86+x86_64

Version: 0.2.0
Check: R code for possible problems
Result: NOTE
    check_pathmox_args: no visible global function definition for
     ‘is_not_tabular’
    fix.pathmox: no visible global function definition for ‘get_manifests’
    fix.pathmox: no visible global function definition for ‘openplotmat’
    fix.pathmox: no visible global function definition for ‘coordinates’
    fix.pathmox: no visible global function definition for ‘straightarrow’
    fix.pathmox: no visible global function definition for ‘textellipse’
    fix.pathmox: no visible global function definition for ‘textrect’
    fix.techmox: no visible global function definition for ‘openplotmat’
    fix.techmox: no visible global function definition for ‘coordinates’
    fix.techmox: no visible global function definition for ‘straightarrow’
    fix.techmox: no visible global function definition for ‘textellipse’
    fix.techmox: no visible global function definition for ‘textrect’
    get_pls_basic: no visible global function definition for ‘get_weights’
    get_pls_basic: no visible global function definition for
     ‘test_null_weights’
    get_pls_basic: no visible global function definition for ‘get_scores’
    get_pls_basic: no visible global function definition for ‘get_paths’
    pathmox: no visible global function definition for ‘get_manifests’
    plot.treemox: no visible global function definition for ‘openplotmat’
    plot.treemox: no visible global function definition for ‘coordinates’
    plot.treemox: no visible global function definition for ‘straightarrow’
    plot.treemox: no visible global function definition for ‘textellipse’
    plot.treemox: no visible global function definition for ‘textrect’
    plspmox: no visible global function definition for ‘is_not_tabular’
    plspmox: no visible global function definition for ‘get_manifests’
    plspmox: no visible global function definition for ‘plspm’
    techmox: no visible global function definition for ‘get_manifests’
    treemox.boot: no visible global function definition for ‘get_manifests’
    treemox.boot: no visible global function definition for ‘get_weights’
    treemox.boot: no visible global function definition for ‘get_paths’
    treemox.pls: no visible global function definition for ‘is_not_tabular’
    treemox.pls: no visible global function definition for ‘get_manifests’
    Undefined global functions or variables:
     coordinates get_manifests get_paths get_scores get_weights
     is_not_tabular openplotmat plspm straightarrow test_null_weights
     textellipse textrect
Flavor: r-devel-osx-x86_64-clang

Version: 0.2.0
Check: R code for possible problems
Result: NOTE
    check_pathmox_args: no visible global function definition for
     ‘is_not_tabular’
    fix.pathmox: no visible global function definition for ‘get_manifests’
    fix.pathmox: no visible global function definition for ‘openplotmat’
    fix.pathmox: no visible global function definition for ‘coordinates’
    fix.pathmox: no visible global function definition for ‘straightarrow’
    fix.pathmox: no visible global function definition for ‘textellipse’
    fix.pathmox: no visible global function definition for ‘textrect’
    fix.techmox: no visible global function definition for ‘openplotmat’
    fix.techmox: no visible global function definition for ‘coordinates’
    fix.techmox: no visible global function definition for ‘straightarrow’
    fix.techmox: no visible global function definition for ‘textellipse’
    fix.techmox: no visible global function definition for ‘textrect’
    get_pls_basic: no visible global function definition for ‘get_weights’
    get_pls_basic: no visible global function definition for
     ‘test_null_weights’
    get_pls_basic: no visible global function definition for ‘get_scores’
    get_pls_basic: no visible global function definition for ‘get_paths’
    pathmox: no visible global function definition for ‘get_manifests’
    plot.treemox: no visible global function definition for ‘openplotmat’
    plot.treemox: no visible global function definition for ‘coordinates’
    plot.treemox: no visible global function definition for ‘straightarrow’
    plot.treemox: no visible global function definition for ‘textellipse’
    plot.treemox: no visible global function definition for ‘textrect’
    plspmox: no visible global function definition for ‘is_not_tabular’
    plspmox: no visible global function definition for ‘get_manifests’
    plspmox: no visible global function definition for ‘plspm’
    techmox: no visible global function definition for ‘get_manifests’
    treemox.boot: no visible global function definition for ‘get_manifests’
    treemox.boot: no visible global function definition for ‘get_weights’
    treemox.boot: no visible global function definition for ‘get_paths’
    treemox.pls: no visible global function definition for ‘is_not_tabular’
    treemox.pls: no visible global function definition for ‘get_manifests’
Flavors: r-patched-linux-x86_64, r-patched-solaris-sparc, r-patched-solaris-x86, r-release-linux-x86_64, r-release-osx-x86_64-mavericks, r-release-windows-ix86+x86_64, r-oldrel-windows-ix86+x86_64