CRAN Package Check Results for Package pathmox

Last updated on 2014-11-23 01:48:10.

Flavor Version Tinstall Tcheck Ttotal Status Flags
r-devel-linux-x86_64-debian-clang 0.2.0 1.00 21.47 22.47 NOTE
r-devel-linux-x86_64-debian-gcc 0.2.0 0.97 20.48 21.46 NOTE
r-devel-linux-x86_64-fedora-clang 0.2.0 42.62 NOTE
r-devel-linux-x86_64-fedora-gcc 0.2.0 41.12 NOTE
r-devel-osx-x86_64-clang 0.2.0 42.15 NOTE
r-devel-windows-ix86+x86_64 0.2.0 4.00 32.00 36.00 NOTE
r-patched-linux-x86_64 0.2.0 0.99 21.08 22.06 NOTE
r-patched-solaris-sparc 0.2.0 240.60 NOTE
r-patched-solaris-x86 0.2.0 53.80 NOTE
r-release-linux-ix86 0.2.0 1.55 27.19 28.74 NOTE
r-release-linux-x86_64 0.2.0 1.01 20.80 21.80 NOTE
r-release-osx-x86_64-mavericks 0.2.0 NOTE
r-release-osx-x86_64-snowleopard 0.2.0 OK
r-release-windows-ix86+x86_64 0.2.0 5.00 36.00 41.00 NOTE
r-oldrel-windows-ix86+x86_64 0.2.0 4.00 36.00 40.00 NOTE

Check Details

Version: 0.2.0
Check: dependencies in R code
Result: NOTE
    Packages in Depends field not imported from:
     ‘plspm’ ‘tester’
     These packages need to be imported from (in the NAMESPACE file)
     for when this namespace is loaded but not attached.
    See the information on DESCRIPTION files in the chapter ‘Creating R
    packages’ of the ‘Writing R Extensions’ manual.
Flavors: r-devel-linux-x86_64-debian-clang, r-devel-linux-x86_64-debian-gcc, r-devel-linux-x86_64-fedora-clang, r-devel-linux-x86_64-fedora-gcc, r-devel-osx-x86_64-clang, r-devel-windows-ix86+x86_64, r-patched-linux-x86_64, r-patched-solaris-sparc, r-patched-solaris-x86, r-release-linux-ix86, r-release-linux-x86_64, r-release-osx-x86_64-mavericks, r-release-windows-ix86+x86_64, r-oldrel-windows-ix86+x86_64

Version: 0.2.0
Check: R code for possible problems
Result: NOTE
    check_pathmox_args: no visible global function definition for
     ‘is_not_tabular’
    fix.pathmox: no visible global function definition for ‘get_manifests’
    fix.pathmox: no visible global function definition for ‘openplotmat’
    fix.pathmox: no visible global function definition for ‘coordinates’
    fix.pathmox: no visible global function definition for ‘straightarrow’
    fix.pathmox: no visible global function definition for ‘textellipse’
    fix.pathmox: no visible global function definition for ‘textrect’
    fix.techmox: no visible global function definition for ‘openplotmat’
    fix.techmox: no visible global function definition for ‘coordinates’
    fix.techmox: no visible global function definition for ‘straightarrow’
    fix.techmox: no visible global function definition for ‘textellipse’
    fix.techmox: no visible global function definition for ‘textrect’
    get_pls_basic: no visible global function definition for ‘get_weights’
    get_pls_basic: no visible global function definition for
     ‘test_null_weights’
    get_pls_basic: no visible global function definition for ‘get_scores’
    get_pls_basic: no visible global function definition for ‘get_paths’
    pathmox: no visible global function definition for ‘get_manifests’
    plot.treemox: no visible global function definition for ‘openplotmat’
    plot.treemox: no visible global function definition for ‘coordinates’
    plot.treemox: no visible global function definition for ‘straightarrow’
    plot.treemox: no visible global function definition for ‘textellipse’
    plot.treemox: no visible global function definition for ‘textrect’
    plspmox: no visible global function definition for ‘is_not_tabular’
    plspmox: no visible global function definition for ‘get_manifests’
    plspmox: no visible global function definition for ‘plspm’
    techmox: no visible global function definition for ‘get_manifests’
    treemox.boot: no visible global function definition for ‘get_manifests’
    treemox.boot: no visible global function definition for ‘get_weights’
    treemox.boot: no visible global function definition for ‘get_paths’
    treemox.pls: no visible global function definition for ‘is_not_tabular’
    treemox.pls: no visible global function definition for ‘get_manifests’
Flavors: r-devel-linux-x86_64-debian-clang, r-devel-linux-x86_64-debian-gcc, r-devel-linux-x86_64-fedora-clang, r-devel-linux-x86_64-fedora-gcc, r-devel-osx-x86_64-clang, r-devel-windows-ix86+x86_64, r-patched-linux-x86_64, r-patched-solaris-sparc, r-patched-solaris-x86, r-release-linux-ix86, r-release-linux-x86_64, r-release-windows-ix86+x86_64