CRAN Package Check Results for Package pathmox

Last updated on 2014-04-16 15:49:32.

Flavor Version Tinstall Tcheck Ttotal Status Flags
r-devel-linux-x86_64-debian-clang 0.2.0 1.09 21.01 22.10 NOTE
r-devel-linux-x86_64-debian-gcc 0.2.0 1.15 21.52 22.68 NOTE
r-devel-linux-x86_64-fedora-clang 0.2.0 44.07 NOTE
r-devel-linux-x86_64-fedora-gcc 0.2.0 40.36 NOTE
r-devel-macosx-x86_64-clang 0.2.0 42.51 NOTE
r-devel-macosx-x86_64-gcc 0.2.0 NOTE
r-devel-windows-ix86+x86_64 0.2.0 3.00 31.00 34.00 NOTE
r-patched-linux-x86_64 0.2.0 1.11 22.36 23.47 NOTE
r-patched-solaris-sparc 0.2.0 249.10 NOTE
r-patched-solaris-x86 0.2.0 53.60 NOTE
r-release-linux-ix86 0.2.0 3.00 40.00 43.00 NOTE
r-release-linux-x86_64 0.2.0 1.06 21.51 22.57 NOTE
r-release-macosx-x86_64 0.2.0 OK
r-release-windows-ix86+x86_64 0.2.0 4.00 34.00 38.00 NOTE
r-oldrel-windows-ix86+x86_64 0.2.0 4.00 32.00 36.00 NOTE

Check Details

Version: 0.2.0
Check: dependencies in R code
Result: NOTE
    Packages in Depends field not imported from:
     ‘plspm’ ‘tester’
     These packages need to be imported from (in the NAMESPACE file)
     for when this namespace is loaded but not attached.
    See the information on DESCRIPTION files in the chapter ‘Creating R
    packages’ of the ‘Writing R Extensions’ manual.
Flavors: r-devel-linux-x86_64-debian-clang, r-devel-linux-x86_64-debian-gcc, r-devel-linux-x86_64-fedora-clang, r-devel-linux-x86_64-fedora-gcc, r-devel-macosx-x86_64-clang, r-devel-macosx-x86_64-gcc, r-devel-windows-ix86+x86_64, r-patched-linux-x86_64, r-patched-solaris-sparc, r-patched-solaris-x86, r-release-linux-ix86, r-release-linux-x86_64, r-release-windows-ix86+x86_64, r-oldrel-windows-ix86+x86_64